
SPOOL ORALoadCSM.lst
ALTER SESSION SET NLS_DATE_FORMAT = 'YYYY-MM-DD'; 
SET ECHO ON
ALTER TRIGGER SET_CSM_PG_PE_PG_PE_ID DISABLE; 
ALTER TRIGGER SET_CSM_PG_PE_UPDATE_DATE DISABLE; 
ALTER TRIGGER SET_CSM_ROLE_PRIV_ROLE_PRIVILE DISABLE; 
ALTER TRIGGER SET_CSM_ROLE_PRIV_UPDATE_DATE DISABLE; 
ALTER TRIGGER SET_CSM_USER_GROU_USER_GROUP_I DISABLE; 
ALTER TRIGGER SET_CSM_USER_PE_UPDATE_DATE DISABLE; 
ALTER TRIGGER SET_CSM_USER_PE_USER_PROTECTIO DISABLE; 
ALTER TABLE CSM_GROUP DISABLE CONSTRAINT FK_CSM_GROUP_CSM_APPLICATION;
ALTER TABLE CSM_PG_PE DISABLE CONSTRAINT FK_PG_PE_PE;
ALTER TABLE CSM_PG_PE DISABLE CONSTRAINT FK_PG_PE_PG;
ALTER TABLE CSM_PROTECTION_ELEMENT DISABLE CONSTRAINT FK_PE_APPLICATION;
ALTER TABLE CSM_PROTECTION_GROUP DISABLE CONSTRAINT FK_PG_APPLICATION;
ALTER TABLE CSM_PROTECTION_GROUP DISABLE CONSTRAINT FK_PG_PG;
ALTER TABLE CSM_ROLE DISABLE CONSTRAINT FK_ROLE_APPLICATION;
ALTER TABLE CSM_ROLE_PRIVILEGE DISABLE CONSTRAINT FK_ROLE_PRIVILEGE_PRIVILEGE;
ALTER TABLE CSM_ROLE_PRIVILEGE DISABLE CONSTRAINT FK_ROLE_PRIVILEGE_ROLE;
ALTER TABLE CSM_USER_GROUP DISABLE CONSTRAINT FK_USER_GROUP_GROUP;
ALTER TABLE CSM_USER_GROUP DISABLE CONSTRAINT FK_USER_GROUP_USER;
ALTER TABLE CSM_USER_GROUP_ROLE_PG DISABLE CONSTRAINT FK_USER_GROUP_ROLE_PG_GROUP;
ALTER TABLE CSM_USER_GROUP_ROLE_PG DISABLE CONSTRAINT FK_USER_GROUP_ROLE_PG_PG;
ALTER TABLE CSM_USER_GROUP_ROLE_PG DISABLE CONSTRAINT FK_USER_GROUP_ROLE_PG_ROLE;
ALTER TABLE CSM_USER_GROUP_ROLE_PG DISABLE CONSTRAINT FK_USER_GROUP_ROLE_PG_USER;
ALTER TABLE CSM_USER_PE DISABLE CONSTRAINT FK_USER_PE_PE;
ALTER TABLE CSM_USER_PE DISABLE CONSTRAINT FK_USER_PE_USER;
TRUNCATE TABLE CSM_APPLICATION; 
TRUNCATE TABLE CSM_GROUP; 
TRUNCATE TABLE CSM_PG_PE; 
TRUNCATE TABLE CSM_PRIVILEGE; 
TRUNCATE TABLE CSM_PROTECTION_ELEMENT; 
TRUNCATE TABLE CSM_PROTECTION_GROUP; 
TRUNCATE TABLE CSM_ROLE; 
TRUNCATE TABLE CSM_ROLE_PRIVILEGE; 
TRUNCATE TABLE CSM_USER; 
TRUNCATE TABLE CSM_USER_GROUP; 
TRUNCATE TABLE CSM_USER_GROUP_ROLE_PG; 
TRUNCATE TABLE CSM_USER_PE; 
INSERT INTO CSM_APPLICATION (APPLICATION_ID, APPLICATION_NAME, APPLICATION_DESCRIPTION, DECLARATIVE_FLAG, ACTIVE_FLAG, UPDATE_DATE, DATABASE_URL, DATABASE_USER_NAME, DATABASE_PASSWORD, DATABASE_DIALECT, DATABASE_DRIVER) VALUES (1, 'csmupt', 'UPT Super Admin Application', 0, 0, '2007-02-27', null, null, null, null, null); 
INSERT INTO CSM_APPLICATION (APPLICATION_ID, APPLICATION_NAME, APPLICATION_DESCRIPTION, DECLARATIVE_FLAG, ACTIVE_FLAG, UPDATE_DATE, DATABASE_URL, DATABASE_USER_NAME, DATABASE_PASSWORD, DATABASE_DIALECT, DATABASE_DRIVER) VALUES (2, 'ctom', 'CTOM Applications', 0, 0, '2007-08-21', 'jdbc:oracle:thin:@cbiodb30.nci.nih.gov:1521:CCCQA', 'ctomapi', '59zvYIqK5MG8j2uyHEABIQ==', 'org.hibernate.dialect.Oracle9Dialect', 'oracle.jdbc.driver.OracleDriver'); 
INSERT INTO CSM_GROUP (GROUP_ID, GROUP_NAME, GROUP_DESC, UPDATE_DATE, APPLICATION_ID) VALUES (1, 'Sites', 'StudySite 1, all data', '2007-07-28', 2); 
INSERT INTO CSM_GROUP (GROUP_ID, GROUP_NAME, GROUP_DESC, UPDATE_DATE, APPLICATION_ID) VALUES (3, 'Site1Confidential', 'StudySite 1, no personal info', '2007-04-13', 2); 
INSERT INTO CSM_GROUP (GROUP_ID, GROUP_NAME, GROUP_DESC, UPDATE_DATE, APPLICATION_ID) VALUES (12, 'Public', 'Protocols for which high level information is viewable by public.', '2007-07-05', 2); 
INSERT INTO CSM_GROUP (GROUP_ID, GROUP_NAME, GROUP_DESC, UPDATE_DATE, APPLICATION_ID) VALUES (9, 'AllSites', 'All sites, all data', '2007-07-28', 2); 
INSERT INTO CSM_GROUP (GROUP_ID, GROUP_NAME, GROUP_DESC, UPDATE_DATE, APPLICATION_ID) VALUES (5, 'Administrator', 'All studies all data', '2007-04-13', 2); 
INSERT INTO CSM_PG_PE (PG_PE_ID, PROTECTION_GROUP_ID, PROTECTION_ELEMENT_ID, UPDATE_DATE) VALUES (3486, 2, 63, '2007-07-03'); 
INSERT INTO CSM_PG_PE (PG_PE_ID, PROTECTION_GROUP_ID, PROTECTION_ELEMENT_ID, UPDATE_DATE) VALUES (3487, 2, 283, '2007-07-03'); 
INSERT INTO CSM_PG_PE (PG_PE_ID, PROTECTION_GROUP_ID, PROTECTION_ELEMENT_ID, UPDATE_DATE) VALUES (3488, 2, 279, '2007-07-03'); 
INSERT INTO CSM_PG_PE (PG_PE_ID, PROTECTION_GROUP_ID, PROTECTION_ELEMENT_ID, UPDATE_DATE) VALUES (3489, 2, 105, '2007-07-03'); 
INSERT INTO CSM_PG_PE (PG_PE_ID, PROTECTION_GROUP_ID, PROTECTION_ELEMENT_ID, UPDATE_DATE) VALUES (3490, 2, 218, '2007-07-03'); 
INSERT INTO CSM_PG_PE (PG_PE_ID, PROTECTION_GROUP_ID, PROTECTION_ELEMENT_ID, UPDATE_DATE) VALUES (3491, 2, 204, '2007-07-03'); 
INSERT INTO CSM_PG_PE (PG_PE_ID, PROTECTION_GROUP_ID, PROTECTION_ELEMENT_ID, UPDATE_DATE) VALUES (3492, 2, 97, '2007-07-03'); 
INSERT INTO CSM_PG_PE (PG_PE_ID, PROTECTION_GROUP_ID, PROTECTION_ELEMENT_ID, UPDATE_DATE) VALUES (3493, 2, 159, '2007-07-03'); 
INSERT INTO CSM_PG_PE (PG_PE_ID, PROTECTION_GROUP_ID, PROTECTION_ELEMENT_ID, UPDATE_DATE) VALUES (3494, 2, 154, '2007-07-03'); 
INSERT INTO CSM_PG_PE (PG_PE_ID, PROTECTION_GROUP_ID, PROTECTION_ELEMENT_ID, UPDATE_DATE) VALUES (3495, 2, 258, '2007-07-03'); 
INSERT INTO CSM_PG_PE (PG_PE_ID, PROTECTION_GROUP_ID, PROTECTION_ELEMENT_ID, UPDATE_DATE) VALUES (3496, 2, 52, '2007-07-03'); 
INSERT INTO CSM_PG_PE (PG_PE_ID, PROTECTION_GROUP_ID, PROTECTION_ELEMENT_ID, UPDATE_DATE) VALUES (3497, 2, 214, '2007-07-03'); 
INSERT INTO CSM_PG_PE (PG_PE_ID, PROTECTION_GROUP_ID, PROTECTION_ELEMENT_ID, UPDATE_DATE) VALUES (3498, 2, 139, '2007-07-03'); 
INSERT INTO CSM_PG_PE (PG_PE_ID, PROTECTION_GROUP_ID, PROTECTION_ELEMENT_ID, UPDATE_DATE) VALUES (3499, 2, 271, '2007-07-03'); 
INSERT INTO CSM_PG_PE (PG_PE_ID, PROTECTION_GROUP_ID, PROTECTION_ELEMENT_ID, UPDATE_DATE) VALUES (3500, 2, 62, '2007-07-03'); 
INSERT INTO CSM_PG_PE (PG_PE_ID, PROTECTION_GROUP_ID, PROTECTION_ELEMENT_ID, UPDATE_DATE) VALUES (3501, 2, 250, '2007-07-03'); 
INSERT INTO CSM_PG_PE (PG_PE_ID, PROTECTION_GROUP_ID, PROTECTION_ELEMENT_ID, UPDATE_DATE) VALUES (3502, 2, 163, '2007-07-03'); 
INSERT INTO CSM_PG_PE (PG_PE_ID, PROTECTION_GROUP_ID, PROTECTION_ELEMENT_ID, UPDATE_DATE) VALUES (3503, 2, 169, '2007-07-03'); 
INSERT INTO CSM_PG_PE (PG_PE_ID, PROTECTION_GROUP_ID, PROTECTION_ELEMENT_ID, UPDATE_DATE) VALUES (3504, 2, 191, '2007-07-03'); 
INSERT INTO CSM_PG_PE (PG_PE_ID, PROTECTION_GROUP_ID, PROTECTION_ELEMENT_ID, UPDATE_DATE) VALUES (3505, 2, 299, '2007-07-03'); 
INSERT INTO CSM_PG_PE (PG_PE_ID, PROTECTION_GROUP_ID, PROTECTION_ELEMENT_ID, UPDATE_DATE) VALUES (3506, 2, 233, '2007-07-03'); 
INSERT INTO CSM_PG_PE (PG_PE_ID, PROTECTION_GROUP_ID, PROTECTION_ELEMENT_ID, UPDATE_DATE) VALUES (3507, 2, 140, '2007-07-03'); 
INSERT INTO CSM_PG_PE (PG_PE_ID, PROTECTION_GROUP_ID, PROTECTION_ELEMENT_ID, UPDATE_DATE) VALUES (3508, 2, 99, '2007-07-03'); 
INSERT INTO CSM_PG_PE (PG_PE_ID, PROTECTION_GROUP_ID, PROTECTION_ELEMENT_ID, UPDATE_DATE) VALUES (3509, 2, 229, '2007-07-03'); 
INSERT INTO CSM_PG_PE (PG_PE_ID, PROTECTION_GROUP_ID, PROTECTION_ELEMENT_ID, UPDATE_DATE) VALUES (3510, 2, 196, '2007-07-03'); 
INSERT INTO CSM_PG_PE (PG_PE_ID, PROTECTION_GROUP_ID, PROTECTION_ELEMENT_ID, UPDATE_DATE) VALUES (3511, 2, 104, '2007-07-03'); 
INSERT INTO CSM_PG_PE (PG_PE_ID, PROTECTION_GROUP_ID, PROTECTION_ELEMENT_ID, UPDATE_DATE) VALUES (3512, 2, 318, '2007-07-03'); 
INSERT INTO CSM_PG_PE (PG_PE_ID, PROTECTION_GROUP_ID, PROTECTION_ELEMENT_ID, UPDATE_DATE) VALUES (3513, 2, 289, '2007-07-03'); 
INSERT INTO CSM_PG_PE (PG_PE_ID, PROTECTION_GROUP_ID, PROTECTION_ELEMENT_ID, UPDATE_DATE) VALUES (3514, 2, 212, '2007-07-03'); 
INSERT INTO CSM_PG_PE (PG_PE_ID, PROTECTION_GROUP_ID, PROTECTION_ELEMENT_ID, UPDATE_DATE) VALUES (3515, 2, 141, '2007-07-03'); 
INSERT INTO CSM_PG_PE (PG_PE_ID, PROTECTION_GROUP_ID, PROTECTION_ELEMENT_ID, UPDATE_DATE) VALUES (3516, 2, 167, '2007-07-03'); 
INSERT INTO CSM_PG_PE (PG_PE_ID, PROTECTION_GROUP_ID, PROTECTION_ELEMENT_ID, UPDATE_DATE) VALUES (3517, 2, 331, '2007-07-03'); 
INSERT INTO CSM_PG_PE (PG_PE_ID, PROTECTION_GROUP_ID, PROTECTION_ELEMENT_ID, UPDATE_DATE) VALUES (3518, 2, 398, '2007-07-03'); 
INSERT INTO CSM_PG_PE (PG_PE_ID, PROTECTION_GROUP_ID, PROTECTION_ELEMENT_ID, UPDATE_DATE) VALUES (3519, 2, 157, '2007-07-03'); 
INSERT INTO CSM_PG_PE (PG_PE_ID, PROTECTION_GROUP_ID, PROTECTION_ELEMENT_ID, UPDATE_DATE) VALUES (3520, 2, 197, '2007-07-03'); 
INSERT INTO CSM_PG_PE (PG_PE_ID, PROTECTION_GROUP_ID, PROTECTION_ELEMENT_ID, UPDATE_DATE) VALUES (3521, 2, 55, '2007-07-03'); 
INSERT INTO CSM_PG_PE (PG_PE_ID, PROTECTION_GROUP_ID, PROTECTION_ELEMENT_ID, UPDATE_DATE) VALUES (3522, 2, 100, '2007-07-03'); 
INSERT INTO CSM_PG_PE (PG_PE_ID, PROTECTION_GROUP_ID, PROTECTION_ELEMENT_ID, UPDATE_DATE) VALUES (3523, 2, 188, '2007-07-03'); 
INSERT INTO CSM_PG_PE (PG_PE_ID, PROTECTION_GROUP_ID, PROTECTION_ELEMENT_ID, UPDATE_DATE) VALUES (3524, 2, 243, '2007-07-03'); 
INSERT INTO CSM_PG_PE (PG_PE_ID, PROTECTION_GROUP_ID, PROTECTION_ELEMENT_ID, UPDATE_DATE) VALUES (3525, 2, 219, '2007-07-03'); 
INSERT INTO CSM_PG_PE (PG_PE_ID, PROTECTION_GROUP_ID, PROTECTION_ELEMENT_ID, UPDATE_DATE) VALUES (3526, 2, 118, '2007-07-03'); 
INSERT INTO CSM_PG_PE (PG_PE_ID, PROTECTION_GROUP_ID, PROTECTION_ELEMENT_ID, UPDATE_DATE) VALUES (3527, 2, 56, '2007-07-03'); 
INSERT INTO CSM_PG_PE (PG_PE_ID, PROTECTION_GROUP_ID, PROTECTION_ELEMENT_ID, UPDATE_DATE) VALUES (3528, 2, 275, '2007-07-03'); 
INSERT INTO CSM_PG_PE (PG_PE_ID, PROTECTION_GROUP_ID, PROTECTION_ELEMENT_ID, UPDATE_DATE) VALUES (3529, 2, 323, '2007-07-03'); 
INSERT INTO CSM_PG_PE (PG_PE_ID, PROTECTION_GROUP_ID, PROTECTION_ELEMENT_ID, UPDATE_DATE) VALUES (3530, 2, 120, '2007-07-03'); 
INSERT INTO CSM_PG_PE (PG_PE_ID, PROTECTION_GROUP_ID, PROTECTION_ELEMENT_ID, UPDATE_DATE) VALUES (3531, 2, 290, '2007-07-03'); 
INSERT INTO CSM_PG_PE (PG_PE_ID, PROTECTION_GROUP_ID, PROTECTION_ELEMENT_ID, UPDATE_DATE) VALUES (3532, 2, 136, '2007-07-03'); 
INSERT INTO CSM_PG_PE (PG_PE_ID, PROTECTION_GROUP_ID, PROTECTION_ELEMENT_ID, UPDATE_DATE) VALUES (3533, 2, 126, '2007-07-03'); 
INSERT INTO CSM_PG_PE (PG_PE_ID, PROTECTION_GROUP_ID, PROTECTION_ELEMENT_ID, UPDATE_DATE) VALUES (3534, 2, 248, '2007-07-03'); 
INSERT INTO CSM_PG_PE (PG_PE_ID, PROTECTION_GROUP_ID, PROTECTION_ELEMENT_ID, UPDATE_DATE) VALUES (3535, 2, 76, '2007-07-03'); 
INSERT INTO CSM_PG_PE (PG_PE_ID, PROTECTION_GROUP_ID, PROTECTION_ELEMENT_ID, UPDATE_DATE) VALUES (3536, 2, 160, '2007-07-03'); 
INSERT INTO CSM_PG_PE (PG_PE_ID, PROTECTION_GROUP_ID, PROTECTION_ELEMENT_ID, UPDATE_DATE) VALUES (3537, 2, 156, '2007-07-03'); 
INSERT INTO CSM_PG_PE (PG_PE_ID, PROTECTION_GROUP_ID, PROTECTION_ELEMENT_ID, UPDATE_DATE) VALUES (3538, 2, 302, '2007-07-03'); 
INSERT INTO CSM_PG_PE (PG_PE_ID, PROTECTION_GROUP_ID, PROTECTION_ELEMENT_ID, UPDATE_DATE) VALUES (3539, 2, 134, '2007-07-03'); 
INSERT INTO CSM_PG_PE (PG_PE_ID, PROTECTION_GROUP_ID, PROTECTION_ELEMENT_ID, UPDATE_DATE) VALUES (3540, 2, 267, '2007-07-03'); 
INSERT INTO CSM_PG_PE (PG_PE_ID, PROTECTION_GROUP_ID, PROTECTION_ELEMENT_ID, UPDATE_DATE) VALUES (3541, 2, 200, '2007-07-03'); 
INSERT INTO CSM_PG_PE (PG_PE_ID, PROTECTION_GROUP_ID, PROTECTION_ELEMENT_ID, UPDATE_DATE) VALUES (3542, 2, 131, '2007-07-03'); 
INSERT INTO CSM_PG_PE (PG_PE_ID, PROTECTION_GROUP_ID, PROTECTION_ELEMENT_ID, UPDATE_DATE) VALUES (3543, 2, 150, '2007-07-03'); 
INSERT INTO CSM_PG_PE (PG_PE_ID, PROTECTION_GROUP_ID, PROTECTION_ELEMENT_ID, UPDATE_DATE) VALUES (3544, 2, 265, '2007-07-03'); 
INSERT INTO CSM_PG_PE (PG_PE_ID, PROTECTION_GROUP_ID, PROTECTION_ELEMENT_ID, UPDATE_DATE) VALUES (3545, 2, 195, '2007-07-03'); 
INSERT INTO CSM_PG_PE (PG_PE_ID, PROTECTION_GROUP_ID, PROTECTION_ELEMENT_ID, UPDATE_DATE) VALUES (3546, 2, 244, '2007-07-03'); 
INSERT INTO CSM_PG_PE (PG_PE_ID, PROTECTION_GROUP_ID, PROTECTION_ELEMENT_ID, UPDATE_DATE) VALUES (3547, 2, 321, '2007-07-03'); 
INSERT INTO CSM_PG_PE (PG_PE_ID, PROTECTION_GROUP_ID, PROTECTION_ELEMENT_ID, UPDATE_DATE) VALUES (3548, 2, 209, '2007-07-03'); 
INSERT INTO CSM_PG_PE (PG_PE_ID, PROTECTION_GROUP_ID, PROTECTION_ELEMENT_ID, UPDATE_DATE) VALUES (3549, 2, 98, '2007-07-03'); 
INSERT INTO CSM_PG_PE (PG_PE_ID, PROTECTION_GROUP_ID, PROTECTION_ELEMENT_ID, UPDATE_DATE) VALUES (3550, 2, 87, '2007-07-03'); 
INSERT INTO CSM_PG_PE (PG_PE_ID, PROTECTION_GROUP_ID, PROTECTION_ELEMENT_ID, UPDATE_DATE) VALUES (3551, 2, 133, '2007-07-03'); 
INSERT INTO CSM_PG_PE (PG_PE_ID, PROTECTION_GROUP_ID, PROTECTION_ELEMENT_ID, UPDATE_DATE) VALUES (3552, 2, 320, '2007-07-03'); 
INSERT INTO CSM_PG_PE (PG_PE_ID, PROTECTION_GROUP_ID, PROTECTION_ELEMENT_ID, UPDATE_DATE) VALUES (3553, 2, 161, '2007-07-03'); 
INSERT INTO CSM_PG_PE (PG_PE_ID, PROTECTION_GROUP_ID, PROTECTION_ELEMENT_ID, UPDATE_DATE) VALUES (3554, 2, 273, '2007-07-03'); 
INSERT INTO CSM_PG_PE (PG_PE_ID, PROTECTION_GROUP_ID, PROTECTION_ELEMENT_ID, UPDATE_DATE) VALUES (3555, 2, 242, '2007-07-03'); 
INSERT INTO CSM_PG_PE (PG_PE_ID, PROTECTION_GROUP_ID, PROTECTION_ELEMENT_ID, UPDATE_DATE) VALUES (3556, 2, 324, '2007-07-03'); 
INSERT INTO CSM_PG_PE (PG_PE_ID, PROTECTION_GROUP_ID, PROTECTION_ELEMENT_ID, UPDATE_DATE) VALUES (3557, 2, 222, '2007-07-03'); 
INSERT INTO CSM_PG_PE (PG_PE_ID, PROTECTION_GROUP_ID, PROTECTION_ELEMENT_ID, UPDATE_DATE) VALUES (3558, 2, 73, '2007-07-03'); 
INSERT INTO CSM_PG_PE (PG_PE_ID, PROTECTION_GROUP_ID, PROTECTION_ELEMENT_ID, UPDATE_DATE) VALUES (3559, 2, 220, '2007-07-03'); 
INSERT INTO CSM_PG_PE (PG_PE_ID, PROTECTION_GROUP_ID, PROTECTION_ELEMENT_ID, UPDATE_DATE) VALUES (3560, 2, 401, '2007-07-03'); 
INSERT INTO CSM_PG_PE (PG_PE_ID, PROTECTION_GROUP_ID, PROTECTION_ELEMENT_ID, UPDATE_DATE) VALUES (3561, 2, 300, '2007-07-03'); 
INSERT INTO CSM_PG_PE (PG_PE_ID, PROTECTION_GROUP_ID, PROTECTION_ELEMENT_ID, UPDATE_DATE) VALUES (3562, 2, 307, '2007-07-03'); 
INSERT INTO CSM_PG_PE (PG_PE_ID, PROTECTION_GROUP_ID, PROTECTION_ELEMENT_ID, UPDATE_DATE) VALUES (3563, 2, 397, '2007-07-03'); 
INSERT INTO CSM_PG_PE (PG_PE_ID, PROTECTION_GROUP_ID, PROTECTION_ELEMENT_ID, UPDATE_DATE) VALUES (3564, 2, 146, '2007-07-03'); 
INSERT INTO CSM_PG_PE (PG_PE_ID, PROTECTION_GROUP_ID, PROTECTION_ELEMENT_ID, UPDATE_DATE) VALUES (3565, 2, 187, '2007-07-03'); 
INSERT INTO CSM_PG_PE (PG_PE_ID, PROTECTION_GROUP_ID, PROTECTION_ELEMENT_ID, UPDATE_DATE) VALUES (3566, 2, 103, '2007-07-03'); 
INSERT INTO CSM_PG_PE (PG_PE_ID, PROTECTION_GROUP_ID, PROTECTION_ELEMENT_ID, UPDATE_DATE) VALUES (3855, 30, 368, '2007-07-05'); 
INSERT INTO CSM_PG_PE (PG_PE_ID, PROTECTION_GROUP_ID, PROTECTION_ELEMENT_ID, UPDATE_DATE) VALUES (3869, 44, 384, '2007-07-05'); 
INSERT INTO CSM_PG_PE (PG_PE_ID, PROTECTION_GROUP_ID, PROTECTION_ELEMENT_ID, UPDATE_DATE) VALUES (2027, 5, 338, '2007-03-07'); 
INSERT INTO CSM_PG_PE (PG_PE_ID, PROTECTION_GROUP_ID, PROTECTION_ELEMENT_ID, UPDATE_DATE) VALUES (3567, 4, 147, '2007-07-03'); 
INSERT INTO CSM_PG_PE (PG_PE_ID, PROTECTION_GROUP_ID, PROTECTION_ELEMENT_ID, UPDATE_DATE) VALUES (3568, 4, 169, '2007-07-03'); 
INSERT INTO CSM_PG_PE (PG_PE_ID, PROTECTION_GROUP_ID, PROTECTION_ELEMENT_ID, UPDATE_DATE) VALUES (3569, 4, 65, '2007-07-03'); 
INSERT INTO CSM_PG_PE (PG_PE_ID, PROTECTION_GROUP_ID, PROTECTION_ELEMENT_ID, UPDATE_DATE) VALUES (3570, 4, 133, '2007-07-03'); 
INSERT INTO CSM_PG_PE (PG_PE_ID, PROTECTION_GROUP_ID, PROTECTION_ELEMENT_ID, UPDATE_DATE) VALUES (3571, 4, 92, '2007-07-03'); 
INSERT INTO CSM_PG_PE (PG_PE_ID, PROTECTION_GROUP_ID, PROTECTION_ELEMENT_ID, UPDATE_DATE) VALUES (3572, 4, 268, '2007-07-03'); 
INSERT INTO CSM_PG_PE (PG_PE_ID, PROTECTION_GROUP_ID, PROTECTION_ELEMENT_ID, UPDATE_DATE) VALUES (3573, 4, 315, '2007-07-03'); 
INSERT INTO CSM_PG_PE (PG_PE_ID, PROTECTION_GROUP_ID, PROTECTION_ELEMENT_ID, UPDATE_DATE) VALUES (3574, 4, 301, '2007-07-03'); 
INSERT INTO CSM_PG_PE (PG_PE_ID, PROTECTION_GROUP_ID, PROTECTION_ELEMENT_ID, UPDATE_DATE) VALUES (3575, 4, 298, '2007-07-03'); 
INSERT INTO CSM_PG_PE (PG_PE_ID, PROTECTION_GROUP_ID, PROTECTION_ELEMENT_ID, UPDATE_DATE) VALUES (3576, 4, 100, '2007-07-03'); 
INSERT INTO CSM_PG_PE (PG_PE_ID, PROTECTION_GROUP_ID, PROTECTION_ELEMENT_ID, UPDATE_DATE) VALUES (3577, 4, 320, '2007-07-03'); 
INSERT INTO CSM_PG_PE (PG_PE_ID, PROTECTION_GROUP_ID, PROTECTION_ELEMENT_ID, UPDATE_DATE) VALUES (3578, 4, 302, '2007-07-03'); 
INSERT INTO CSM_PG_PE (PG_PE_ID, PROTECTION_GROUP_ID, PROTECTION_ELEMENT_ID, UPDATE_DATE) VALUES (3579, 4, 401, '2007-07-03'); 
INSERT INTO CSM_PG_PE (PG_PE_ID, PROTECTION_GROUP_ID, PROTECTION_ELEMENT_ID, UPDATE_DATE) VALUES (3580, 4, 400, '2007-07-03'); 
INSERT INTO CSM_PG_PE (PG_PE_ID, PROTECTION_GROUP_ID, PROTECTION_ELEMENT_ID, UPDATE_DATE) VALUES (3581, 4, 171, '2007-07-03'); 
INSERT INTO CSM_PG_PE (PG_PE_ID, PROTECTION_GROUP_ID, PROTECTION_ELEMENT_ID, UPDATE_DATE) VALUES (3582, 4, 112, '2007-07-03'); 
INSERT INTO CSM_PG_PE (PG_PE_ID, PROTECTION_GROUP_ID, PROTECTION_ELEMENT_ID, UPDATE_DATE) VALUES (3583, 4, 290, '2007-07-03'); 
INSERT INTO CSM_PG_PE (PG_PE_ID, PROTECTION_GROUP_ID, PROTECTION_ELEMENT_ID, UPDATE_DATE) VALUES (3584, 4, 187, '2007-07-03'); 
INSERT INTO CSM_PG_PE (PG_PE_ID, PROTECTION_GROUP_ID, PROTECTION_ELEMENT_ID, UPDATE_DATE) VALUES (3585, 4, 84, '2007-07-03'); 
INSERT INTO CSM_PG_PE (PG_PE_ID, PROTECTION_GROUP_ID, PROTECTION_ELEMENT_ID, UPDATE_DATE) VALUES (3586, 4, 325, '2007-07-03'); 
INSERT INTO CSM_PG_PE (PG_PE_ID, PROTECTION_GROUP_ID, PROTECTION_ELEMENT_ID, UPDATE_DATE) VALUES (3587, 4, 166, '2007-07-03'); 
INSERT INTO CSM_PG_PE (PG_PE_ID, PROTECTION_GROUP_ID, PROTECTION_ELEMENT_ID, UPDATE_DATE) VALUES (3588, 4, 252, '2007-07-03'); 
INSERT INTO CSM_PG_PE (PG_PE_ID, PROTECTION_GROUP_ID, PROTECTION_ELEMENT_ID, UPDATE_DATE) VALUES (3589, 4, 116, '2007-07-03'); 
INSERT INTO CSM_PG_PE (PG_PE_ID, PROTECTION_GROUP_ID, PROTECTION_ELEMENT_ID, UPDATE_DATE) VALUES (3590, 4, 310, '2007-07-03'); 
INSERT INTO CSM_PG_PE (PG_PE_ID, PROTECTION_GROUP_ID, PROTECTION_ELEMENT_ID, UPDATE_DATE) VALUES (3591, 4, 191, '2007-07-03'); 
INSERT INTO CSM_PG_PE (PG_PE_ID, PROTECTION_GROUP_ID, PROTECTION_ELEMENT_ID, UPDATE_DATE) VALUES (3592, 4, 240, '2007-07-03'); 
INSERT INTO CSM_PG_PE (PG_PE_ID, PROTECTION_GROUP_ID, PROTECTION_ELEMENT_ID, UPDATE_DATE) VALUES (3593, 4, 167, '2007-07-03'); 
INSERT INTO CSM_PG_PE (PG_PE_ID, PROTECTION_GROUP_ID, PROTECTION_ELEMENT_ID, UPDATE_DATE) VALUES (3594, 4, 326, '2007-07-03'); 
INSERT INTO CSM_PG_PE (PG_PE_ID, PROTECTION_GROUP_ID, PROTECTION_ELEMENT_ID, UPDATE_DATE) VALUES (3595, 4, 292, '2007-07-03'); 
INSERT INTO CSM_PG_PE (PG_PE_ID, PROTECTION_GROUP_ID, PROTECTION_ELEMENT_ID, UPDATE_DATE) VALUES (3596, 4, 111, '2007-07-03'); 
INSERT INTO CSM_PG_PE (PG_PE_ID, PROTECTION_GROUP_ID, PROTECTION_ELEMENT_ID, UPDATE_DATE) VALUES (3597, 4, 328, '2007-07-03'); 
INSERT INTO CSM_PG_PE (PG_PE_ID, PROTECTION_GROUP_ID, PROTECTION_ELEMENT_ID, UPDATE_DATE) VALUES (3598, 4, 123, '2007-07-03'); 
INSERT INTO CSM_PG_PE (PG_PE_ID, PROTECTION_GROUP_ID, PROTECTION_ELEMENT_ID, UPDATE_DATE) VALUES (3599, 4, 178, '2007-07-03'); 
INSERT INTO CSM_PG_PE (PG_PE_ID, PROTECTION_GROUP_ID, PROTECTION_ELEMENT_ID, UPDATE_DATE) VALUES (3600, 4, 293, '2007-07-03'); 
INSERT INTO CSM_PG_PE (PG_PE_ID, PROTECTION_GROUP_ID, PROTECTION_ELEMENT_ID, UPDATE_DATE) VALUES (3601, 4, 192, '2007-07-03'); 
INSERT INTO CSM_PG_PE (PG_PE_ID, PROTECTION_GROUP_ID, PROTECTION_ELEMENT_ID, UPDATE_DATE) VALUES (3602, 4, 52, '2007-07-03'); 
INSERT INTO CSM_PG_PE (PG_PE_ID, PROTECTION_GROUP_ID, PROTECTION_ELEMENT_ID, UPDATE_DATE) VALUES (3603, 4, 330, '2007-07-03'); 
INSERT INTO CSM_PG_PE (PG_PE_ID, PROTECTION_GROUP_ID, PROTECTION_ELEMENT_ID, UPDATE_DATE) VALUES (3604, 4, 96, '2007-07-03'); 
INSERT INTO CSM_PG_PE (PG_PE_ID, PROTECTION_GROUP_ID, PROTECTION_ELEMENT_ID, UPDATE_DATE) VALUES (3605, 4, 110, '2007-07-03'); 
INSERT INTO CSM_PG_PE (PG_PE_ID, PROTECTION_GROUP_ID, PROTECTION_ELEMENT_ID, UPDATE_DATE) VALUES (3606, 4, 99, '2007-07-03'); 
INSERT INTO CSM_PG_PE (PG_PE_ID, PROTECTION_GROUP_ID, PROTECTION_ELEMENT_ID, UPDATE_DATE) VALUES (3607, 4, 294, '2007-07-03'); 
INSERT INTO CSM_PG_PE (PG_PE_ID, PROTECTION_GROUP_ID, PROTECTION_ELEMENT_ID, UPDATE_DATE) VALUES (3608, 4, 103, '2007-07-03'); 
INSERT INTO CSM_PG_PE (PG_PE_ID, PROTECTION_GROUP_ID, PROTECTION_ELEMENT_ID, UPDATE_DATE) VALUES (3609, 4, 114, '2007-07-03'); 
INSERT INTO CSM_PG_PE (PG_PE_ID, PROTECTION_GROUP_ID, PROTECTION_ELEMENT_ID, UPDATE_DATE) VALUES (3610, 4, 95, '2007-07-03'); 
INSERT INTO CSM_PG_PE (PG_PE_ID, PROTECTION_GROUP_ID, PROTECTION_ELEMENT_ID, UPDATE_DATE) VALUES (3611, 4, 193, '2007-07-03'); 
INSERT INTO CSM_PG_PE (PG_PE_ID, PROTECTION_GROUP_ID, PROTECTION_ELEMENT_ID, UPDATE_DATE) VALUES (3612, 4, 198, '2007-07-03'); 
INSERT INTO CSM_PG_PE (PG_PE_ID, PROTECTION_GROUP_ID, PROTECTION_ELEMENT_ID, UPDATE_DATE) VALUES (3613, 4, 60, '2007-07-03'); 
INSERT INTO CSM_PG_PE (PG_PE_ID, PROTECTION_GROUP_ID, PROTECTION_ELEMENT_ID, UPDATE_DATE) VALUES (3614, 4, 207, '2007-07-03'); 
INSERT INTO CSM_PG_PE (PG_PE_ID, PROTECTION_GROUP_ID, PROTECTION_ELEMENT_ID, UPDATE_DATE) VALUES (3615, 4, 202, '2007-07-03'); 
INSERT INTO CSM_PG_PE (PG_PE_ID, PROTECTION_GROUP_ID, PROTECTION_ELEMENT_ID, UPDATE_DATE) VALUES (3616, 4, 108, '2007-07-03'); 
INSERT INTO CSM_PG_PE (PG_PE_ID, PROTECTION_GROUP_ID, PROTECTION_ELEMENT_ID, UPDATE_DATE) VALUES (3617, 4, 115, '2007-07-03'); 
INSERT INTO CSM_PG_PE (PG_PE_ID, PROTECTION_GROUP_ID, PROTECTION_ELEMENT_ID, UPDATE_DATE) VALUES (3618, 4, 145, '2007-07-03'); 
INSERT INTO CSM_PG_PE (PG_PE_ID, PROTECTION_GROUP_ID, PROTECTION_ELEMENT_ID, UPDATE_DATE) VALUES (3619, 4, 113, '2007-07-03'); 
INSERT INTO CSM_PG_PE (PG_PE_ID, PROTECTION_GROUP_ID, PROTECTION_ELEMENT_ID, UPDATE_DATE) VALUES (3620, 4, 146, '2007-07-03'); 
INSERT INTO CSM_PG_PE (PG_PE_ID, PROTECTION_GROUP_ID, PROTECTION_ELEMENT_ID, UPDATE_DATE) VALUES (3621, 4, 80, '2007-07-03'); 
INSERT INTO CSM_PG_PE (PG_PE_ID, PROTECTION_GROUP_ID, PROTECTION_ELEMENT_ID, UPDATE_DATE) VALUES (3622, 4, 186, '2007-07-03'); 
INSERT INTO CSM_PG_PE (PG_PE_ID, PROTECTION_GROUP_ID, PROTECTION_ELEMENT_ID, UPDATE_DATE) VALUES (3623, 4, 190, '2007-07-03'); 
INSERT INTO CSM_PG_PE (PG_PE_ID, PROTECTION_GROUP_ID, PROTECTION_ELEMENT_ID, UPDATE_DATE) VALUES (3624, 4, 277, '2007-07-03'); 
INSERT INTO CSM_PG_PE (PG_PE_ID, PROTECTION_GROUP_ID, PROTECTION_ELEMENT_ID, UPDATE_DATE) VALUES (3625, 4, 183, '2007-07-03'); 
INSERT INTO CSM_PG_PE (PG_PE_ID, PROTECTION_GROUP_ID, PROTECTION_ELEMENT_ID, UPDATE_DATE) VALUES (3626, 4, 139, '2007-07-03'); 
INSERT INTO CSM_PG_PE (PG_PE_ID, PROTECTION_GROUP_ID, PROTECTION_ELEMENT_ID, UPDATE_DATE) VALUES (3627, 4, 323, '2007-07-03'); 
INSERT INTO CSM_PG_PE (PG_PE_ID, PROTECTION_GROUP_ID, PROTECTION_ELEMENT_ID, UPDATE_DATE) VALUES (3628, 4, 213, '2007-07-03'); 
INSERT INTO CSM_PG_PE (PG_PE_ID, PROTECTION_GROUP_ID, PROTECTION_ELEMENT_ID, UPDATE_DATE) VALUES (3629, 4, 199, '2007-07-03'); 
INSERT INTO CSM_PG_PE (PG_PE_ID, PROTECTION_GROUP_ID, PROTECTION_ELEMENT_ID, UPDATE_DATE) VALUES (3630, 4, 168, '2007-07-03'); 
INSERT INTO CSM_PG_PE (PG_PE_ID, PROTECTION_GROUP_ID, PROTECTION_ELEMENT_ID, UPDATE_DATE) VALUES (3631, 4, 109, '2007-07-03'); 
INSERT INTO CSM_PG_PE (PG_PE_ID, PROTECTION_GROUP_ID, PROTECTION_ELEMENT_ID, UPDATE_DATE) VALUES (3632, 4, 309, '2007-07-03'); 
INSERT INTO CSM_PG_PE (PG_PE_ID, PROTECTION_GROUP_ID, PROTECTION_ELEMENT_ID, UPDATE_DATE) VALUES (3633, 4, 71, '2007-07-03'); 
INSERT INTO CSM_PG_PE (PG_PE_ID, PROTECTION_GROUP_ID, PROTECTION_ELEMENT_ID, UPDATE_DATE) VALUES (3634, 4, 256, '2007-07-03'); 
INSERT INTO CSM_PG_PE (PG_PE_ID, PROTECTION_GROUP_ID, PROTECTION_ELEMENT_ID, UPDATE_DATE) VALUES (3635, 4, 285, '2007-07-03'); 
INSERT INTO CSM_PG_PE (PG_PE_ID, PROTECTION_GROUP_ID, PROTECTION_ELEMENT_ID, UPDATE_DATE) VALUES (3636, 4, 164, '2007-07-03'); 
INSERT INTO CSM_PG_PE (PG_PE_ID, PROTECTION_GROUP_ID, PROTECTION_ELEMENT_ID, UPDATE_DATE) VALUES (3637, 4, 267, '2007-07-03'); 
INSERT INTO CSM_PG_PE (PG_PE_ID, PROTECTION_GROUP_ID, PROTECTION_ELEMENT_ID, UPDATE_DATE) VALUES (3638, 4, 55, '2007-07-03'); 
INSERT INTO CSM_PG_PE (PG_PE_ID, PROTECTION_GROUP_ID, PROTECTION_ELEMENT_ID, UPDATE_DATE) VALUES (3639, 4, 175, '2007-07-03'); 
INSERT INTO CSM_PG_PE (PG_PE_ID, PROTECTION_GROUP_ID, PROTECTION_ELEMENT_ID, UPDATE_DATE) VALUES (3640, 4, 140, '2007-07-03'); 
INSERT INTO CSM_PG_PE (PG_PE_ID, PROTECTION_GROUP_ID, PROTECTION_ELEMENT_ID, UPDATE_DATE) VALUES (3641, 4, 333, '2007-07-03'); 
INSERT INTO CSM_PG_PE (PG_PE_ID, PROTECTION_GROUP_ID, PROTECTION_ELEMENT_ID, UPDATE_DATE) VALUES (3642, 4, 87, '2007-07-03'); 
INSERT INTO CSM_PG_PE (PG_PE_ID, PROTECTION_GROUP_ID, PROTECTION_ELEMENT_ID, UPDATE_DATE) VALUES (3643, 4, 70, '2007-07-03'); 
INSERT INTO CSM_PG_PE (PG_PE_ID, PROTECTION_GROUP_ID, PROTECTION_ELEMENT_ID, UPDATE_DATE) VALUES (3644, 4, 161, '2007-07-03'); 
INSERT INTO CSM_PG_PE (PG_PE_ID, PROTECTION_GROUP_ID, PROTECTION_ELEMENT_ID, UPDATE_DATE) VALUES (3645, 4, 269, '2007-07-03'); 
INSERT INTO CSM_PG_PE (PG_PE_ID, PROTECTION_GROUP_ID, PROTECTION_ELEMENT_ID, UPDATE_DATE) VALUES (3646, 4, 307, '2007-07-03'); 
INSERT INTO CSM_PG_PE (PG_PE_ID, PROTECTION_GROUP_ID, PROTECTION_ELEMENT_ID, UPDATE_DATE) VALUES (3647, 4, 158, '2007-07-03'); 
INSERT INTO CSM_PG_PE (PG_PE_ID, PROTECTION_GROUP_ID, PROTECTION_ELEMENT_ID, UPDATE_DATE) VALUES (3648, 4, 117, '2007-07-03'); 
INSERT INTO CSM_PG_PE (PG_PE_ID, PROTECTION_GROUP_ID, PROTECTION_ELEMENT_ID, UPDATE_DATE) VALUES (3649, 4, 197, '2007-07-03'); 
INSERT INTO CSM_PG_PE (PG_PE_ID, PROTECTION_GROUP_ID, PROTECTION_ELEMENT_ID, UPDATE_DATE) VALUES (3650, 4, 156, '2007-07-03'); 
INSERT INTO CSM_PG_PE (PG_PE_ID, PROTECTION_GROUP_ID, PROTECTION_ELEMENT_ID, UPDATE_DATE) VALUES (3651, 4, 334, '2007-07-03'); 
INSERT INTO CSM_PG_PE (PG_PE_ID, PROTECTION_GROUP_ID, PROTECTION_ELEMENT_ID, UPDATE_DATE) VALUES (3652, 4, 262, '2007-07-03'); 
INSERT INTO CSM_PG_PE (PG_PE_ID, PROTECTION_GROUP_ID, PROTECTION_ELEMENT_ID, UPDATE_DATE) VALUES (3653, 4, 179, '2007-07-03'); 
INSERT INTO CSM_PG_PE (PG_PE_ID, PROTECTION_GROUP_ID, PROTECTION_ELEMENT_ID, UPDATE_DATE) VALUES (3654, 4, 76, '2007-07-03'); 
INSERT INTO CSM_PG_PE (PG_PE_ID, PROTECTION_GROUP_ID, PROTECTION_ELEMENT_ID, UPDATE_DATE) VALUES (3655, 4, 335, '2007-07-03'); 
INSERT INTO CSM_PG_PE (PG_PE_ID, PROTECTION_GROUP_ID, PROTECTION_ELEMENT_ID, UPDATE_DATE) VALUES (3656, 4, 162, '2007-07-03'); 
INSERT INTO CSM_PG_PE (PG_PE_ID, PROTECTION_GROUP_ID, PROTECTION_ELEMENT_ID, UPDATE_DATE) VALUES (3657, 4, 251, '2007-07-03'); 
INSERT INTO CSM_PG_PE (PG_PE_ID, PROTECTION_GROUP_ID, PROTECTION_ELEMENT_ID, UPDATE_DATE) VALUES (3658, 4, 159, '2007-07-03'); 
INSERT INTO CSM_PG_PE (PG_PE_ID, PROTECTION_GROUP_ID, PROTECTION_ELEMENT_ID, UPDATE_DATE) VALUES (3659, 4, 180, '2007-07-03'); 
INSERT INTO CSM_PG_PE (PG_PE_ID, PROTECTION_GROUP_ID, PROTECTION_ELEMENT_ID, UPDATE_DATE) VALUES (3660, 4, 86, '2007-07-03'); 
INSERT INTO CSM_PG_PE (PG_PE_ID, PROTECTION_GROUP_ID, PROTECTION_ELEMENT_ID, UPDATE_DATE) VALUES (3661, 4, 282, '2007-07-03'); 
INSERT INTO CSM_PG_PE (PG_PE_ID, PROTECTION_GROUP_ID, PROTECTION_ELEMENT_ID, UPDATE_DATE) VALUES (3662, 4, 196, '2007-07-03'); 
INSERT INTO CSM_PG_PE (PG_PE_ID, PROTECTION_GROUP_ID, PROTECTION_ELEMENT_ID, UPDATE_DATE) VALUES (3663, 4, 299, '2007-07-03'); 
INSERT INTO CSM_PG_PE (PG_PE_ID, PROTECTION_GROUP_ID, PROTECTION_ELEMENT_ID, UPDATE_DATE) VALUES (3664, 4, 257, '2007-07-03'); 
INSERT INTO CSM_PG_PE (PG_PE_ID, PROTECTION_GROUP_ID, PROTECTION_ELEMENT_ID, UPDATE_DATE) VALUES (3665, 4, 274, '2007-07-03'); 
INSERT INTO CSM_PG_PE (PG_PE_ID, PROTECTION_GROUP_ID, PROTECTION_ELEMENT_ID, UPDATE_DATE) VALUES (3666, 4, 160, '2007-07-03'); 
INSERT INTO CSM_PG_PE (PG_PE_ID, PROTECTION_GROUP_ID, PROTECTION_ELEMENT_ID, UPDATE_DATE) VALUES (3667, 4, 303, '2007-07-03'); 
INSERT INTO CSM_PG_PE (PG_PE_ID, PROTECTION_GROUP_ID, PROTECTION_ELEMENT_ID, UPDATE_DATE) VALUES (3668, 4, 172, '2007-07-03'); 
INSERT INTO CSM_PG_PE (PG_PE_ID, PROTECTION_GROUP_ID, PROTECTION_ELEMENT_ID, UPDATE_DATE) VALUES (3669, 4, 66, '2007-07-03'); 
INSERT INTO CSM_PG_PE (PG_PE_ID, PROTECTION_GROUP_ID, PROTECTION_ELEMENT_ID, UPDATE_DATE) VALUES (3670, 4, 208, '2007-07-03'); 
INSERT INTO CSM_PG_PE (PG_PE_ID, PROTECTION_GROUP_ID, PROTECTION_ELEMENT_ID, UPDATE_DATE) VALUES (3671, 4, 155, '2007-07-03'); 
INSERT INTO CSM_PG_PE (PG_PE_ID, PROTECTION_GROUP_ID, PROTECTION_ELEMENT_ID, UPDATE_DATE) VALUES (3672, 4, 229, '2007-07-03'); 
INSERT INTO CSM_PG_PE (PG_PE_ID, PROTECTION_GROUP_ID, PROTECTION_ELEMENT_ID, UPDATE_DATE) VALUES (3673, 4, 332, '2007-07-03'); 
INSERT INTO CSM_PG_PE (PG_PE_ID, PROTECTION_GROUP_ID, PROTECTION_ELEMENT_ID, UPDATE_DATE) VALUES (3674, 4, 216, '2007-07-03'); 
INSERT INTO CSM_PG_PE (PG_PE_ID, PROTECTION_GROUP_ID, PROTECTION_ELEMENT_ID, UPDATE_DATE) VALUES (3675, 4, 308, '2007-07-03'); 
INSERT INTO CSM_PG_PE (PG_PE_ID, PROTECTION_GROUP_ID, PROTECTION_ELEMENT_ID, UPDATE_DATE) VALUES (3676, 4, 265, '2007-07-03'); 
INSERT INTO CSM_PG_PE (PG_PE_ID, PROTECTION_GROUP_ID, PROTECTION_ELEMENT_ID, UPDATE_DATE) VALUES (3677, 4, 69, '2007-07-03'); 
INSERT INTO CSM_PG_PE (PG_PE_ID, PROTECTION_GROUP_ID, PROTECTION_ELEMENT_ID, UPDATE_DATE) VALUES (3678, 4, 203, '2007-07-03'); 
INSERT INTO CSM_PG_PE (PG_PE_ID, PROTECTION_GROUP_ID, PROTECTION_ELEMENT_ID, UPDATE_DATE) VALUES (3679, 4, 220, '2007-07-03'); 
INSERT INTO CSM_PG_PE (PG_PE_ID, PROTECTION_GROUP_ID, PROTECTION_ELEMENT_ID, UPDATE_DATE) VALUES (3680, 4, 118, '2007-07-03'); 
INSERT INTO CSM_PG_PE (PG_PE_ID, PROTECTION_GROUP_ID, PROTECTION_ELEMENT_ID, UPDATE_DATE) VALUES (3681, 4, 280, '2007-07-03'); 
INSERT INTO CSM_PG_PE (PG_PE_ID, PROTECTION_GROUP_ID, PROTECTION_ELEMENT_ID, UPDATE_DATE) VALUES (3682, 4, 291, '2007-07-03'); 
INSERT INTO CSM_PG_PE (PG_PE_ID, PROTECTION_GROUP_ID, PROTECTION_ELEMENT_ID, UPDATE_DATE) VALUES (3683, 4, 258, '2007-07-03'); 
INSERT INTO CSM_PG_PE (PG_PE_ID, PROTECTION_GROUP_ID, PROTECTION_ELEMENT_ID, UPDATE_DATE) VALUES (3684, 4, 189, '2007-07-03'); 
INSERT INTO CSM_PG_PE (PG_PE_ID, PROTECTION_GROUP_ID, PROTECTION_ELEMENT_ID, UPDATE_DATE) VALUES (3685, 4, 153, '2007-07-03'); 
INSERT INTO CSM_PG_PE (PG_PE_ID, PROTECTION_GROUP_ID, PROTECTION_ELEMENT_ID, UPDATE_DATE) VALUES (3686, 4, 247, '2007-07-03'); 
INSERT INTO CSM_PG_PE (PG_PE_ID, PROTECTION_GROUP_ID, PROTECTION_ELEMENT_ID, UPDATE_DATE) VALUES (3687, 4, 300, '2007-07-03'); 
INSERT INTO CSM_PG_PE (PG_PE_ID, PROTECTION_GROUP_ID, PROTECTION_ELEMENT_ID, UPDATE_DATE) VALUES (3688, 4, 176, '2007-07-03'); 
INSERT INTO CSM_PG_PE (PG_PE_ID, PROTECTION_GROUP_ID, PROTECTION_ELEMENT_ID, UPDATE_DATE) VALUES (3689, 4, 148, '2007-07-03'); 
INSERT INTO CSM_PG_PE (PG_PE_ID, PROTECTION_GROUP_ID, PROTECTION_ELEMENT_ID, UPDATE_DATE) VALUES (3690, 4, 222, '2007-07-03'); 
INSERT INTO CSM_PG_PE (PG_PE_ID, PROTECTION_GROUP_ID, PROTECTION_ELEMENT_ID, UPDATE_DATE) VALUES (3691, 4, 227, '2007-07-03'); 
INSERT INTO CSM_PG_PE (PG_PE_ID, PROTECTION_GROUP_ID, PROTECTION_ELEMENT_ID, UPDATE_DATE) VALUES (3692, 4, 124, '2007-07-03'); 
INSERT INTO CSM_PG_PE (PG_PE_ID, PROTECTION_GROUP_ID, PROTECTION_ELEMENT_ID, UPDATE_DATE) VALUES (3693, 4, 239, '2007-07-03'); 
INSERT INTO CSM_PG_PE (PG_PE_ID, PROTECTION_GROUP_ID, PROTECTION_ELEMENT_ID, UPDATE_DATE) VALUES (3694, 4, 91, '2007-07-03'); 
INSERT INTO CSM_PG_PE (PG_PE_ID, PROTECTION_GROUP_ID, PROTECTION_ELEMENT_ID, UPDATE_DATE) VALUES (3695, 4, 245, '2007-07-03'); 
INSERT INTO CSM_PG_PE (PG_PE_ID, PROTECTION_GROUP_ID, PROTECTION_ELEMENT_ID, UPDATE_DATE) VALUES (3696, 4, 170, '2007-07-03'); 
INSERT INTO CSM_PG_PE (PG_PE_ID, PROTECTION_GROUP_ID, PROTECTION_ELEMENT_ID, UPDATE_DATE) VALUES (3697, 4, 260, '2007-07-03'); 
INSERT INTO CSM_PG_PE (PG_PE_ID, PROTECTION_GROUP_ID, PROTECTION_ELEMENT_ID, UPDATE_DATE) VALUES (3698, 4, 157, '2007-07-03'); 
INSERT INTO CSM_PG_PE (PG_PE_ID, PROTECTION_GROUP_ID, PROTECTION_ELEMENT_ID, UPDATE_DATE) VALUES (3699, 4, 119, '2007-07-03'); 
INSERT INTO CSM_PG_PE (PG_PE_ID, PROTECTION_GROUP_ID, PROTECTION_ELEMENT_ID, UPDATE_DATE) VALUES (3700, 4, 75, '2007-07-03'); 
INSERT INTO CSM_PG_PE (PG_PE_ID, PROTECTION_GROUP_ID, PROTECTION_ELEMENT_ID, UPDATE_DATE) VALUES (3701, 4, 271, '2007-07-03'); 
INSERT INTO CSM_PG_PE (PG_PE_ID, PROTECTION_GROUP_ID, PROTECTION_ELEMENT_ID, UPDATE_DATE) VALUES (3702, 4, 73, '2007-07-03'); 
INSERT INTO CSM_PG_PE (PG_PE_ID, PROTECTION_GROUP_ID, PROTECTION_ELEMENT_ID, UPDATE_DATE) VALUES (3703, 4, 56, '2007-07-03'); 
INSERT INTO CSM_PG_PE (PG_PE_ID, PROTECTION_GROUP_ID, PROTECTION_ELEMENT_ID, UPDATE_DATE) VALUES (3704, 4, 316, '2007-07-03'); 
INSERT INTO CSM_PG_PE (PG_PE_ID, PROTECTION_GROUP_ID, PROTECTION_ELEMENT_ID, UPDATE_DATE) VALUES (3705, 4, 263, '2007-07-03'); 
INSERT INTO CSM_PG_PE (PG_PE_ID, PROTECTION_GROUP_ID, PROTECTION_ELEMENT_ID, UPDATE_DATE) VALUES (3706, 4, 218, '2007-07-03'); 
INSERT INTO CSM_PG_PE (PG_PE_ID, PROTECTION_GROUP_ID, PROTECTION_ELEMENT_ID, UPDATE_DATE) VALUES (3707, 4, 173, '2007-07-03'); 
INSERT INTO CSM_PG_PE (PG_PE_ID, PROTECTION_GROUP_ID, PROTECTION_ELEMENT_ID, UPDATE_DATE) VALUES (3708, 4, 246, '2007-07-03'); 
INSERT INTO CSM_PG_PE (PG_PE_ID, PROTECTION_GROUP_ID, PROTECTION_ELEMENT_ID, UPDATE_DATE) VALUES (3709, 4, 62, '2007-07-03'); 
INSERT INTO CSM_PG_PE (PG_PE_ID, PROTECTION_GROUP_ID, PROTECTION_ELEMENT_ID, UPDATE_DATE) VALUES (3710, 4, 312, '2007-07-03'); 
INSERT INTO CSM_PG_PE (PG_PE_ID, PROTECTION_GROUP_ID, PROTECTION_ELEMENT_ID, UPDATE_DATE) VALUES (3711, 4, 261, '2007-07-03'); 
INSERT INTO CSM_PG_PE (PG_PE_ID, PROTECTION_GROUP_ID, PROTECTION_ELEMENT_ID, UPDATE_DATE) VALUES (3712, 4, 85, '2007-07-03'); 
INSERT INTO CSM_PG_PE (PG_PE_ID, PROTECTION_GROUP_ID, PROTECTION_ELEMENT_ID, UPDATE_DATE) VALUES (3713, 4, 128, '2007-07-03'); 
INSERT INTO CSM_PG_PE (PG_PE_ID, PROTECTION_GROUP_ID, PROTECTION_ELEMENT_ID, UPDATE_DATE) VALUES (3714, 4, 314, '2007-07-03'); 
INSERT INTO CSM_PG_PE (PG_PE_ID, PROTECTION_GROUP_ID, PROTECTION_ELEMENT_ID, UPDATE_DATE) VALUES (3715, 4, 135, '2007-07-03'); 
INSERT INTO CSM_PG_PE (PG_PE_ID, PROTECTION_GROUP_ID, PROTECTION_ELEMENT_ID, UPDATE_DATE) VALUES (3827, 4, 232, '2007-07-03'); 
INSERT INTO CSM_PG_PE (PG_PE_ID, PROTECTION_GROUP_ID, PROTECTION_ELEMENT_ID, UPDATE_DATE) VALUES (3828, 4, 82, '2007-07-03'); 
INSERT INTO CSM_PG_PE (PG_PE_ID, PROTECTION_GROUP_ID, PROTECTION_ELEMENT_ID, UPDATE_DATE) VALUES (3829, 4, 319, '2007-07-03'); 
INSERT INTO CSM_PG_PE (PG_PE_ID, PROTECTION_GROUP_ID, PROTECTION_ELEMENT_ID, UPDATE_DATE) VALUES (3830, 4, 72, '2007-07-03'); 
INSERT INTO CSM_PG_PE (PG_PE_ID, PROTECTION_GROUP_ID, PROTECTION_ELEMENT_ID, UPDATE_DATE) VALUES (3831, 4, 214, '2007-07-03'); 
INSERT INTO CSM_PG_PE (PG_PE_ID, PROTECTION_GROUP_ID, PROTECTION_ELEMENT_ID, UPDATE_DATE) VALUES (3832, 4, 98, '2007-07-03'); 
INSERT INTO CSM_PG_PE (PG_PE_ID, PROTECTION_GROUP_ID, PROTECTION_ELEMENT_ID, UPDATE_DATE) VALUES (3833, 4, 390, '2007-07-03'); 
INSERT INTO CSM_PG_PE (PG_PE_ID, PROTECTION_GROUP_ID, PROTECTION_ELEMENT_ID, UPDATE_DATE) VALUES (3834, 4, 225, '2007-07-03'); 
INSERT INTO CSM_PG_PE (PG_PE_ID, PROTECTION_GROUP_ID, PROTECTION_ELEMENT_ID, UPDATE_DATE) VALUES (3835, 4, 212, '2007-07-03'); 
INSERT INTO CSM_PG_PE (PG_PE_ID, PROTECTION_GROUP_ID, PROTECTION_ELEMENT_ID, UPDATE_DATE) VALUES (3836, 4, 236, '2007-07-03'); 
INSERT INTO CSM_PG_PE (PG_PE_ID, PROTECTION_GROUP_ID, PROTECTION_ELEMENT_ID, UPDATE_DATE) VALUES (3837, 4, 74, '2007-07-03'); 
INSERT INTO CSM_PG_PE (PG_PE_ID, PROTECTION_GROUP_ID, PROTECTION_ELEMENT_ID, UPDATE_DATE) VALUES (3838, 4, 141, '2007-07-03'); 
INSERT INTO CSM_PG_PE (PG_PE_ID, PROTECTION_GROUP_ID, PROTECTION_ELEMENT_ID, UPDATE_DATE) VALUES (3839, 4, 104, '2007-07-03'); 
INSERT INTO CSM_PG_PE (PG_PE_ID, PROTECTION_GROUP_ID, PROTECTION_ELEMENT_ID, UPDATE_DATE) VALUES (3840, 4, 58, '2007-07-03'); 
INSERT INTO CSM_PG_PE (PG_PE_ID, PROTECTION_GROUP_ID, PROTECTION_ELEMENT_ID, UPDATE_DATE) VALUES (3841, 4, 259, '2007-07-03'); 
INSERT INTO CSM_PG_PE (PG_PE_ID, PROTECTION_GROUP_ID, PROTECTION_ELEMENT_ID, UPDATE_DATE) VALUES (3842, 4, 129, '2007-07-03'); 
INSERT INTO CSM_PG_PE (PG_PE_ID, PROTECTION_GROUP_ID, PROTECTION_ELEMENT_ID, UPDATE_DATE) VALUES (3843, 4, 138, '2007-07-03'); 
INSERT INTO CSM_PG_PE (PG_PE_ID, PROTECTION_GROUP_ID, PROTECTION_ELEMENT_ID, UPDATE_DATE) VALUES (3844, 4, 150, '2007-07-03'); 
INSERT INTO CSM_PG_PE (PG_PE_ID, PROTECTION_GROUP_ID, PROTECTION_ELEMENT_ID, UPDATE_DATE) VALUES (3845, 4, 219, '2007-07-03'); 
INSERT INTO CSM_PG_PE (PG_PE_ID, PROTECTION_GROUP_ID, PROTECTION_ELEMENT_ID, UPDATE_DATE) VALUES (3846, 4, 63, '2007-07-03'); 
INSERT INTO CSM_PG_PE (PG_PE_ID, PROTECTION_GROUP_ID, PROTECTION_ELEMENT_ID, UPDATE_DATE) VALUES (3847, 4, 143, '2007-07-03'); 
INSERT INTO CSM_PG_PE (PG_PE_ID, PROTECTION_GROUP_ID, PROTECTION_ELEMENT_ID, UPDATE_DATE) VALUES (3848, 4, 97, '2007-07-03'); 
INSERT INTO CSM_PG_PE (PG_PE_ID, PROTECTION_GROUP_ID, PROTECTION_ELEMENT_ID, UPDATE_DATE) VALUES (3849, 4, 331, '2007-07-03'); 
INSERT INTO CSM_PG_PE (PG_PE_ID, PROTECTION_GROUP_ID, PROTECTION_ELEMENT_ID, UPDATE_DATE) VALUES (3850, 4, 324, '2007-07-03'); 
INSERT INTO CSM_PG_PE (PG_PE_ID, PROTECTION_GROUP_ID, PROTECTION_ELEMENT_ID, UPDATE_DATE) VALUES (3851, 4, 67, '2007-07-03'); 
INSERT INTO CSM_PG_PE (PG_PE_ID, PROTECTION_GROUP_ID, PROTECTION_ELEMENT_ID, UPDATE_DATE) VALUES (3852, 4, 336, '2007-07-03'); 
INSERT INTO CSM_PG_PE (PG_PE_ID, PROTECTION_GROUP_ID, PROTECTION_ELEMENT_ID, UPDATE_DATE) VALUES (3853, 4, 270, '2007-07-03'); 
INSERT INTO CSM_PG_PE (PG_PE_ID, PROTECTION_GROUP_ID, PROTECTION_ELEMENT_ID, UPDATE_DATE) VALUES (3716, 4, 137, '2007-07-03'); 
INSERT INTO CSM_PG_PE (PG_PE_ID, PROTECTION_GROUP_ID, PROTECTION_ELEMENT_ID, UPDATE_DATE) VALUES (3717, 4, 318, '2007-07-03'); 
INSERT INTO CSM_PG_PE (PG_PE_ID, PROTECTION_GROUP_ID, PROTECTION_ELEMENT_ID, UPDATE_DATE) VALUES (3718, 4, 144, '2007-07-03'); 
INSERT INTO CSM_PG_PE (PG_PE_ID, PROTECTION_GROUP_ID, PROTECTION_ELEMENT_ID, UPDATE_DATE) VALUES (3719, 4, 327, '2007-07-03'); 
INSERT INTO CSM_PG_PE (PG_PE_ID, PROTECTION_GROUP_ID, PROTECTION_ELEMENT_ID, UPDATE_DATE) VALUES (3720, 4, 200, '2007-07-03'); 
INSERT INTO CSM_PG_PE (PG_PE_ID, PROTECTION_GROUP_ID, PROTECTION_ELEMENT_ID, UPDATE_DATE) VALUES (3721, 4, 152, '2007-07-03'); 
INSERT INTO CSM_PG_PE (PG_PE_ID, PROTECTION_GROUP_ID, PROTECTION_ELEMENT_ID, UPDATE_DATE) VALUES (3722, 4, 226, '2007-07-03'); 
INSERT INTO CSM_PG_PE (PG_PE_ID, PROTECTION_GROUP_ID, PROTECTION_ELEMENT_ID, UPDATE_DATE) VALUES (3723, 4, 177, '2007-07-03'); 
INSERT INTO CSM_PG_PE (PG_PE_ID, PROTECTION_GROUP_ID, PROTECTION_ELEMENT_ID, UPDATE_DATE) VALUES (3724, 4, 53, '2007-07-03'); 
INSERT INTO CSM_PG_PE (PG_PE_ID, PROTECTION_GROUP_ID, PROTECTION_ELEMENT_ID, UPDATE_DATE) VALUES (3725, 4, 276, '2007-07-03'); 
INSERT INTO CSM_PG_PE (PG_PE_ID, PROTECTION_GROUP_ID, PROTECTION_ELEMENT_ID, UPDATE_DATE) VALUES (3726, 4, 321, '2007-07-03'); 
INSERT INTO CSM_PG_PE (PG_PE_ID, PROTECTION_GROUP_ID, PROTECTION_ELEMENT_ID, UPDATE_DATE) VALUES (3727, 4, 149, '2007-07-03'); 
INSERT INTO CSM_PG_PE (PG_PE_ID, PROTECTION_GROUP_ID, PROTECTION_ELEMENT_ID, UPDATE_DATE) VALUES (3728, 4, 254, '2007-07-03'); 
INSERT INTO CSM_PG_PE (PG_PE_ID, PROTECTION_GROUP_ID, PROTECTION_ELEMENT_ID, UPDATE_DATE) VALUES (3729, 4, 249, '2007-07-03'); 
INSERT INTO CSM_PG_PE (PG_PE_ID, PROTECTION_GROUP_ID, PROTECTION_ELEMENT_ID, UPDATE_DATE) VALUES (3730, 4, 304, '2007-07-03'); 
INSERT INTO CSM_PG_PE (PG_PE_ID, PROTECTION_GROUP_ID, PROTECTION_ELEMENT_ID, UPDATE_DATE) VALUES (3731, 4, 248, '2007-07-03'); 
INSERT INTO CSM_PG_PE (PG_PE_ID, PROTECTION_GROUP_ID, PROTECTION_ELEMENT_ID, UPDATE_DATE) VALUES (3732, 4, 77, '2007-07-03'); 
INSERT INTO CSM_PG_PE (PG_PE_ID, PROTECTION_GROUP_ID, PROTECTION_ELEMENT_ID, UPDATE_DATE) VALUES (3733, 4, 204, '2007-07-03'); 
INSERT INTO CSM_PG_PE (PG_PE_ID, PROTECTION_GROUP_ID, PROTECTION_ELEMENT_ID, UPDATE_DATE) VALUES (3734, 4, 206, '2007-07-03'); 
INSERT INTO CSM_PG_PE (PG_PE_ID, PROTECTION_GROUP_ID, PROTECTION_ELEMENT_ID, UPDATE_DATE) VALUES (3735, 4, 102, '2007-07-03'); 
INSERT INTO CSM_PG_PE (PG_PE_ID, PROTECTION_GROUP_ID, PROTECTION_ELEMENT_ID, UPDATE_DATE) VALUES (3736, 4, 264, '2007-07-03'); 
INSERT INTO CSM_PG_PE (PG_PE_ID, PROTECTION_GROUP_ID, PROTECTION_ELEMENT_ID, UPDATE_DATE) VALUES (3737, 4, 88, '2007-07-03'); 
INSERT INTO CSM_PG_PE (PG_PE_ID, PROTECTION_GROUP_ID, PROTECTION_ELEMENT_ID, UPDATE_DATE) VALUES (3738, 4, 188, '2007-07-03'); 
INSERT INTO CSM_PG_PE (PG_PE_ID, PROTECTION_GROUP_ID, PROTECTION_ELEMENT_ID, UPDATE_DATE) VALUES (3739, 4, 185, '2007-07-03'); 
INSERT INTO CSM_PG_PE (PG_PE_ID, PROTECTION_GROUP_ID, PROTECTION_ELEMENT_ID, UPDATE_DATE) VALUES (3740, 4, 90, '2007-07-03'); 
INSERT INTO CSM_PG_PE (PG_PE_ID, PROTECTION_GROUP_ID, PROTECTION_ELEMENT_ID, UPDATE_DATE) VALUES (3741, 4, 224, '2007-07-03'); 
INSERT INTO CSM_PG_PE (PG_PE_ID, PROTECTION_GROUP_ID, PROTECTION_ELEMENT_ID, UPDATE_DATE) VALUES (3742, 4, 217, '2007-07-03'); 
INSERT INTO CSM_PG_PE (PG_PE_ID, PROTECTION_GROUP_ID, PROTECTION_ELEMENT_ID, UPDATE_DATE) VALUES (3743, 4, 286, '2007-07-03'); 
INSERT INTO CSM_PG_PE (PG_PE_ID, PROTECTION_GROUP_ID, PROTECTION_ELEMENT_ID, UPDATE_DATE) VALUES (3744, 4, 210, '2007-07-03'); 
INSERT INTO CSM_PG_PE (PG_PE_ID, PROTECTION_GROUP_ID, PROTECTION_ELEMENT_ID, UPDATE_DATE) VALUES (3745, 4, 244, '2007-07-03'); 
INSERT INTO CSM_PG_PE (PG_PE_ID, PROTECTION_GROUP_ID, PROTECTION_ELEMENT_ID, UPDATE_DATE) VALUES (3746, 4, 250, '2007-07-03'); 
INSERT INTO CSM_PG_PE (PG_PE_ID, PROTECTION_GROUP_ID, PROTECTION_ELEMENT_ID, UPDATE_DATE) VALUES (3747, 4, 121, '2007-07-03'); 
INSERT INTO CSM_PG_PE (PG_PE_ID, PROTECTION_GROUP_ID, PROTECTION_ELEMENT_ID, UPDATE_DATE) VALUES (3748, 4, 278, '2007-07-03'); 
INSERT INTO CSM_PG_PE (PG_PE_ID, PROTECTION_GROUP_ID, PROTECTION_ELEMENT_ID, UPDATE_DATE) VALUES (3749, 4, 287, '2007-07-03'); 
INSERT INTO CSM_PG_PE (PG_PE_ID, PROTECTION_GROUP_ID, PROTECTION_ELEMENT_ID, UPDATE_DATE) VALUES (3750, 4, 194, '2007-07-03'); 
INSERT INTO CSM_PG_PE (PG_PE_ID, PROTECTION_GROUP_ID, PROTECTION_ELEMENT_ID, UPDATE_DATE) VALUES (3751, 4, 94, '2007-07-03'); 
INSERT INTO CSM_PG_PE (PG_PE_ID, PROTECTION_GROUP_ID, PROTECTION_ELEMENT_ID, UPDATE_DATE) VALUES (3752, 4, 126, '2007-07-03'); 
INSERT INTO CSM_PG_PE (PG_PE_ID, PROTECTION_GROUP_ID, PROTECTION_ELEMENT_ID, UPDATE_DATE) VALUES (3753, 4, 391, '2007-07-03'); 
INSERT INTO CSM_PG_PE (PG_PE_ID, PROTECTION_GROUP_ID, PROTECTION_ELEMENT_ID, UPDATE_DATE) VALUES (3754, 4, 132, '2007-07-03'); 
INSERT INTO CSM_PG_PE (PG_PE_ID, PROTECTION_GROUP_ID, PROTECTION_ELEMENT_ID, UPDATE_DATE) VALUES (3755, 4, 131, '2007-07-03'); 
INSERT INTO CSM_PG_PE (PG_PE_ID, PROTECTION_GROUP_ID, PROTECTION_ELEMENT_ID, UPDATE_DATE) VALUES (3756, 4, 142, '2007-07-03'); 
INSERT INTO CSM_PG_PE (PG_PE_ID, PROTECTION_GROUP_ID, PROTECTION_ELEMENT_ID, UPDATE_DATE) VALUES (3757, 4, 313, '2007-07-03'); 
INSERT INTO CSM_PG_PE (PG_PE_ID, PROTECTION_GROUP_ID, PROTECTION_ELEMENT_ID, UPDATE_DATE) VALUES (3758, 4, 242, '2007-07-03'); 
INSERT INTO CSM_PG_PE (PG_PE_ID, PROTECTION_GROUP_ID, PROTECTION_ELEMENT_ID, UPDATE_DATE) VALUES (3759, 4, 306, '2007-07-03'); 
INSERT INTO CSM_PG_PE (PG_PE_ID, PROTECTION_GROUP_ID, PROTECTION_ELEMENT_ID, UPDATE_DATE) VALUES (3760, 4, 106, '2007-07-03'); 
INSERT INTO CSM_PG_PE (PG_PE_ID, PROTECTION_GROUP_ID, PROTECTION_ELEMENT_ID, UPDATE_DATE) VALUES (3761, 4, 127, '2007-07-03'); 
INSERT INTO CSM_PG_PE (PG_PE_ID, PROTECTION_GROUP_ID, PROTECTION_ELEMENT_ID, UPDATE_DATE) VALUES (3762, 4, 64, '2007-07-03'); 
INSERT INTO CSM_PG_PE (PG_PE_ID, PROTECTION_GROUP_ID, PROTECTION_ELEMENT_ID, UPDATE_DATE) VALUES (3763, 4, 233, '2007-07-03'); 
INSERT INTO CSM_PG_PE (PG_PE_ID, PROTECTION_GROUP_ID, PROTECTION_ELEMENT_ID, UPDATE_DATE) VALUES (3764, 4, 83, '2007-07-03'); 
INSERT INTO CSM_PG_PE (PG_PE_ID, PROTECTION_GROUP_ID, PROTECTION_ELEMENT_ID, UPDATE_DATE) VALUES (3765, 4, 81, '2007-07-03'); 
INSERT INTO CSM_PG_PE (PG_PE_ID, PROTECTION_GROUP_ID, PROTECTION_ELEMENT_ID, UPDATE_DATE) VALUES (3766, 4, 223, '2007-07-03'); 
INSERT INTO CSM_PG_PE (PG_PE_ID, PROTECTION_GROUP_ID, PROTECTION_ELEMENT_ID, UPDATE_DATE) VALUES (3767, 4, 288, '2007-07-03'); 
INSERT INTO CSM_PG_PE (PG_PE_ID, PROTECTION_GROUP_ID, PROTECTION_ELEMENT_ID, UPDATE_DATE) VALUES (3768, 4, 237, '2007-07-03'); 
INSERT INTO CSM_PG_PE (PG_PE_ID, PROTECTION_GROUP_ID, PROTECTION_ELEMENT_ID, UPDATE_DATE) VALUES (3769, 4, 235, '2007-07-03'); 
INSERT INTO CSM_PG_PE (PG_PE_ID, PROTECTION_GROUP_ID, PROTECTION_ELEMENT_ID, UPDATE_DATE) VALUES (3770, 4, 201, '2007-07-03'); 
INSERT INTO CSM_PG_PE (PG_PE_ID, PROTECTION_GROUP_ID, PROTECTION_ELEMENT_ID, UPDATE_DATE) VALUES (3771, 4, 398, '2007-07-03'); 
INSERT INTO CSM_PG_PE (PG_PE_ID, PROTECTION_GROUP_ID, PROTECTION_ELEMENT_ID, UPDATE_DATE) VALUES (3772, 4, 59, '2007-07-03'); 
INSERT INTO CSM_PG_PE (PG_PE_ID, PROTECTION_GROUP_ID, PROTECTION_ELEMENT_ID, UPDATE_DATE) VALUES (3773, 4, 296, '2007-07-03'); 
INSERT INTO CSM_PG_PE (PG_PE_ID, PROTECTION_GROUP_ID, PROTECTION_ELEMENT_ID, UPDATE_DATE) VALUES (3774, 4, 283, '2007-07-03'); 
INSERT INTO CSM_PG_PE (PG_PE_ID, PROTECTION_GROUP_ID, PROTECTION_ELEMENT_ID, UPDATE_DATE) VALUES (3775, 4, 54, '2007-07-03'); 
INSERT INTO CSM_PG_PE (PG_PE_ID, PROTECTION_GROUP_ID, PROTECTION_ELEMENT_ID, UPDATE_DATE) VALUES (3776, 4, 120, '2007-07-03'); 
INSERT INTO CSM_PG_PE (PG_PE_ID, PROTECTION_GROUP_ID, PROTECTION_ELEMENT_ID, UPDATE_DATE) VALUES (3777, 4, 231, '2007-07-03'); 
INSERT INTO CSM_PG_PE (PG_PE_ID, PROTECTION_GROUP_ID, PROTECTION_ELEMENT_ID, UPDATE_DATE) VALUES (3778, 4, 272, '2007-07-03'); 
INSERT INTO CSM_PG_PE (PG_PE_ID, PROTECTION_GROUP_ID, PROTECTION_ELEMENT_ID, UPDATE_DATE) VALUES (3779, 4, 78, '2007-07-03'); 
INSERT INTO CSM_PG_PE (PG_PE_ID, PROTECTION_GROUP_ID, PROTECTION_ELEMENT_ID, UPDATE_DATE) VALUES (3780, 4, 89, '2007-07-03'); 
INSERT INTO CSM_PG_PE (PG_PE_ID, PROTECTION_GROUP_ID, PROTECTION_ELEMENT_ID, UPDATE_DATE) VALUES (3781, 4, 79, '2007-07-03'); 
INSERT INTO CSM_PG_PE (PG_PE_ID, PROTECTION_GROUP_ID, PROTECTION_ELEMENT_ID, UPDATE_DATE) VALUES (3782, 4, 317, '2007-07-03'); 
INSERT INTO CSM_PG_PE (PG_PE_ID, PROTECTION_GROUP_ID, PROTECTION_ELEMENT_ID, UPDATE_DATE) VALUES (3783, 4, 281, '2007-07-03'); 
INSERT INTO CSM_PG_PE (PG_PE_ID, PROTECTION_GROUP_ID, PROTECTION_ELEMENT_ID, UPDATE_DATE) VALUES (3784, 4, 105, '2007-07-03'); 
INSERT INTO CSM_PG_PE (PG_PE_ID, PROTECTION_GROUP_ID, PROTECTION_ELEMENT_ID, UPDATE_DATE) VALUES (3785, 4, 273, '2007-07-03'); 
INSERT INTO CSM_PG_PE (PG_PE_ID, PROTECTION_GROUP_ID, PROTECTION_ELEMENT_ID, UPDATE_DATE) VALUES (3786, 4, 205, '2007-07-03'); 
INSERT INTO CSM_PG_PE (PG_PE_ID, PROTECTION_GROUP_ID, PROTECTION_ELEMENT_ID, UPDATE_DATE) VALUES (3787, 4, 243, '2007-07-03'); 
INSERT INTO CSM_PG_PE (PG_PE_ID, PROTECTION_GROUP_ID, PROTECTION_ELEMENT_ID, UPDATE_DATE) VALUES (3788, 4, 68, '2007-07-03'); 
INSERT INTO CSM_PG_PE (PG_PE_ID, PROTECTION_GROUP_ID, PROTECTION_ELEMENT_ID, UPDATE_DATE) VALUES (3789, 4, 154, '2007-07-03'); 
INSERT INTO CSM_PG_PE (PG_PE_ID, PROTECTION_GROUP_ID, PROTECTION_ELEMENT_ID, UPDATE_DATE) VALUES (3790, 4, 221, '2007-07-03'); 
INSERT INTO CSM_PG_PE (PG_PE_ID, PROTECTION_GROUP_ID, PROTECTION_ELEMENT_ID, UPDATE_DATE) VALUES (3791, 4, 184, '2007-07-03'); 
INSERT INTO CSM_PG_PE (PG_PE_ID, PROTECTION_GROUP_ID, PROTECTION_ELEMENT_ID, UPDATE_DATE) VALUES (3792, 4, 174, '2007-07-03'); 
INSERT INTO CSM_PG_PE (PG_PE_ID, PROTECTION_GROUP_ID, PROTECTION_ELEMENT_ID, UPDATE_DATE) VALUES (3793, 4, 125, '2007-07-03'); 
INSERT INTO CSM_PG_PE (PG_PE_ID, PROTECTION_GROUP_ID, PROTECTION_ELEMENT_ID, UPDATE_DATE) VALUES (3794, 4, 136, '2007-07-03'); 
INSERT INTO CSM_PG_PE (PG_PE_ID, PROTECTION_GROUP_ID, PROTECTION_ELEMENT_ID, UPDATE_DATE) VALUES (3795, 4, 297, '2007-07-03'); 
INSERT INTO CSM_PG_PE (PG_PE_ID, PROTECTION_GROUP_ID, PROTECTION_ELEMENT_ID, UPDATE_DATE) VALUES (3796, 4, 182, '2007-07-03'); 
INSERT INTO CSM_PG_PE (PG_PE_ID, PROTECTION_GROUP_ID, PROTECTION_ELEMENT_ID, UPDATE_DATE) VALUES (3797, 4, 93, '2007-07-03'); 
INSERT INTO CSM_PG_PE (PG_PE_ID, PROTECTION_GROUP_ID, PROTECTION_ELEMENT_ID, UPDATE_DATE) VALUES (3798, 4, 122, '2007-07-03'); 
INSERT INTO CSM_PG_PE (PG_PE_ID, PROTECTION_GROUP_ID, PROTECTION_ELEMENT_ID, UPDATE_DATE) VALUES (3799, 4, 284, '2007-07-03'); 
INSERT INTO CSM_PG_PE (PG_PE_ID, PROTECTION_GROUP_ID, PROTECTION_ELEMENT_ID, UPDATE_DATE) VALUES (3800, 4, 195, '2007-07-03'); 
INSERT INTO CSM_PG_PE (PG_PE_ID, PROTECTION_GROUP_ID, PROTECTION_ELEMENT_ID, UPDATE_DATE) VALUES (3801, 4, 163, '2007-07-03'); 
INSERT INTO CSM_PG_PE (PG_PE_ID, PROTECTION_GROUP_ID, PROTECTION_ELEMENT_ID, UPDATE_DATE) VALUES (3802, 4, 209, '2007-07-03'); 
INSERT INTO CSM_PG_PE (PG_PE_ID, PROTECTION_GROUP_ID, PROTECTION_ELEMENT_ID, UPDATE_DATE) VALUES (3803, 4, 322, '2007-07-03'); 
INSERT INTO CSM_PG_PE (PG_PE_ID, PROTECTION_GROUP_ID, PROTECTION_ELEMENT_ID, UPDATE_DATE) VALUES (3804, 4, 311, '2007-07-03'); 
INSERT INTO CSM_PG_PE (PG_PE_ID, PROTECTION_GROUP_ID, PROTECTION_ELEMENT_ID, UPDATE_DATE) VALUES (3805, 4, 275, '2007-07-03'); 
INSERT INTO CSM_PG_PE (PG_PE_ID, PROTECTION_GROUP_ID, PROTECTION_ELEMENT_ID, UPDATE_DATE) VALUES (3806, 4, 305, '2007-07-03'); 
INSERT INTO CSM_PG_PE (PG_PE_ID, PROTECTION_GROUP_ID, PROTECTION_ELEMENT_ID, UPDATE_DATE) VALUES (3807, 4, 295, '2007-07-03'); 
INSERT INTO CSM_PG_PE (PG_PE_ID, PROTECTION_GROUP_ID, PROTECTION_ELEMENT_ID, UPDATE_DATE) VALUES (3808, 4, 165, '2007-07-03'); 
INSERT INTO CSM_PG_PE (PG_PE_ID, PROTECTION_GROUP_ID, PROTECTION_ELEMENT_ID, UPDATE_DATE) VALUES (3809, 4, 211, '2007-07-03'); 
INSERT INTO CSM_PG_PE (PG_PE_ID, PROTECTION_GROUP_ID, PROTECTION_ELEMENT_ID, UPDATE_DATE) VALUES (3810, 4, 181, '2007-07-03'); 
INSERT INTO CSM_PG_PE (PG_PE_ID, PROTECTION_GROUP_ID, PROTECTION_ELEMENT_ID, UPDATE_DATE) VALUES (3811, 4, 241, '2007-07-03'); 
INSERT INTO CSM_PG_PE (PG_PE_ID, PROTECTION_GROUP_ID, PROTECTION_ELEMENT_ID, UPDATE_DATE) VALUES (3812, 4, 61, '2007-07-03'); 
INSERT INTO CSM_PG_PE (PG_PE_ID, PROTECTION_GROUP_ID, PROTECTION_ELEMENT_ID, UPDATE_DATE) VALUES (3813, 4, 253, '2007-07-03'); 
INSERT INTO CSM_PG_PE (PG_PE_ID, PROTECTION_GROUP_ID, PROTECTION_ELEMENT_ID, UPDATE_DATE) VALUES (3814, 4, 107, '2007-07-03'); 
INSERT INTO CSM_PG_PE (PG_PE_ID, PROTECTION_GROUP_ID, PROTECTION_ELEMENT_ID, UPDATE_DATE) VALUES (3815, 4, 130, '2007-07-03'); 
INSERT INTO CSM_PG_PE (PG_PE_ID, PROTECTION_GROUP_ID, PROTECTION_ELEMENT_ID, UPDATE_DATE) VALUES (3816, 4, 101, '2007-07-03'); 
INSERT INTO CSM_PG_PE (PG_PE_ID, PROTECTION_GROUP_ID, PROTECTION_ELEMENT_ID, UPDATE_DATE) VALUES (3817, 4, 230, '2007-07-03'); 
INSERT INTO CSM_PG_PE (PG_PE_ID, PROTECTION_GROUP_ID, PROTECTION_ELEMENT_ID, UPDATE_DATE) VALUES (3818, 4, 134, '2007-07-03'); 
INSERT INTO CSM_PG_PE (PG_PE_ID, PROTECTION_GROUP_ID, PROTECTION_ELEMENT_ID, UPDATE_DATE) VALUES (3819, 4, 151, '2007-07-03'); 
INSERT INTO CSM_PG_PE (PG_PE_ID, PROTECTION_GROUP_ID, PROTECTION_ELEMENT_ID, UPDATE_DATE) VALUES (3820, 4, 329, '2007-07-03'); 
INSERT INTO CSM_PG_PE (PG_PE_ID, PROTECTION_GROUP_ID, PROTECTION_ELEMENT_ID, UPDATE_DATE) VALUES (3821, 4, 266, '2007-07-03'); 
INSERT INTO CSM_PG_PE (PG_PE_ID, PROTECTION_GROUP_ID, PROTECTION_ELEMENT_ID, UPDATE_DATE) VALUES (3822, 4, 279, '2007-07-03'); 
INSERT INTO CSM_PG_PE (PG_PE_ID, PROTECTION_GROUP_ID, PROTECTION_ELEMENT_ID, UPDATE_DATE) VALUES (3823, 4, 57, '2007-07-03'); 
INSERT INTO CSM_PG_PE (PG_PE_ID, PROTECTION_GROUP_ID, PROTECTION_ELEMENT_ID, UPDATE_DATE) VALUES (3824, 4, 215, '2007-07-03'); 
INSERT INTO CSM_PG_PE (PG_PE_ID, PROTECTION_GROUP_ID, PROTECTION_ELEMENT_ID, UPDATE_DATE) VALUES (3825, 4, 289, '2007-07-03'); 
INSERT INTO CSM_PG_PE (PG_PE_ID, PROTECTION_GROUP_ID, PROTECTION_ELEMENT_ID, UPDATE_DATE) VALUES (3826, 4, 255, '2007-07-03'); 
INSERT INTO CSM_PG_PE (PG_PE_ID, PROTECTION_GROUP_ID, PROTECTION_ELEMENT_ID, UPDATE_DATE) VALUES (5479, 1309, 257, '2007-08-21'); 
INSERT INTO CSM_PG_PE (PG_PE_ID, PROTECTION_GROUP_ID, PROTECTION_ELEMENT_ID, UPDATE_DATE) VALUES (5480, 1309, 296, '2007-08-21'); 
INSERT INTO CSM_PG_PE (PG_PE_ID, PROTECTION_GROUP_ID, PROTECTION_ELEMENT_ID, UPDATE_DATE) VALUES (5481, 1309, 256, '2007-08-21'); 
INSERT INTO CSM_PG_PE (PG_PE_ID, PROTECTION_GROUP_ID, PROTECTION_ELEMENT_ID, UPDATE_DATE) VALUES (5482, 1309, 255, '2007-08-21'); 
INSERT INTO CSM_PG_PE (PG_PE_ID, PROTECTION_GROUP_ID, PROTECTION_ELEMENT_ID, UPDATE_DATE) VALUES (5483, 1309, 268, '2007-08-21'); 
INSERT INTO CSM_PG_PE (PG_PE_ID, PROTECTION_GROUP_ID, PROTECTION_ELEMENT_ID, UPDATE_DATE) VALUES (5484, 1309, 2043, '2007-08-21'); 
INSERT INTO CSM_PG_PE (PG_PE_ID, PROTECTION_GROUP_ID, PROTECTION_ELEMENT_ID, UPDATE_DATE) VALUES (5485, 1309, 46, '2007-08-21'); 
INSERT INTO CSM_PG_PE (PG_PE_ID, PROTECTION_GROUP_ID, PROTECTION_ELEMENT_ID, UPDATE_DATE) VALUES (5486, 1309, 2045, '2007-08-21'); 
INSERT INTO CSM_PG_PE (PG_PE_ID, PROTECTION_GROUP_ID, PROTECTION_ELEMENT_ID, UPDATE_DATE) VALUES (5487, 1309, 2046, '2007-08-21'); 
INSERT INTO CSM_PG_PE (PG_PE_ID, PROTECTION_GROUP_ID, PROTECTION_ELEMENT_ID, UPDATE_DATE) VALUES (5488, 1309, 236, '2007-08-21'); 
INSERT INTO CSM_PG_PE (PG_PE_ID, PROTECTION_GROUP_ID, PROTECTION_ELEMENT_ID, UPDATE_DATE) VALUES (5489, 1309, 34, '2007-08-21'); 
INSERT INTO CSM_PG_PE (PG_PE_ID, PROTECTION_GROUP_ID, PROTECTION_ELEMENT_ID, UPDATE_DATE) VALUES (5490, 1309, 22, '2007-08-21'); 
INSERT INTO CSM_PG_PE (PG_PE_ID, PROTECTION_GROUP_ID, PROTECTION_ELEMENT_ID, UPDATE_DATE) VALUES (5509, 28, 2048, '2007-08-21'); 
INSERT INTO CSM_PG_PE (PG_PE_ID, PROTECTION_GROUP_ID, PROTECTION_ELEMENT_ID, UPDATE_DATE) VALUES (5491, 1309, 234, '2007-08-21'); 
INSERT INTO CSM_PG_PE (PG_PE_ID, PROTECTION_GROUP_ID, PROTECTION_ELEMENT_ID, UPDATE_DATE) VALUES (5492, 1309, 213, '2007-08-21'); 
INSERT INTO CSM_PG_PE (PG_PE_ID, PROTECTION_GROUP_ID, PROTECTION_ELEMENT_ID, UPDATE_DATE) VALUES (5493, 1309, 48, '2007-08-21'); 
INSERT INTO CSM_PG_PE (PG_PE_ID, PROTECTION_GROUP_ID, PROTECTION_ELEMENT_ID, UPDATE_DATE) VALUES (5494, 1309, 269, '2007-08-21'); 
INSERT INTO CSM_PG_PE (PG_PE_ID, PROTECTION_GROUP_ID, PROTECTION_ELEMENT_ID, UPDATE_DATE) VALUES (5495, 1309, 315, '2007-08-21'); 
INSERT INTO CSM_PG_PE (PG_PE_ID, PROTECTION_GROUP_ID, PROTECTION_ELEMENT_ID, UPDATE_DATE) VALUES (5293, 1308, 47, '2007-08-21'); 
INSERT INTO CSM_PG_PE (PG_PE_ID, PROTECTION_GROUP_ID, PROTECTION_ELEMENT_ID, UPDATE_DATE) VALUES (5294, 1308, 27, '2007-08-21'); 
INSERT INTO CSM_PG_PE (PG_PE_ID, PROTECTION_GROUP_ID, PROTECTION_ELEMENT_ID, UPDATE_DATE) VALUES (5295, 1308, 40, '2007-08-21'); 
INSERT INTO CSM_PG_PE (PG_PE_ID, PROTECTION_GROUP_ID, PROTECTION_ELEMENT_ID, UPDATE_DATE) VALUES (5296, 1308, 21, '2007-08-21'); 
INSERT INTO CSM_PG_PE (PG_PE_ID, PROTECTION_GROUP_ID, PROTECTION_ELEMENT_ID, UPDATE_DATE) VALUES (5297, 1308, 49, '2007-08-21'); 
INSERT INTO CSM_PG_PE (PG_PE_ID, PROTECTION_GROUP_ID, PROTECTION_ELEMENT_ID, UPDATE_DATE) VALUES (5298, 1308, 41, '2007-08-21'); 
INSERT INTO CSM_PG_PE (PG_PE_ID, PROTECTION_GROUP_ID, PROTECTION_ELEMENT_ID, UPDATE_DATE) VALUES (5496, 1309, 399, '2007-08-21'); 
INSERT INTO CSM_PG_PE (PG_PE_ID, PROTECTION_GROUP_ID, PROTECTION_ELEMENT_ID, UPDATE_DATE) VALUES (5497, 1309, 262, '2007-08-21'); 
INSERT INTO CSM_PG_PE (PG_PE_ID, PROTECTION_GROUP_ID, PROTECTION_ELEMENT_ID, UPDATE_DATE) VALUES (5498, 1309, 2042, '2007-08-21'); 
INSERT INTO CSM_PG_PE (PG_PE_ID, PROTECTION_GROUP_ID, PROTECTION_ELEMENT_ID, UPDATE_DATE) VALUES (5499, 1309, 261, '2007-08-21'); 
INSERT INTO CSM_PG_PE (PG_PE_ID, PROTECTION_GROUP_ID, PROTECTION_ELEMENT_ID, UPDATE_DATE) VALUES (5500, 1309, 214, '2007-08-21'); 
INSERT INTO CSM_PG_PE (PG_PE_ID, PROTECTION_GROUP_ID, PROTECTION_ELEMENT_ID, UPDATE_DATE) VALUES (5501, 1309, 390, '2007-08-21'); 
INSERT INTO CSM_PG_PE (PG_PE_ID, PROTECTION_GROUP_ID, PROTECTION_ELEMENT_ID, UPDATE_DATE) VALUES (5502, 1309, 391, '2007-08-21'); 
INSERT INTO CSM_PG_PE (PG_PE_ID, PROTECTION_GROUP_ID, PROTECTION_ELEMENT_ID, UPDATE_DATE) VALUES (5503, 1309, 398, '2007-08-21'); 
INSERT INTO CSM_PG_PE (PG_PE_ID, PROTECTION_GROUP_ID, PROTECTION_ELEMENT_ID, UPDATE_DATE) VALUES (5504, 1309, 270, '2007-08-21'); 
INSERT INTO CSM_PG_PE (PG_PE_ID, PROTECTION_GROUP_ID, PROTECTION_ELEMENT_ID, UPDATE_DATE) VALUES (5505, 1309, 40, '2007-08-21'); 
INSERT INTO CSM_PG_PE (PG_PE_ID, PROTECTION_GROUP_ID, PROTECTION_ELEMENT_ID, UPDATE_DATE) VALUES (3874, 49, 47, '2007-07-05'); 
INSERT INTO CSM_PG_PE (PG_PE_ID, PROTECTION_GROUP_ID, PROTECTION_ELEMENT_ID, UPDATE_DATE) VALUES (2324, 23, 354, '2007-04-13'); 
INSERT INTO CSM_PG_PE (PG_PE_ID, PROTECTION_GROUP_ID, PROTECTION_ELEMENT_ID, UPDATE_DATE) VALUES (3875, 49, 46, '2007-07-05'); 
INSERT INTO CSM_PG_PE (PG_PE_ID, PROTECTION_GROUP_ID, PROTECTION_ELEMENT_ID, UPDATE_DATE) VALUES (3876, 49, 40, '2007-07-05'); 
INSERT INTO CSM_PG_PE (PG_PE_ID, PROTECTION_GROUP_ID, PROTECTION_ELEMENT_ID, UPDATE_DATE) VALUES (3877, 49, 41, '2007-07-05'); 
INSERT INTO CSM_PG_PE (PG_PE_ID, PROTECTION_GROUP_ID, PROTECTION_ELEMENT_ID, UPDATE_DATE) VALUES (3901, 50, 299, '2007-07-05'); 
INSERT INTO CSM_PG_PE (PG_PE_ID, PROTECTION_GROUP_ID, PROTECTION_ELEMENT_ID, UPDATE_DATE) VALUES (3902, 50, 297, '2007-07-05'); 
INSERT INTO CSM_PG_PE (PG_PE_ID, PROTECTION_GROUP_ID, PROTECTION_ELEMENT_ID, UPDATE_DATE) VALUES (3903, 50, 291, '2007-07-05'); 
INSERT INTO CSM_PG_PE (PG_PE_ID, PROTECTION_GROUP_ID, PROTECTION_ELEMENT_ID, UPDATE_DATE) VALUES (3904, 50, 255, '2007-07-05'); 
INSERT INTO CSM_PG_PE (PG_PE_ID, PROTECTION_GROUP_ID, PROTECTION_ELEMENT_ID, UPDATE_DATE) VALUES (3905, 50, 262, '2007-07-05'); 
INSERT INTO CSM_PG_PE (PG_PE_ID, PROTECTION_GROUP_ID, PROTECTION_ELEMENT_ID, UPDATE_DATE) VALUES (3906, 50, 257, '2007-07-05'); 
INSERT INTO CSM_PG_PE (PG_PE_ID, PROTECTION_GROUP_ID, PROTECTION_ELEMENT_ID, UPDATE_DATE) VALUES (3907, 50, 251, '2007-07-05'); 
INSERT INTO CSM_PG_PE (PG_PE_ID, PROTECTION_GROUP_ID, PROTECTION_ELEMENT_ID, UPDATE_DATE) VALUES (3908, 50, 295, '2007-07-05'); 
INSERT INTO CSM_PG_PE (PG_PE_ID, PROTECTION_GROUP_ID, PROTECTION_ELEMENT_ID, UPDATE_DATE) VALUES (3909, 50, 292, '2007-07-05'); 
INSERT INTO CSM_PG_PE (PG_PE_ID, PROTECTION_GROUP_ID, PROTECTION_ELEMENT_ID, UPDATE_DATE) VALUES (3910, 50, 263, '2007-07-05'); 
INSERT INTO CSM_PG_PE (PG_PE_ID, PROTECTION_GROUP_ID, PROTECTION_ELEMENT_ID, UPDATE_DATE) VALUES (3911, 50, 268, '2007-07-05'); 
INSERT INTO CSM_PG_PE (PG_PE_ID, PROTECTION_GROUP_ID, PROTECTION_ELEMENT_ID, UPDATE_DATE) VALUES (3912, 50, 298, '2007-07-05'); 
INSERT INTO CSM_PG_PE (PG_PE_ID, PROTECTION_GROUP_ID, PROTECTION_ELEMENT_ID, UPDATE_DATE) VALUES (3913, 50, 261, '2007-07-05'); 
INSERT INTO CSM_PG_PE (PG_PE_ID, PROTECTION_GROUP_ID, PROTECTION_ELEMENT_ID, UPDATE_DATE) VALUES (3914, 50, 296, '2007-07-05'); 
INSERT INTO CSM_PG_PE (PG_PE_ID, PROTECTION_GROUP_ID, PROTECTION_ELEMENT_ID, UPDATE_DATE) VALUES (3915, 50, 293, '2007-07-05'); 
INSERT INTO CSM_PG_PE (PG_PE_ID, PROTECTION_GROUP_ID, PROTECTION_ELEMENT_ID, UPDATE_DATE) VALUES (3916, 50, 270, '2007-07-05'); 
INSERT INTO CSM_PG_PE (PG_PE_ID, PROTECTION_GROUP_ID, PROTECTION_ELEMENT_ID, UPDATE_DATE) VALUES (3917, 50, 256, '2007-07-05'); 
INSERT INTO CSM_PG_PE (PG_PE_ID, PROTECTION_GROUP_ID, PROTECTION_ELEMENT_ID, UPDATE_DATE) VALUES (3918, 50, 266, '2007-07-05'); 
INSERT INTO CSM_PG_PE (PG_PE_ID, PROTECTION_GROUP_ID, PROTECTION_ELEMENT_ID, UPDATE_DATE) VALUES (3919, 50, 294, '2007-07-05'); 
INSERT INTO CSM_PG_PE (PG_PE_ID, PROTECTION_GROUP_ID, PROTECTION_ELEMENT_ID, UPDATE_DATE) VALUES (3920, 50, 260, '2007-07-05'); 
INSERT INTO CSM_PG_PE (PG_PE_ID, PROTECTION_GROUP_ID, PROTECTION_ELEMENT_ID, UPDATE_DATE) VALUES (3921, 50, 258, '2007-07-05'); 
INSERT INTO CSM_PG_PE (PG_PE_ID, PROTECTION_GROUP_ID, PROTECTION_ELEMENT_ID, UPDATE_DATE) VALUES (3922, 50, 302, '2007-07-05'); 
INSERT INTO CSM_PG_PE (PG_PE_ID, PROTECTION_GROUP_ID, PROTECTION_ELEMENT_ID, UPDATE_DATE) VALUES (3923, 50, 250, '2007-07-05'); 
INSERT INTO CSM_PG_PE (PG_PE_ID, PROTECTION_GROUP_ID, PROTECTION_ELEMENT_ID, UPDATE_DATE) VALUES (3924, 50, 253, '2007-07-05'); 
INSERT INTO CSM_PG_PE (PG_PE_ID, PROTECTION_GROUP_ID, PROTECTION_ELEMENT_ID, UPDATE_DATE) VALUES (3925, 50, 301, '2007-07-05'); 
INSERT INTO CSM_PG_PE (PG_PE_ID, PROTECTION_GROUP_ID, PROTECTION_ELEMENT_ID, UPDATE_DATE) VALUES (3926, 50, 398, '2007-07-05'); 
INSERT INTO CSM_PG_PE (PG_PE_ID, PROTECTION_GROUP_ID, PROTECTION_ELEMENT_ID, UPDATE_DATE) VALUES (3927, 50, 267, '2007-07-05'); 
INSERT INTO CSM_PG_PE (PG_PE_ID, PROTECTION_GROUP_ID, PROTECTION_ELEMENT_ID, UPDATE_DATE) VALUES (3928, 50, 265, '2007-07-05'); 
INSERT INTO CSM_PG_PE (PG_PE_ID, PROTECTION_GROUP_ID, PROTECTION_ELEMENT_ID, UPDATE_DATE) VALUES (3929, 50, 390, '2007-07-05'); 
INSERT INTO CSM_PG_PE (PG_PE_ID, PROTECTION_GROUP_ID, PROTECTION_ELEMENT_ID, UPDATE_DATE) VALUES (3930, 50, 300, '2007-07-05'); 
INSERT INTO CSM_PG_PE (PG_PE_ID, PROTECTION_GROUP_ID, PROTECTION_ELEMENT_ID, UPDATE_DATE) VALUES (3931, 50, 269, '2007-07-05'); 
INSERT INTO CSM_PG_PE (PG_PE_ID, PROTECTION_GROUP_ID, PROTECTION_ELEMENT_ID, UPDATE_DATE) VALUES (3932, 50, 252, '2007-07-05'); 
INSERT INTO CSM_PG_PE (PG_PE_ID, PROTECTION_GROUP_ID, PROTECTION_ELEMENT_ID, UPDATE_DATE) VALUES (3933, 50, 259, '2007-07-05'); 
INSERT INTO CSM_PG_PE (PG_PE_ID, PROTECTION_GROUP_ID, PROTECTION_ELEMENT_ID, UPDATE_DATE) VALUES (3934, 50, 254, '2007-07-05'); 
INSERT INTO CSM_PG_PE (PG_PE_ID, PROTECTION_GROUP_ID, PROTECTION_ELEMENT_ID, UPDATE_DATE) VALUES (3935, 50, 264, '2007-07-05'); 
INSERT INTO CSM_PG_PE (PG_PE_ID, PROTECTION_GROUP_ID, PROTECTION_ELEMENT_ID, UPDATE_DATE) VALUES (2323, 22, 353, '2007-04-13'); 
INSERT INTO CSM_PG_PE (PG_PE_ID, PROTECTION_GROUP_ID, PROTECTION_ELEMENT_ID, UPDATE_DATE) VALUES (2325, 24, 355, '2007-04-13'); 
INSERT INTO CSM_PG_PE (PG_PE_ID, PROTECTION_GROUP_ID, PROTECTION_ELEMENT_ID, UPDATE_DATE) VALUES (3224, 1, 45, '2007-07-03'); 
INSERT INTO CSM_PG_PE (PG_PE_ID, PROTECTION_GROUP_ID, PROTECTION_ELEMENT_ID, UPDATE_DATE) VALUES (3225, 1, 33, '2007-07-03'); 
INSERT INTO CSM_PG_PE (PG_PE_ID, PROTECTION_GROUP_ID, PROTECTION_ELEMENT_ID, UPDATE_DATE) VALUES (3226, 1, 41, '2007-07-03'); 
INSERT INTO CSM_PG_PE (PG_PE_ID, PROTECTION_GROUP_ID, PROTECTION_ELEMENT_ID, UPDATE_DATE) VALUES (3227, 1, 28, '2007-07-03'); 
INSERT INTO CSM_PG_PE (PG_PE_ID, PROTECTION_GROUP_ID, PROTECTION_ELEMENT_ID, UPDATE_DATE) VALUES (3228, 1, 50, '2007-07-03'); 
INSERT INTO CSM_PG_PE (PG_PE_ID, PROTECTION_GROUP_ID, PROTECTION_ELEMENT_ID, UPDATE_DATE) VALUES (3229, 1, 399, '2007-07-03'); 
INSERT INTO CSM_PG_PE (PG_PE_ID, PROTECTION_GROUP_ID, PROTECTION_ELEMENT_ID, UPDATE_DATE) VALUES (3230, 1, 20, '2007-07-03'); 
INSERT INTO CSM_PG_PE (PG_PE_ID, PROTECTION_GROUP_ID, PROTECTION_ELEMENT_ID, UPDATE_DATE) VALUES (3231, 1, 39, '2007-07-03'); 
INSERT INTO CSM_PG_PE (PG_PE_ID, PROTECTION_GROUP_ID, PROTECTION_ELEMENT_ID, UPDATE_DATE) VALUES (3232, 1, 19, '2007-07-03'); 
INSERT INTO CSM_PG_PE (PG_PE_ID, PROTECTION_GROUP_ID, PROTECTION_ELEMENT_ID, UPDATE_DATE) VALUES (3233, 1, 24, '2007-07-03'); 
INSERT INTO CSM_PG_PE (PG_PE_ID, PROTECTION_GROUP_ID, PROTECTION_ELEMENT_ID, UPDATE_DATE) VALUES (3234, 1, 44, '2007-07-03'); 
INSERT INTO CSM_PG_PE (PG_PE_ID, PROTECTION_GROUP_ID, PROTECTION_ELEMENT_ID, UPDATE_DATE) VALUES (3235, 1, 29, '2007-07-03'); 
INSERT INTO CSM_PG_PE (PG_PE_ID, PROTECTION_GROUP_ID, PROTECTION_ELEMENT_ID, UPDATE_DATE) VALUES (3236, 1, 18, '2007-07-03'); 
INSERT INTO CSM_PG_PE (PG_PE_ID, PROTECTION_GROUP_ID, PROTECTION_ELEMENT_ID, UPDATE_DATE) VALUES (3237, 1, 35, '2007-07-03'); 
INSERT INTO CSM_PG_PE (PG_PE_ID, PROTECTION_GROUP_ID, PROTECTION_ELEMENT_ID, UPDATE_DATE) VALUES (3238, 1, 15, '2007-07-03'); 
INSERT INTO CSM_PG_PE (PG_PE_ID, PROTECTION_GROUP_ID, PROTECTION_ELEMENT_ID, UPDATE_DATE) VALUES (3239, 1, 49, '2007-07-03'); 
INSERT INTO CSM_PG_PE (PG_PE_ID, PROTECTION_GROUP_ID, PROTECTION_ELEMENT_ID, UPDATE_DATE) VALUES (3240, 1, 21, '2007-07-03'); 
INSERT INTO CSM_PG_PE (PG_PE_ID, PROTECTION_GROUP_ID, PROTECTION_ELEMENT_ID, UPDATE_DATE) VALUES (3241, 1, 25, '2007-07-03'); 
INSERT INTO CSM_PG_PE (PG_PE_ID, PROTECTION_GROUP_ID, PROTECTION_ELEMENT_ID, UPDATE_DATE) VALUES (3242, 1, 30, '2007-07-03'); 
INSERT INTO CSM_PG_PE (PG_PE_ID, PROTECTION_GROUP_ID, PROTECTION_ELEMENT_ID, UPDATE_DATE) VALUES (3243, 1, 12, '2007-07-03'); 
INSERT INTO CSM_PG_PE (PG_PE_ID, PROTECTION_GROUP_ID, PROTECTION_ELEMENT_ID, UPDATE_DATE) VALUES (3244, 1, 34, '2007-07-03'); 
INSERT INTO CSM_PG_PE (PG_PE_ID, PROTECTION_GROUP_ID, PROTECTION_ELEMENT_ID, UPDATE_DATE) VALUES (3245, 1, 31, '2007-07-03'); 
INSERT INTO CSM_PG_PE (PG_PE_ID, PROTECTION_GROUP_ID, PROTECTION_ELEMENT_ID, UPDATE_DATE) VALUES (3246, 1, 23, '2007-07-03'); 
INSERT INTO CSM_PG_PE (PG_PE_ID, PROTECTION_GROUP_ID, PROTECTION_ELEMENT_ID, UPDATE_DATE) VALUES (3247, 1, 32, '2007-07-03'); 
INSERT INTO CSM_PG_PE (PG_PE_ID, PROTECTION_GROUP_ID, PROTECTION_ELEMENT_ID, UPDATE_DATE) VALUES (3248, 1, 46, '2007-07-03'); 
INSERT INTO CSM_PG_PE (PG_PE_ID, PROTECTION_GROUP_ID, PROTECTION_ELEMENT_ID, UPDATE_DATE) VALUES (3249, 1, 36, '2007-07-03'); 
INSERT INTO CSM_PG_PE (PG_PE_ID, PROTECTION_GROUP_ID, PROTECTION_ELEMENT_ID, UPDATE_DATE) VALUES (3250, 1, 16, '2007-07-03'); 
INSERT INTO CSM_PG_PE (PG_PE_ID, PROTECTION_GROUP_ID, PROTECTION_ELEMENT_ID, UPDATE_DATE) VALUES (3251, 1, 8, '2007-07-03'); 
INSERT INTO CSM_PG_PE (PG_PE_ID, PROTECTION_GROUP_ID, PROTECTION_ELEMENT_ID, UPDATE_DATE) VALUES (3252, 1, 22, '2007-07-03'); 
INSERT INTO CSM_PG_PE (PG_PE_ID, PROTECTION_GROUP_ID, PROTECTION_ELEMENT_ID, UPDATE_DATE) VALUES (3253, 1, 26, '2007-07-03'); 
INSERT INTO CSM_PG_PE (PG_PE_ID, PROTECTION_GROUP_ID, PROTECTION_ELEMENT_ID, UPDATE_DATE) VALUES (3254, 1, 51, '2007-07-03'); 
INSERT INTO CSM_PG_PE (PG_PE_ID, PROTECTION_GROUP_ID, PROTECTION_ELEMENT_ID, UPDATE_DATE) VALUES (728, 3, 337, '2007-02-27'); 
INSERT INTO CSM_PG_PE (PG_PE_ID, PROTECTION_GROUP_ID, PROTECTION_ELEMENT_ID, UPDATE_DATE) VALUES (3255, 1, 38, '2007-07-03'); 
INSERT INTO CSM_PG_PE (PG_PE_ID, PROTECTION_GROUP_ID, PROTECTION_ELEMENT_ID, UPDATE_DATE) VALUES (3256, 1, 17, '2007-07-03'); 
INSERT INTO CSM_PG_PE (PG_PE_ID, PROTECTION_GROUP_ID, PROTECTION_ELEMENT_ID, UPDATE_DATE) VALUES (3257, 1, 40, '2007-07-03'); 
INSERT INTO CSM_PG_PE (PG_PE_ID, PROTECTION_GROUP_ID, PROTECTION_ELEMENT_ID, UPDATE_DATE) VALUES (3258, 1, 11, '2007-07-03'); 
INSERT INTO CSM_PG_PE (PG_PE_ID, PROTECTION_GROUP_ID, PROTECTION_ELEMENT_ID, UPDATE_DATE) VALUES (3259, 1, 42, '2007-07-03'); 
INSERT INTO CSM_PG_PE (PG_PE_ID, PROTECTION_GROUP_ID, PROTECTION_ELEMENT_ID, UPDATE_DATE) VALUES (3260, 1, 43, '2007-07-03'); 
INSERT INTO CSM_PG_PE (PG_PE_ID, PROTECTION_GROUP_ID, PROTECTION_ELEMENT_ID, UPDATE_DATE) VALUES (3261, 1, 48, '2007-07-03'); 
INSERT INTO CSM_PG_PE (PG_PE_ID, PROTECTION_GROUP_ID, PROTECTION_ELEMENT_ID, UPDATE_DATE) VALUES (3262, 1, 7, '2007-07-03'); 
INSERT INTO CSM_PG_PE (PG_PE_ID, PROTECTION_GROUP_ID, PROTECTION_ELEMENT_ID, UPDATE_DATE) VALUES (3263, 1, 13, '2007-07-03'); 
INSERT INTO CSM_PG_PE (PG_PE_ID, PROTECTION_GROUP_ID, PROTECTION_ELEMENT_ID, UPDATE_DATE) VALUES (3264, 1, 27, '2007-07-03'); 
INSERT INTO CSM_PG_PE (PG_PE_ID, PROTECTION_GROUP_ID, PROTECTION_ELEMENT_ID, UPDATE_DATE) VALUES (3265, 1, 9, '2007-07-03'); 
INSERT INTO CSM_PG_PE (PG_PE_ID, PROTECTION_GROUP_ID, PROTECTION_ELEMENT_ID, UPDATE_DATE) VALUES (3266, 1, 6, '2007-07-03'); 
INSERT INTO CSM_PG_PE (PG_PE_ID, PROTECTION_GROUP_ID, PROTECTION_ELEMENT_ID, UPDATE_DATE) VALUES (3267, 1, 47, '2007-07-03'); 
INSERT INTO CSM_PG_PE (PG_PE_ID, PROTECTION_GROUP_ID, PROTECTION_ELEMENT_ID, UPDATE_DATE) VALUES (3268, 1, 14, '2007-07-03'); 
INSERT INTO CSM_PG_PE (PG_PE_ID, PROTECTION_GROUP_ID, PROTECTION_ELEMENT_ID, UPDATE_DATE) VALUES (3269, 1, 37, '2007-07-03'); 
INSERT INTO CSM_PG_PE (PG_PE_ID, PROTECTION_GROUP_ID, PROTECTION_ELEMENT_ID, UPDATE_DATE) VALUES (3270, 1, 10, '2007-07-03'); 
INSERT INTO CSM_PG_PE (PG_PE_ID, PROTECTION_GROUP_ID, PROTECTION_ELEMENT_ID, UPDATE_DATE) VALUES (3271, 2, 130, '2007-07-03'); 
INSERT INTO CSM_PG_PE (PG_PE_ID, PROTECTION_GROUP_ID, PROTECTION_ELEMENT_ID, UPDATE_DATE) VALUES (3272, 2, 53, '2007-07-03'); 
INSERT INTO CSM_PG_PE (PG_PE_ID, PROTECTION_GROUP_ID, PROTECTION_ELEMENT_ID, UPDATE_DATE) VALUES (3273, 2, 205, '2007-07-03'); 
INSERT INTO CSM_PG_PE (PG_PE_ID, PROTECTION_GROUP_ID, PROTECTION_ELEMENT_ID, UPDATE_DATE) VALUES (3274, 2, 310, '2007-07-03'); 
INSERT INTO CSM_PG_PE (PG_PE_ID, PROTECTION_GROUP_ID, PROTECTION_ELEMENT_ID, UPDATE_DATE) VALUES (3275, 2, 122, '2007-07-03'); 
INSERT INTO CSM_PG_PE (PG_PE_ID, PROTECTION_GROUP_ID, PROTECTION_ELEMENT_ID, UPDATE_DATE) VALUES (3276, 2, 162, '2007-07-03'); 
INSERT INTO CSM_PG_PE (PG_PE_ID, PROTECTION_GROUP_ID, PROTECTION_ELEMENT_ID, UPDATE_DATE) VALUES (3277, 2, 308, '2007-07-03'); 
INSERT INTO CSM_PG_PE (PG_PE_ID, PROTECTION_GROUP_ID, PROTECTION_ELEMENT_ID, UPDATE_DATE) VALUES (3278, 2, 247, '2007-07-03'); 
INSERT INTO CSM_PG_PE (PG_PE_ID, PROTECTION_GROUP_ID, PROTECTION_ELEMENT_ID, UPDATE_DATE) VALUES (3279, 2, 315, '2007-07-03'); 
INSERT INTO CSM_PG_PE (PG_PE_ID, PROTECTION_GROUP_ID, PROTECTION_ELEMENT_ID, UPDATE_DATE) VALUES (3280, 2, 121, '2007-07-03'); 
INSERT INTO CSM_PG_PE (PG_PE_ID, PROTECTION_GROUP_ID, PROTECTION_ELEMENT_ID, UPDATE_DATE) VALUES (3281, 2, 291, '2007-07-03'); 
INSERT INTO CSM_PG_PE (PG_PE_ID, PROTECTION_GROUP_ID, PROTECTION_ELEMENT_ID, UPDATE_DATE) VALUES (3282, 2, 246, '2007-07-03'); 
INSERT INTO CSM_PG_PE (PG_PE_ID, PROTECTION_GROUP_ID, PROTECTION_ELEMENT_ID, UPDATE_DATE) VALUES (3283, 2, 142, '2007-07-03'); 
INSERT INTO CSM_PG_PE (PG_PE_ID, PROTECTION_GROUP_ID, PROTECTION_ELEMENT_ID, UPDATE_DATE) VALUES (3284, 2, 311, '2007-07-03'); 
INSERT INTO CSM_PG_PE (PG_PE_ID, PROTECTION_GROUP_ID, PROTECTION_ELEMENT_ID, UPDATE_DATE) VALUES (3285, 2, 173, '2007-07-03'); 
INSERT INTO CSM_PG_PE (PG_PE_ID, PROTECTION_GROUP_ID, PROTECTION_ELEMENT_ID, UPDATE_DATE) VALUES (3286, 2, 129, '2007-07-03'); 
INSERT INTO CSM_PG_PE (PG_PE_ID, PROTECTION_GROUP_ID, PROTECTION_ELEMENT_ID, UPDATE_DATE) VALUES (3287, 2, 67, '2007-07-03'); 
INSERT INTO CSM_PG_PE (PG_PE_ID, PROTECTION_GROUP_ID, PROTECTION_ELEMENT_ID, UPDATE_DATE) VALUES (3288, 2, 319, '2007-07-03'); 
INSERT INTO CSM_PG_PE (PG_PE_ID, PROTECTION_GROUP_ID, PROTECTION_ELEMENT_ID, UPDATE_DATE) VALUES (3289, 2, 107, '2007-07-03'); 
INSERT INTO CSM_PG_PE (PG_PE_ID, PROTECTION_GROUP_ID, PROTECTION_ELEMENT_ID, UPDATE_DATE) VALUES (3290, 2, 113, '2007-07-03'); 
INSERT INTO CSM_PG_PE (PG_PE_ID, PROTECTION_GROUP_ID, PROTECTION_ELEMENT_ID, UPDATE_DATE) VALUES (3291, 2, 327, '2007-07-03'); 
INSERT INTO CSM_PG_PE (PG_PE_ID, PROTECTION_GROUP_ID, PROTECTION_ELEMENT_ID, UPDATE_DATE) VALUES (3292, 2, 395, '2007-07-03'); 
INSERT INTO CSM_PG_PE (PG_PE_ID, PROTECTION_GROUP_ID, PROTECTION_ELEMENT_ID, UPDATE_DATE) VALUES (3293, 2, 75, '2007-07-03'); 
INSERT INTO CSM_PG_PE (PG_PE_ID, PROTECTION_GROUP_ID, PROTECTION_ELEMENT_ID, UPDATE_DATE) VALUES (3294, 2, 153, '2007-07-03'); 
INSERT INTO CSM_PG_PE (PG_PE_ID, PROTECTION_GROUP_ID, PROTECTION_ELEMENT_ID, UPDATE_DATE) VALUES (3295, 2, 226, '2007-07-03'); 
INSERT INTO CSM_PG_PE (PG_PE_ID, PROTECTION_GROUP_ID, PROTECTION_ELEMENT_ID, UPDATE_DATE) VALUES (3296, 2, 175, '2007-07-03'); 
INSERT INTO CSM_PG_PE (PG_PE_ID, PROTECTION_GROUP_ID, PROTECTION_ELEMENT_ID, UPDATE_DATE) VALUES (3297, 2, 184, '2007-07-03'); 
INSERT INTO CSM_PG_PE (PG_PE_ID, PROTECTION_GROUP_ID, PROTECTION_ELEMENT_ID, UPDATE_DATE) VALUES (3298, 2, 264, '2007-07-03'); 
INSERT INTO CSM_PG_PE (PG_PE_ID, PROTECTION_GROUP_ID, PROTECTION_ELEMENT_ID, UPDATE_DATE) VALUES (3299, 2, 298, '2007-07-03'); 
INSERT INTO CSM_PG_PE (PG_PE_ID, PROTECTION_GROUP_ID, PROTECTION_ELEMENT_ID, UPDATE_DATE) VALUES (3300, 2, 78, '2007-07-03'); 
INSERT INTO CSM_PG_PE (PG_PE_ID, PROTECTION_GROUP_ID, PROTECTION_ELEMENT_ID, UPDATE_DATE) VALUES (3301, 2, 96, '2007-07-03'); 
INSERT INTO CSM_PG_PE (PG_PE_ID, PROTECTION_GROUP_ID, PROTECTION_ELEMENT_ID, UPDATE_DATE) VALUES (3302, 2, 147, '2007-07-03'); 
INSERT INTO CSM_PG_PE (PG_PE_ID, PROTECTION_GROUP_ID, PROTECTION_ELEMENT_ID, UPDATE_DATE) VALUES (3303, 2, 94, '2007-07-03'); 
INSERT INTO CSM_PG_PE (PG_PE_ID, PROTECTION_GROUP_ID, PROTECTION_ELEMENT_ID, UPDATE_DATE) VALUES (3304, 2, 328, '2007-07-03'); 
INSERT INTO CSM_PG_PE (PG_PE_ID, PROTECTION_GROUP_ID, PROTECTION_ELEMENT_ID, UPDATE_DATE) VALUES (3305, 2, 394, '2007-07-03'); 
INSERT INTO CSM_PG_PE (PG_PE_ID, PROTECTION_GROUP_ID, PROTECTION_ELEMENT_ID, UPDATE_DATE) VALUES (3306, 2, 230, '2007-07-03'); 
INSERT INTO CSM_PG_PE (PG_PE_ID, PROTECTION_GROUP_ID, PROTECTION_ELEMENT_ID, UPDATE_DATE) VALUES (3307, 2, 81, '2007-07-03'); 
INSERT INTO CSM_PG_PE (PG_PE_ID, PROTECTION_GROUP_ID, PROTECTION_ELEMENT_ID, UPDATE_DATE) VALUES (3308, 2, 101, '2007-07-03'); 
INSERT INTO CSM_PG_PE (PG_PE_ID, PROTECTION_GROUP_ID, PROTECTION_ELEMENT_ID, UPDATE_DATE) VALUES (3309, 2, 66, '2007-07-03'); 
INSERT INTO CSM_PG_PE (PG_PE_ID, PROTECTION_GROUP_ID, PROTECTION_ELEMENT_ID, UPDATE_DATE) VALUES (3310, 2, 238, '2007-07-03'); 
INSERT INTO CSM_PG_PE (PG_PE_ID, PROTECTION_GROUP_ID, PROTECTION_ELEMENT_ID, UPDATE_DATE) VALUES (3311, 2, 313, '2007-07-03'); 
INSERT INTO CSM_PG_PE (PG_PE_ID, PROTECTION_GROUP_ID, PROTECTION_ELEMENT_ID, UPDATE_DATE) VALUES (3312, 2, 80, '2007-07-03'); 
INSERT INTO CSM_PG_PE (PG_PE_ID, PROTECTION_GROUP_ID, PROTECTION_ELEMENT_ID, UPDATE_DATE) VALUES (3313, 2, 65, '2007-07-03'); 
INSERT INTO CSM_PG_PE (PG_PE_ID, PROTECTION_GROUP_ID, PROTECTION_ELEMENT_ID, UPDATE_DATE) VALUES (3314, 2, 239, '2007-07-03'); 
INSERT INTO CSM_PG_PE (PG_PE_ID, PROTECTION_GROUP_ID, PROTECTION_ELEMENT_ID, UPDATE_DATE) VALUES (3315, 2, 151, '2007-07-03'); 
INSERT INTO CSM_PG_PE (PG_PE_ID, PROTECTION_GROUP_ID, PROTECTION_ELEMENT_ID, UPDATE_DATE) VALUES (3316, 2, 117, '2007-07-03'); 
INSERT INTO CSM_PG_PE (PG_PE_ID, PROTECTION_GROUP_ID, PROTECTION_ELEMENT_ID, UPDATE_DATE) VALUES (3317, 2, 207, '2007-07-03'); 
INSERT INTO CSM_PG_PE (PG_PE_ID, PROTECTION_GROUP_ID, PROTECTION_ELEMENT_ID, UPDATE_DATE) VALUES (3318, 2, 166, '2007-07-03'); 
INSERT INTO CSM_PG_PE (PG_PE_ID, PROTECTION_GROUP_ID, PROTECTION_ELEMENT_ID, UPDATE_DATE) VALUES (3319, 2, 124, '2007-07-03'); 
INSERT INTO CSM_PG_PE (PG_PE_ID, PROTECTION_GROUP_ID, PROTECTION_ELEMENT_ID, UPDATE_DATE) VALUES (3320, 2, 296, '2007-07-03'); 
INSERT INTO CSM_PG_PE (PG_PE_ID, PROTECTION_GROUP_ID, PROTECTION_ELEMENT_ID, UPDATE_DATE) VALUES (3321, 2, 221, '2007-07-03'); 
INSERT INTO CSM_PG_PE (PG_PE_ID, PROTECTION_GROUP_ID, PROTECTION_ELEMENT_ID, UPDATE_DATE) VALUES (3322, 2, 112, '2007-07-03'); 
INSERT INTO CSM_PG_PE (PG_PE_ID, PROTECTION_GROUP_ID, PROTECTION_ELEMENT_ID, UPDATE_DATE) VALUES (3323, 2, 236, '2007-07-03'); 
INSERT INTO CSM_PG_PE (PG_PE_ID, PROTECTION_GROUP_ID, PROTECTION_ELEMENT_ID, UPDATE_DATE) VALUES (3324, 2, 270, '2007-07-03'); 
INSERT INTO CSM_PG_PE (PG_PE_ID, PROTECTION_GROUP_ID, PROTECTION_ELEMENT_ID, UPDATE_DATE) VALUES (3325, 2, 203, '2007-07-03'); 
INSERT INTO CSM_PG_PE (PG_PE_ID, PROTECTION_GROUP_ID, PROTECTION_ELEMENT_ID, UPDATE_DATE) VALUES (3326, 2, 69, '2007-07-03'); 
INSERT INTO CSM_PG_PE (PG_PE_ID, PROTECTION_GROUP_ID, PROTECTION_ELEMENT_ID, UPDATE_DATE) VALUES (3327, 2, 297, '2007-07-03'); 
INSERT INTO CSM_PG_PE (PG_PE_ID, PROTECTION_GROUP_ID, PROTECTION_ELEMENT_ID, UPDATE_DATE) VALUES (3328, 2, 138, '2007-07-03'); 
INSERT INTO CSM_PG_PE (PG_PE_ID, PROTECTION_GROUP_ID, PROTECTION_ELEMENT_ID, UPDATE_DATE) VALUES (3329, 2, 225, '2007-07-03'); 
INSERT INTO CSM_PG_PE (PG_PE_ID, PROTECTION_GROUP_ID, PROTECTION_ELEMENT_ID, UPDATE_DATE) VALUES (3330, 2, 325, '2007-07-03'); 
INSERT INTO CSM_PG_PE (PG_PE_ID, PROTECTION_GROUP_ID, PROTECTION_ELEMENT_ID, UPDATE_DATE) VALUES (3331, 2, 215, '2007-07-03'); 
INSERT INTO CSM_PG_PE (PG_PE_ID, PROTECTION_GROUP_ID, PROTECTION_ELEMENT_ID, UPDATE_DATE) VALUES (3332, 2, 57, '2007-07-03'); 
INSERT INTO CSM_PG_PE (PG_PE_ID, PROTECTION_GROUP_ID, PROTECTION_ELEMENT_ID, UPDATE_DATE) VALUES (3333, 2, 390, '2007-07-03'); 
INSERT INTO CSM_PG_PE (PG_PE_ID, PROTECTION_GROUP_ID, PROTECTION_ELEMENT_ID, UPDATE_DATE) VALUES (3334, 2, 83, '2007-07-03'); 
INSERT INTO CSM_PG_PE (PG_PE_ID, PROTECTION_GROUP_ID, PROTECTION_ELEMENT_ID, UPDATE_DATE) VALUES (3335, 2, 132, '2007-07-03'); 
INSERT INTO CSM_PG_PE (PG_PE_ID, PROTECTION_GROUP_ID, PROTECTION_ELEMENT_ID, UPDATE_DATE) VALUES (3336, 2, 54, '2007-07-03'); 
INSERT INTO CSM_PG_PE (PG_PE_ID, PROTECTION_GROUP_ID, PROTECTION_ELEMENT_ID, UPDATE_DATE) VALUES (3337, 2, 213, '2007-07-03'); 
INSERT INTO CSM_PG_PE (PG_PE_ID, PROTECTION_GROUP_ID, PROTECTION_ELEMENT_ID, UPDATE_DATE) VALUES (3338, 2, 82, '2007-07-03'); 
INSERT INTO CSM_PG_PE (PG_PE_ID, PROTECTION_GROUP_ID, PROTECTION_ELEMENT_ID, UPDATE_DATE) VALUES (3339, 2, 256, '2007-07-03'); 
INSERT INTO CSM_PG_PE (PG_PE_ID, PROTECTION_GROUP_ID, PROTECTION_ELEMENT_ID, UPDATE_DATE) VALUES (3340, 2, 228, '2007-07-03'); 
INSERT INTO CSM_PG_PE (PG_PE_ID, PROTECTION_GROUP_ID, PROTECTION_ELEMENT_ID, UPDATE_DATE) VALUES (3341, 2, 115, '2007-07-03'); 
INSERT INTO CSM_PG_PE (PG_PE_ID, PROTECTION_GROUP_ID, PROTECTION_ELEMENT_ID, UPDATE_DATE) VALUES (3342, 2, 64, '2007-07-03'); 
INSERT INTO CSM_PG_PE (PG_PE_ID, PROTECTION_GROUP_ID, PROTECTION_ELEMENT_ID, UPDATE_DATE) VALUES (3343, 2, 330, '2007-07-03'); 
INSERT INTO CSM_PG_PE (PG_PE_ID, PROTECTION_GROUP_ID, PROTECTION_ELEMENT_ID, UPDATE_DATE) VALUES (3344, 2, 109, '2007-07-03'); 
INSERT INTO CSM_PG_PE (PG_PE_ID, PROTECTION_GROUP_ID, PROTECTION_ELEMENT_ID, UPDATE_DATE) VALUES (3345, 2, 292, '2007-07-03'); 
INSERT INTO CSM_PG_PE (PG_PE_ID, PROTECTION_GROUP_ID, PROTECTION_ELEMENT_ID, UPDATE_DATE) VALUES (3346, 2, 316, '2007-07-03'); 
INSERT INTO CSM_PG_PE (PG_PE_ID, PROTECTION_GROUP_ID, PROTECTION_ELEMENT_ID, UPDATE_DATE) VALUES (3347, 2, 91, '2007-07-03'); 
INSERT INTO CSM_PG_PE (PG_PE_ID, PROTECTION_GROUP_ID, PROTECTION_ELEMENT_ID, UPDATE_DATE) VALUES (3348, 2, 251, '2007-07-03'); 
INSERT INTO CSM_PG_PE (PG_PE_ID, PROTECTION_GROUP_ID, PROTECTION_ELEMENT_ID, UPDATE_DATE) VALUES (3349, 2, 269, '2007-07-03'); 
INSERT INTO CSM_PG_PE (PG_PE_ID, PROTECTION_GROUP_ID, PROTECTION_ELEMENT_ID, UPDATE_DATE) VALUES (3350, 2, 245, '2007-07-03'); 
INSERT INTO CSM_PG_PE (PG_PE_ID, PROTECTION_GROUP_ID, PROTECTION_ELEMENT_ID, UPDATE_DATE) VALUES (3351, 2, 93, '2007-07-03'); 
INSERT INTO CSM_PG_PE (PG_PE_ID, PROTECTION_GROUP_ID, PROTECTION_ELEMENT_ID, UPDATE_DATE) VALUES (3352, 2, 183, '2007-07-03'); 
INSERT INTO CSM_PG_PE (PG_PE_ID, PROTECTION_GROUP_ID, PROTECTION_ELEMENT_ID, UPDATE_DATE) VALUES (3353, 2, 286, '2007-07-03'); 
INSERT INTO CSM_PG_PE (PG_PE_ID, PROTECTION_GROUP_ID, PROTECTION_ELEMENT_ID, UPDATE_DATE) VALUES (3354, 2, 335, '2007-07-03'); 
INSERT INTO CSM_PG_PE (PG_PE_ID, PROTECTION_GROUP_ID, PROTECTION_ELEMENT_ID, UPDATE_DATE) VALUES (3355, 2, 192, '2007-07-03'); 
INSERT INTO CSM_PG_PE (PG_PE_ID, PROTECTION_GROUP_ID, PROTECTION_ELEMENT_ID, UPDATE_DATE) VALUES (3356, 2, 303, '2007-07-03'); 
INSERT INTO CSM_PG_PE (PG_PE_ID, PROTECTION_GROUP_ID, PROTECTION_ELEMENT_ID, UPDATE_DATE) VALUES (3357, 2, 71, '2007-07-03'); 
INSERT INTO CSM_PG_PE (PG_PE_ID, PROTECTION_GROUP_ID, PROTECTION_ELEMENT_ID, UPDATE_DATE) VALUES (3358, 2, 317, '2007-07-03'); 
INSERT INTO CSM_PG_PE (PG_PE_ID, PROTECTION_GROUP_ID, PROTECTION_ELEMENT_ID, UPDATE_DATE) VALUES (3359, 2, 295, '2007-07-03'); 
INSERT INTO CSM_PG_PE (PG_PE_ID, PROTECTION_GROUP_ID, PROTECTION_ELEMENT_ID, UPDATE_DATE) VALUES (3360, 2, 186, '2007-07-03'); 
INSERT INTO CSM_PG_PE (PG_PE_ID, PROTECTION_GROUP_ID, PROTECTION_ELEMENT_ID, UPDATE_DATE) VALUES (3361, 2, 144, '2007-07-03'); 
INSERT INTO CSM_PG_PE (PG_PE_ID, PROTECTION_GROUP_ID, PROTECTION_ELEMENT_ID, UPDATE_DATE) VALUES (3362, 2, 314, '2007-07-03'); 
INSERT INTO CSM_PG_PE (PG_PE_ID, PROTECTION_GROUP_ID, PROTECTION_ELEMENT_ID, UPDATE_DATE) VALUES (3363, 2, 249, '2007-07-03'); 
INSERT INTO CSM_PG_PE (PG_PE_ID, PROTECTION_GROUP_ID, PROTECTION_ELEMENT_ID, UPDATE_DATE) VALUES (3364, 2, 252, '2007-07-03'); 
INSERT INTO CSM_PG_PE (PG_PE_ID, PROTECTION_GROUP_ID, PROTECTION_ELEMENT_ID, UPDATE_DATE) VALUES (3365, 2, 206, '2007-07-03'); 
INSERT INTO CSM_PG_PE (PG_PE_ID, PROTECTION_GROUP_ID, PROTECTION_ELEMENT_ID, UPDATE_DATE) VALUES (3366, 2, 393, '2007-07-03'); 
INSERT INTO CSM_PG_PE (PG_PE_ID, PROTECTION_GROUP_ID, PROTECTION_ELEMENT_ID, UPDATE_DATE) VALUES (3367, 2, 164, '2007-07-03'); 
INSERT INTO CSM_PG_PE (PG_PE_ID, PROTECTION_GROUP_ID, PROTECTION_ELEMENT_ID, UPDATE_DATE) VALUES (3368, 2, 309, '2007-07-03'); 
INSERT INTO CSM_PG_PE (PG_PE_ID, PROTECTION_GROUP_ID, PROTECTION_ELEMENT_ID, UPDATE_DATE) VALUES (3369, 2, 193, '2007-07-03'); 
INSERT INTO CSM_PG_PE (PG_PE_ID, PROTECTION_GROUP_ID, PROTECTION_ELEMENT_ID, UPDATE_DATE) VALUES (3370, 2, 119, '2007-07-03'); 
INSERT INTO CSM_PG_PE (PG_PE_ID, PROTECTION_GROUP_ID, PROTECTION_ELEMENT_ID, UPDATE_DATE) VALUES (3371, 2, 253, '2007-07-03'); 
INSERT INTO CSM_PG_PE (PG_PE_ID, PROTECTION_GROUP_ID, PROTECTION_ELEMENT_ID, UPDATE_DATE) VALUES (3372, 2, 288, '2007-07-03'); 
INSERT INTO CSM_PG_PE (PG_PE_ID, PROTECTION_GROUP_ID, PROTECTION_ELEMENT_ID, UPDATE_DATE) VALUES (3373, 2, 61, '2007-07-03'); 
INSERT INTO CSM_PG_PE (PG_PE_ID, PROTECTION_GROUP_ID, PROTECTION_ELEMENT_ID, UPDATE_DATE) VALUES (3374, 2, 198, '2007-07-03'); 
INSERT INTO CSM_PG_PE (PG_PE_ID, PROTECTION_GROUP_ID, PROTECTION_ELEMENT_ID, UPDATE_DATE) VALUES (3375, 2, 165, '2007-07-03'); 
INSERT INTO CSM_PG_PE (PG_PE_ID, PROTECTION_GROUP_ID, PROTECTION_ELEMENT_ID, UPDATE_DATE) VALUES (3376, 2, 68, '2007-07-03'); 
INSERT INTO CSM_PG_PE (PG_PE_ID, PROTECTION_GROUP_ID, PROTECTION_ELEMENT_ID, UPDATE_DATE) VALUES (3377, 2, 189, '2007-07-03'); 
INSERT INTO CSM_PG_PE (PG_PE_ID, PROTECTION_GROUP_ID, PROTECTION_ELEMENT_ID, UPDATE_DATE) VALUES (3378, 2, 176, '2007-07-03'); 
INSERT INTO CSM_PG_PE (PG_PE_ID, PROTECTION_GROUP_ID, PROTECTION_ELEMENT_ID, UPDATE_DATE) VALUES (3379, 2, 281, '2007-07-03'); 
INSERT INTO CSM_PG_PE (PG_PE_ID, PROTECTION_GROUP_ID, PROTECTION_ELEMENT_ID, UPDATE_DATE) VALUES (3380, 2, 312, '2007-07-03'); 
INSERT INTO CSM_PG_PE (PG_PE_ID, PROTECTION_GROUP_ID, PROTECTION_ELEMENT_ID, UPDATE_DATE) VALUES (3381, 2, 158, '2007-07-03'); 
INSERT INTO CSM_PG_PE (PG_PE_ID, PROTECTION_GROUP_ID, PROTECTION_ELEMENT_ID, UPDATE_DATE) VALUES (3382, 2, 111, '2007-07-03'); 
INSERT INTO CSM_PG_PE (PG_PE_ID, PROTECTION_GROUP_ID, PROTECTION_ELEMENT_ID, UPDATE_DATE) VALUES (3383, 2, 332, '2007-07-03'); 
INSERT INTO CSM_PG_PE (PG_PE_ID, PROTECTION_GROUP_ID, PROTECTION_ELEMENT_ID, UPDATE_DATE) VALUES (3384, 2, 185, '2007-07-03'); 
INSERT INTO CSM_PG_PE (PG_PE_ID, PROTECTION_GROUP_ID, PROTECTION_ELEMENT_ID, UPDATE_DATE) VALUES (3385, 2, 241, '2007-07-03'); 
INSERT INTO CSM_PG_PE (PG_PE_ID, PROTECTION_GROUP_ID, PROTECTION_ELEMENT_ID, UPDATE_DATE) VALUES (3386, 2, 202, '2007-07-03'); 
INSERT INTO CSM_PG_PE (PG_PE_ID, PROTECTION_GROUP_ID, PROTECTION_ELEMENT_ID, UPDATE_DATE) VALUES (3387, 2, 174, '2007-07-03'); 
INSERT INTO CSM_PG_PE (PG_PE_ID, PROTECTION_GROUP_ID, PROTECTION_ELEMENT_ID, UPDATE_DATE) VALUES (3388, 2, 268, '2007-07-03'); 
INSERT INTO CSM_PG_PE (PG_PE_ID, PROTECTION_GROUP_ID, PROTECTION_ELEMENT_ID, UPDATE_DATE) VALUES (3389, 2, 170, '2007-07-03'); 
INSERT INTO CSM_PG_PE (PG_PE_ID, PROTECTION_GROUP_ID, PROTECTION_ELEMENT_ID, UPDATE_DATE) VALUES (3390, 2, 89, '2007-07-03'); 
INSERT INTO CSM_PG_PE (PG_PE_ID, PROTECTION_GROUP_ID, PROTECTION_ELEMENT_ID, UPDATE_DATE) VALUES (3391, 2, 280, '2007-07-03'); 
INSERT INTO CSM_PG_PE (PG_PE_ID, PROTECTION_GROUP_ID, PROTECTION_ELEMENT_ID, UPDATE_DATE) VALUES (3392, 2, 194, '2007-07-03'); 
INSERT INTO CSM_PG_PE (PG_PE_ID, PROTECTION_GROUP_ID, PROTECTION_ELEMENT_ID, UPDATE_DATE) VALUES (3393, 2, 400, '2007-07-03'); 
INSERT INTO CSM_PG_PE (PG_PE_ID, PROTECTION_GROUP_ID, PROTECTION_ELEMENT_ID, UPDATE_DATE) VALUES (3394, 2, 59, '2007-07-03'); 
INSERT INTO CSM_PG_PE (PG_PE_ID, PROTECTION_GROUP_ID, PROTECTION_ELEMENT_ID, UPDATE_DATE) VALUES (3395, 2, 72, '2007-07-03'); 
INSERT INTO CSM_PG_PE (PG_PE_ID, PROTECTION_GROUP_ID, PROTECTION_ELEMENT_ID, UPDATE_DATE) VALUES (3396, 2, 90, '2007-07-03'); 
INSERT INTO CSM_PG_PE (PG_PE_ID, PROTECTION_GROUP_ID, PROTECTION_ELEMENT_ID, UPDATE_DATE) VALUES (3397, 2, 254, '2007-07-03'); 
INSERT INTO CSM_PG_PE (PG_PE_ID, PROTECTION_GROUP_ID, PROTECTION_ELEMENT_ID, UPDATE_DATE) VALUES (3398, 2, 178, '2007-07-03'); 
INSERT INTO CSM_PG_PE (PG_PE_ID, PROTECTION_GROUP_ID, PROTECTION_ELEMENT_ID, UPDATE_DATE) VALUES (3399, 2, 190, '2007-07-03'); 
INSERT INTO CSM_PG_PE (PG_PE_ID, PROTECTION_GROUP_ID, PROTECTION_ELEMENT_ID, UPDATE_DATE) VALUES (3400, 2, 294, '2007-07-03'); 
INSERT INTO CSM_PG_PE (PG_PE_ID, PROTECTION_GROUP_ID, PROTECTION_ELEMENT_ID, UPDATE_DATE) VALUES (3401, 2, 234, '2007-07-03'); 
INSERT INTO CSM_PG_PE (PG_PE_ID, PROTECTION_GROUP_ID, PROTECTION_ELEMENT_ID, UPDATE_DATE) VALUES (3402, 2, 123, '2007-07-03'); 
INSERT INTO CSM_PG_PE (PG_PE_ID, PROTECTION_GROUP_ID, PROTECTION_ELEMENT_ID, UPDATE_DATE) VALUES (3403, 2, 143, '2007-07-03'); 
INSERT INTO CSM_PG_PE (PG_PE_ID, PROTECTION_GROUP_ID, PROTECTION_ELEMENT_ID, UPDATE_DATE) VALUES (3404, 2, 285, '2007-07-03'); 
INSERT INTO CSM_PG_PE (PG_PE_ID, PROTECTION_GROUP_ID, PROTECTION_ELEMENT_ID, UPDATE_DATE) VALUES (3405, 2, 259, '2007-07-03'); 
INSERT INTO CSM_PG_PE (PG_PE_ID, PROTECTION_GROUP_ID, PROTECTION_ELEMENT_ID, UPDATE_DATE) VALUES (3406, 2, 208, '2007-07-03'); 
INSERT INTO CSM_PG_PE (PG_PE_ID, PROTECTION_GROUP_ID, PROTECTION_ELEMENT_ID, UPDATE_DATE) VALUES (3407, 2, 263, '2007-07-03'); 
INSERT INTO CSM_PG_PE (PG_PE_ID, PROTECTION_GROUP_ID, PROTECTION_ELEMENT_ID, UPDATE_DATE) VALUES (3408, 2, 210, '2007-07-03'); 
INSERT INTO CSM_PG_PE (PG_PE_ID, PROTECTION_GROUP_ID, PROTECTION_ELEMENT_ID, UPDATE_DATE) VALUES (3409, 2, 322, '2007-07-03'); 
INSERT INTO CSM_PG_PE (PG_PE_ID, PROTECTION_GROUP_ID, PROTECTION_ELEMENT_ID, UPDATE_DATE) VALUES (3410, 2, 333, '2007-07-03'); 
INSERT INTO CSM_PG_PE (PG_PE_ID, PROTECTION_GROUP_ID, PROTECTION_ELEMENT_ID, UPDATE_DATE) VALUES (3411, 2, 255, '2007-07-03'); 
INSERT INTO CSM_PG_PE (PG_PE_ID, PROTECTION_GROUP_ID, PROTECTION_ELEMENT_ID, UPDATE_DATE) VALUES (3412, 2, 199, '2007-07-03'); 
INSERT INTO CSM_PG_PE (PG_PE_ID, PROTECTION_GROUP_ID, PROTECTION_ELEMENT_ID, UPDATE_DATE) VALUES (3413, 2, 304, '2007-07-03'); 
INSERT INTO CSM_PG_PE (PG_PE_ID, PROTECTION_GROUP_ID, PROTECTION_ELEMENT_ID, UPDATE_DATE) VALUES (3414, 2, 278, '2007-07-03'); 
INSERT INTO CSM_PG_PE (PG_PE_ID, PROTECTION_GROUP_ID, PROTECTION_ELEMENT_ID, UPDATE_DATE) VALUES (3415, 2, 92, '2007-07-03'); 
INSERT INTO CSM_PG_PE (PG_PE_ID, PROTECTION_GROUP_ID, PROTECTION_ELEMENT_ID, UPDATE_DATE) VALUES (3416, 2, 201, '2007-07-03'); 
INSERT INTO CSM_PG_PE (PG_PE_ID, PROTECTION_GROUP_ID, PROTECTION_ELEMENT_ID, UPDATE_DATE) VALUES (3417, 2, 181, '2007-07-03'); 
INSERT INTO CSM_PG_PE (PG_PE_ID, PROTECTION_GROUP_ID, PROTECTION_ELEMENT_ID, UPDATE_DATE) VALUES (3418, 2, 261, '2007-07-03'); 
INSERT INTO CSM_PG_PE (PG_PE_ID, PROTECTION_GROUP_ID, PROTECTION_ELEMENT_ID, UPDATE_DATE) VALUES (3419, 2, 287, '2007-07-03'); 
INSERT INTO CSM_PG_PE (PG_PE_ID, PROTECTION_GROUP_ID, PROTECTION_ELEMENT_ID, UPDATE_DATE) VALUES (3420, 2, 266, '2007-07-03'); 
INSERT INTO CSM_PG_PE (PG_PE_ID, PROTECTION_GROUP_ID, PROTECTION_ELEMENT_ID, UPDATE_DATE) VALUES (3421, 2, 58, '2007-07-03'); 
INSERT INTO CSM_PG_PE (PG_PE_ID, PROTECTION_GROUP_ID, PROTECTION_ELEMENT_ID, UPDATE_DATE) VALUES (3422, 2, 293, '2007-07-03'); 
INSERT INTO CSM_PG_PE (PG_PE_ID, PROTECTION_GROUP_ID, PROTECTION_ELEMENT_ID, UPDATE_DATE) VALUES (3423, 2, 262, '2007-07-03'); 
INSERT INTO CSM_PG_PE (PG_PE_ID, PROTECTION_GROUP_ID, PROTECTION_ELEMENT_ID, UPDATE_DATE) VALUES (3424, 2, 149, '2007-07-03'); 
INSERT INTO CSM_PG_PE (PG_PE_ID, PROTECTION_GROUP_ID, PROTECTION_ELEMENT_ID, UPDATE_DATE) VALUES (3425, 2, 171, '2007-07-03'); 
INSERT INTO CSM_PG_PE (PG_PE_ID, PROTECTION_GROUP_ID, PROTECTION_ELEMENT_ID, UPDATE_DATE) VALUES (3426, 2, 135, '2007-07-03'); 
INSERT INTO CSM_PG_PE (PG_PE_ID, PROTECTION_GROUP_ID, PROTECTION_ELEMENT_ID, UPDATE_DATE) VALUES (3427, 2, 86, '2007-07-03'); 
INSERT INTO CSM_PG_PE (PG_PE_ID, PROTECTION_GROUP_ID, PROTECTION_ELEMENT_ID, UPDATE_DATE) VALUES (3428, 2, 108, '2007-07-03'); 
INSERT INTO CSM_PG_PE (PG_PE_ID, PROTECTION_GROUP_ID, PROTECTION_ELEMENT_ID, UPDATE_DATE) VALUES (3429, 2, 179, '2007-07-03'); 
INSERT INTO CSM_PG_PE (PG_PE_ID, PROTECTION_GROUP_ID, PROTECTION_ELEMENT_ID, UPDATE_DATE) VALUES (3430, 2, 334, '2007-07-03'); 
INSERT INTO CSM_PG_PE (PG_PE_ID, PROTECTION_GROUP_ID, PROTECTION_ELEMENT_ID, UPDATE_DATE) VALUES (3431, 2, 396, '2007-07-03'); 
INSERT INTO CSM_PG_PE (PG_PE_ID, PROTECTION_GROUP_ID, PROTECTION_ELEMENT_ID, UPDATE_DATE) VALUES (3432, 2, 152, '2007-07-03'); 
INSERT INTO CSM_PG_PE (PG_PE_ID, PROTECTION_GROUP_ID, PROTECTION_ELEMENT_ID, UPDATE_DATE) VALUES (3433, 2, 116, '2007-07-03'); 
INSERT INTO CSM_PG_PE (PG_PE_ID, PROTECTION_GROUP_ID, PROTECTION_ELEMENT_ID, UPDATE_DATE) VALUES (3434, 2, 237, '2007-07-03'); 
INSERT INTO CSM_PG_PE (PG_PE_ID, PROTECTION_GROUP_ID, PROTECTION_ELEMENT_ID, UPDATE_DATE) VALUES (3435, 2, 305, '2007-07-03'); 
INSERT INTO CSM_PG_PE (PG_PE_ID, PROTECTION_GROUP_ID, PROTECTION_ELEMENT_ID, UPDATE_DATE) VALUES (3436, 2, 106, '2007-07-03'); 
INSERT INTO CSM_PG_PE (PG_PE_ID, PROTECTION_GROUP_ID, PROTECTION_ELEMENT_ID, UPDATE_DATE) VALUES (3437, 2, 240, '2007-07-03'); 
INSERT INTO CSM_PG_PE (PG_PE_ID, PROTECTION_GROUP_ID, PROTECTION_ELEMENT_ID, UPDATE_DATE) VALUES (3438, 2, 155, '2007-07-03'); 
INSERT INTO CSM_PG_PE (PG_PE_ID, PROTECTION_GROUP_ID, PROTECTION_ELEMENT_ID, UPDATE_DATE) VALUES (3439, 2, 180, '2007-07-03'); 
INSERT INTO CSM_PG_PE (PG_PE_ID, PROTECTION_GROUP_ID, PROTECTION_ELEMENT_ID, UPDATE_DATE) VALUES (3440, 2, 260, '2007-07-03'); 
INSERT INTO CSM_PG_PE (PG_PE_ID, PROTECTION_GROUP_ID, PROTECTION_ELEMENT_ID, UPDATE_DATE) VALUES (3441, 2, 392, '2007-07-03'); 
INSERT INTO CSM_PG_PE (PG_PE_ID, PROTECTION_GROUP_ID, PROTECTION_ELEMENT_ID, UPDATE_DATE) VALUES (3442, 2, 70, '2007-07-03'); 
INSERT INTO CSM_PG_PE (PG_PE_ID, PROTECTION_GROUP_ID, PROTECTION_ELEMENT_ID, UPDATE_DATE) VALUES (3443, 2, 391, '2007-07-03'); 
INSERT INTO CSM_PG_PE (PG_PE_ID, PROTECTION_GROUP_ID, PROTECTION_ELEMENT_ID, UPDATE_DATE) VALUES (3444, 2, 257, '2007-07-03'); 
INSERT INTO CSM_PG_PE (PG_PE_ID, PROTECTION_GROUP_ID, PROTECTION_ELEMENT_ID, UPDATE_DATE) VALUES (3445, 2, 232, '2007-07-03'); 
INSERT INTO CSM_PG_PE (PG_PE_ID, PROTECTION_GROUP_ID, PROTECTION_ELEMENT_ID, UPDATE_DATE) VALUES (3446, 2, 231, '2007-07-03'); 
INSERT INTO CSM_PG_PE (PG_PE_ID, PROTECTION_GROUP_ID, PROTECTION_ELEMENT_ID, UPDATE_DATE) VALUES (3447, 2, 168, '2007-07-03'); 
INSERT INTO CSM_PG_PE (PG_PE_ID, PROTECTION_GROUP_ID, PROTECTION_ELEMENT_ID, UPDATE_DATE) VALUES (3448, 2, 217, '2007-07-03'); 
INSERT INTO CSM_PG_PE (PG_PE_ID, PROTECTION_GROUP_ID, PROTECTION_ELEMENT_ID, UPDATE_DATE) VALUES (3449, 2, 282, '2007-07-03'); 
INSERT INTO CSM_PG_PE (PG_PE_ID, PROTECTION_GROUP_ID, PROTECTION_ELEMENT_ID, UPDATE_DATE) VALUES (3450, 2, 60, '2007-07-03'); 
INSERT INTO CSM_PG_PE (PG_PE_ID, PROTECTION_GROUP_ID, PROTECTION_ELEMENT_ID, UPDATE_DATE) VALUES (3451, 2, 224, '2007-07-03'); 
INSERT INTO CSM_PG_PE (PG_PE_ID, PROTECTION_GROUP_ID, PROTECTION_ELEMENT_ID, UPDATE_DATE) VALUES (3452, 2, 145, '2007-07-03'); 
INSERT INTO CSM_PG_PE (PG_PE_ID, PROTECTION_GROUP_ID, PROTECTION_ELEMENT_ID, UPDATE_DATE) VALUES (3453, 2, 276, '2007-07-03'); 
INSERT INTO CSM_PG_PE (PG_PE_ID, PROTECTION_GROUP_ID, PROTECTION_ELEMENT_ID, UPDATE_DATE) VALUES (3454, 2, 127, '2007-07-03'); 
INSERT INTO CSM_PG_PE (PG_PE_ID, PROTECTION_GROUP_ID, PROTECTION_ELEMENT_ID, UPDATE_DATE) VALUES (3455, 2, 128, '2007-07-03'); 
INSERT INTO CSM_PG_PE (PG_PE_ID, PROTECTION_GROUP_ID, PROTECTION_ELEMENT_ID, UPDATE_DATE) VALUES (3456, 2, 306, '2007-07-03'); 
INSERT INTO CSM_PG_PE (PG_PE_ID, PROTECTION_GROUP_ID, PROTECTION_ELEMENT_ID, UPDATE_DATE) VALUES (3457, 2, 148, '2007-07-03'); 
INSERT INTO CSM_PG_PE (PG_PE_ID, PROTECTION_GROUP_ID, PROTECTION_ELEMENT_ID, UPDATE_DATE) VALUES (3458, 2, 274, '2007-07-03'); 
INSERT INTO CSM_PG_PE (PG_PE_ID, PROTECTION_GROUP_ID, PROTECTION_ELEMENT_ID, UPDATE_DATE) VALUES (3459, 2, 172, '2007-07-03'); 
INSERT INTO CSM_PG_PE (PG_PE_ID, PROTECTION_GROUP_ID, PROTECTION_ELEMENT_ID, UPDATE_DATE) VALUES (3460, 2, 227, '2007-07-03'); 
INSERT INTO CSM_PG_PE (PG_PE_ID, PROTECTION_GROUP_ID, PROTECTION_ELEMENT_ID, UPDATE_DATE) VALUES (3461, 2, 336, '2007-07-03'); 
INSERT INTO CSM_PG_PE (PG_PE_ID, PROTECTION_GROUP_ID, PROTECTION_ELEMENT_ID, UPDATE_DATE) VALUES (3462, 2, 88, '2007-07-03'); 
INSERT INTO CSM_PG_PE (PG_PE_ID, PROTECTION_GROUP_ID, PROTECTION_ELEMENT_ID, UPDATE_DATE) VALUES (3463, 2, 182, '2007-07-03'); 
INSERT INTO CSM_PG_PE (PG_PE_ID, PROTECTION_GROUP_ID, PROTECTION_ELEMENT_ID, UPDATE_DATE) VALUES (3464, 2, 137, '2007-07-03'); 
INSERT INTO CSM_PG_PE (PG_PE_ID, PROTECTION_GROUP_ID, PROTECTION_ELEMENT_ID, UPDATE_DATE) VALUES (3465, 2, 102, '2007-07-03'); 
INSERT INTO CSM_PG_PE (PG_PE_ID, PROTECTION_GROUP_ID, PROTECTION_ELEMENT_ID, UPDATE_DATE) VALUES (3466, 2, 77, '2007-07-03'); 
INSERT INTO CSM_PG_PE (PG_PE_ID, PROTECTION_GROUP_ID, PROTECTION_ELEMENT_ID, UPDATE_DATE) VALUES (3467, 2, 114, '2007-07-03'); 
INSERT INTO CSM_PG_PE (PG_PE_ID, PROTECTION_GROUP_ID, PROTECTION_ELEMENT_ID, UPDATE_DATE) VALUES (3468, 2, 79, '2007-07-03'); 
INSERT INTO CSM_PG_PE (PG_PE_ID, PROTECTION_GROUP_ID, PROTECTION_ELEMENT_ID, UPDATE_DATE) VALUES (3469, 2, 125, '2007-07-03'); 
INSERT INTO CSM_PG_PE (PG_PE_ID, PROTECTION_GROUP_ID, PROTECTION_ELEMENT_ID, UPDATE_DATE) VALUES (3854, 29, 367, '2007-07-05'); 
INSERT INTO CSM_PG_PE (PG_PE_ID, PROTECTION_GROUP_ID, PROTECTION_ELEMENT_ID, UPDATE_DATE) VALUES (3470, 2, 216, '2007-07-03'); 
INSERT INTO CSM_PG_PE (PG_PE_ID, PROTECTION_GROUP_ID, PROTECTION_ELEMENT_ID, UPDATE_DATE) VALUES (3471, 2, 301, '2007-07-03'); 
INSERT INTO CSM_PG_PE (PG_PE_ID, PROTECTION_GROUP_ID, PROTECTION_ELEMENT_ID, UPDATE_DATE) VALUES (3472, 2, 284, '2007-07-03'); 
INSERT INTO CSM_PG_PE (PG_PE_ID, PROTECTION_GROUP_ID, PROTECTION_ELEMENT_ID, UPDATE_DATE) VALUES (3473, 2, 95, '2007-07-03'); 
INSERT INTO CSM_PG_PE (PG_PE_ID, PROTECTION_GROUP_ID, PROTECTION_ELEMENT_ID, UPDATE_DATE) VALUES (3474, 2, 74, '2007-07-03'); 
INSERT INTO CSM_PG_PE (PG_PE_ID, PROTECTION_GROUP_ID, PROTECTION_ELEMENT_ID, UPDATE_DATE) VALUES (3475, 2, 84, '2007-07-03'); 
INSERT INTO CSM_PG_PE (PG_PE_ID, PROTECTION_GROUP_ID, PROTECTION_ELEMENT_ID, UPDATE_DATE) VALUES (3476, 2, 235, '2007-07-03'); 
INSERT INTO CSM_PG_PE (PG_PE_ID, PROTECTION_GROUP_ID, PROTECTION_ELEMENT_ID, UPDATE_DATE) VALUES (3477, 2, 85, '2007-07-03'); 
INSERT INTO CSM_PG_PE (PG_PE_ID, PROTECTION_GROUP_ID, PROTECTION_ELEMENT_ID, UPDATE_DATE) VALUES (3478, 2, 211, '2007-07-03'); 
INSERT INTO CSM_PG_PE (PG_PE_ID, PROTECTION_GROUP_ID, PROTECTION_ELEMENT_ID, UPDATE_DATE) VALUES (3479, 2, 277, '2007-07-03'); 
INSERT INTO CSM_PG_PE (PG_PE_ID, PROTECTION_GROUP_ID, PROTECTION_ELEMENT_ID, UPDATE_DATE) VALUES (3480, 2, 177, '2007-07-03'); 
INSERT INTO CSM_PG_PE (PG_PE_ID, PROTECTION_GROUP_ID, PROTECTION_ELEMENT_ID, UPDATE_DATE) VALUES (3481, 2, 223, '2007-07-03'); 
INSERT INTO CSM_PG_PE (PG_PE_ID, PROTECTION_GROUP_ID, PROTECTION_ELEMENT_ID, UPDATE_DATE) VALUES (3482, 2, 110, '2007-07-03'); 
INSERT INTO CSM_PG_PE (PG_PE_ID, PROTECTION_GROUP_ID, PROTECTION_ELEMENT_ID, UPDATE_DATE) VALUES (3483, 2, 272, '2007-07-03'); 
INSERT INTO CSM_PG_PE (PG_PE_ID, PROTECTION_GROUP_ID, PROTECTION_ELEMENT_ID, UPDATE_DATE) VALUES (3484, 2, 329, '2007-07-03'); 
INSERT INTO CSM_PG_PE (PG_PE_ID, PROTECTION_GROUP_ID, PROTECTION_ELEMENT_ID, UPDATE_DATE) VALUES (3485, 2, 326, '2007-07-03'); 
INSERT INTO CSM_PRIVILEGE (PRIVILEGE_ID, PRIVILEGE_NAME, PRIVILEGE_DESCRIPTION, UPDATE_DATE) VALUES (1, 'CREATE', 'This privilege grants permission to a user to create an entity. This entity can be an object, a database entry, or a resource such as a network connection', '2007-02-27'); 
INSERT INTO CSM_PRIVILEGE (PRIVILEGE_ID, PRIVILEGE_NAME, PRIVILEGE_DESCRIPTION, UPDATE_DATE) VALUES (2, 'ACCESS', 'This privilege allows a user to access a particular resource.  ', '2007-02-27'); 
INSERT INTO CSM_PRIVILEGE (PRIVILEGE_ID, PRIVILEGE_NAME, PRIVILEGE_DESCRIPTION, UPDATE_DATE) VALUES (3, 'READ', 'This privilege permits the user to read data from a file, URL, socket, database, or an object. ', '2007-02-27'); 
INSERT INTO CSM_PRIVILEGE (PRIVILEGE_ID, PRIVILEGE_NAME, PRIVILEGE_DESCRIPTION, UPDATE_DATE) VALUES (4, 'WRITE', 'This privilege allows a user to write data to a file, URL, socket, database, or object. ', '2007-02-27'); 
INSERT INTO CSM_PRIVILEGE (PRIVILEGE_ID, PRIVILEGE_NAME, PRIVILEGE_DESCRIPTION, UPDATE_DATE) VALUES (5, 'UPDATE', 'This privilege grants permission at an entity level and signifies that the user is allowed to update and modify data for a particular entity.', '2007-02-27'); 
INSERT INTO CSM_PRIVILEGE (PRIVILEGE_ID, PRIVILEGE_NAME, PRIVILEGE_DESCRIPTION, UPDATE_DATE) VALUES (6, 'DELETE', 'This privilege permits a user to delete a logical entity.', '2007-02-27'); 
INSERT INTO CSM_PRIVILEGE (PRIVILEGE_ID, PRIVILEGE_NAME, PRIVILEGE_DESCRIPTION, UPDATE_DATE) VALUES (7, 'EXECUTE', 'This privilege allows a user to execute a particular resource.', '2007-02-27'); 
INSERT INTO CSM_PROTECTION_ELEMENT (PROTECTION_ELEMENT_ID, PROTECTION_ELEMENT_NAME, PROTECTION_ELEMENT_DESCRIPTION, OBJECT_ID, ATTRIBUTE, PROTECTION_ELEMENT_TYPE, APPLICATION_ID, UPDATE_DATE) VALUES (187, 'gov.nih.nci.ctom.domain.LesionDescription.measurableIndicator', null, 'gov.nih.nci.ctom.domain.LesionDescription', 'measurableIndicator', 'Attribute', 2, '2007-02-27'); 
INSERT INTO CSM_PROTECTION_ELEMENT (PROTECTION_ELEMENT_ID, PROTECTION_ELEMENT_NAME, PROTECTION_ELEMENT_DESCRIPTION, OBJECT_ID, ATTRIBUTE, PROTECTION_ELEMENT_TYPE, APPLICATION_ID, UPDATE_DATE) VALUES (188, 'gov.nih.nci.ctom.domain.LesionDescription.methodCode', null, 'gov.nih.nci.ctom.domain.LesionDescription', 'methodCode', 'Attribute', 2, '2007-02-27'); 
INSERT INTO CSM_PROTECTION_ELEMENT (PROTECTION_ELEMENT_ID, PROTECTION_ELEMENT_NAME, PROTECTION_ELEMENT_DESCRIPTION, OBJECT_ID, ATTRIBUTE, PROTECTION_ELEMENT_TYPE, APPLICATION_ID, UPDATE_DATE) VALUES (189, 'gov.nih.nci.ctom.domain.LesionDescription.previouslyIrradiatedSiteIndicator', null, 'gov.nih.nci.ctom.domain.LesionDescription', 'previouslyIrradiatedSiteIndicator', 'Attribute', 2, '2007-02-27'); 
INSERT INTO CSM_PROTECTION_ELEMENT (PROTECTION_ELEMENT_ID, PROTECTION_ELEMENT_NAME, PROTECTION_ELEMENT_DESCRIPTION, OBJECT_ID, ATTRIBUTE, PROTECTION_ELEMENT_TYPE, APPLICATION_ID, UPDATE_DATE) VALUES (190, 'gov.nih.nci.ctom.domain.LesionDescription.targetNonTargetCode', null, 'gov.nih.nci.ctom.domain.LesionDescription', 'targetNonTargetCode', 'Attribute', 2, '2007-02-27'); 
INSERT INTO CSM_PROTECTION_ELEMENT (PROTECTION_ELEMENT_ID, PROTECTION_ELEMENT_NAME, PROTECTION_ELEMENT_DESCRIPTION, OBJECT_ID, ATTRIBUTE, PROTECTION_ELEMENT_TYPE, APPLICATION_ID, UPDATE_DATE) VALUES (191, 'gov.nih.nci.ctom.domain.LesionDescription.xaDimension', null, 'gov.nih.nci.ctom.domain.LesionDescription', 'xaDimension', 'Attribute', 2, '2007-02-27'); 
INSERT INTO CSM_PROTECTION_ELEMENT (PROTECTION_ELEMENT_ID, PROTECTION_ELEMENT_NAME, PROTECTION_ELEMENT_DESCRIPTION, OBJECT_ID, ATTRIBUTE, PROTECTION_ELEMENT_TYPE, APPLICATION_ID, UPDATE_DATE) VALUES (192, 'gov.nih.nci.ctom.domain.LesionDescription.yaDimension', null, 'gov.nih.nci.ctom.domain.LesionDescription', 'yaDimension', 'Attribute', 2, '2007-02-27'); 
INSERT INTO CSM_PROTECTION_ELEMENT (PROTECTION_ELEMENT_ID, PROTECTION_ELEMENT_NAME, PROTECTION_ELEMENT_DESCRIPTION, OBJECT_ID, ATTRIBUTE, PROTECTION_ELEMENT_TYPE, APPLICATION_ID, UPDATE_DATE) VALUES (193, 'gov.nih.nci.ctom.domain.LesionDescription.zaDimension', null, 'gov.nih.nci.ctom.domain.LesionDescription', 'zaDimension', 'Attribute', 2, '2007-02-27'); 
INSERT INTO CSM_PROTECTION_ELEMENT (PROTECTION_ELEMENT_ID, PROTECTION_ELEMENT_NAME, PROTECTION_ELEMENT_DESCRIPTION, OBJECT_ID, ATTRIBUTE, PROTECTION_ELEMENT_TYPE, APPLICATION_ID, UPDATE_DATE) VALUES (194, 'gov.nih.nci.ctom.domain.LesionEvaluation.evaluationCode', null, 'gov.nih.nci.ctom.domain.LesionEvaluation', 'evaluationCode', 'Attribute', 2, '2007-02-27'); 
INSERT INTO CSM_PROTECTION_ELEMENT (PROTECTION_ELEMENT_ID, PROTECTION_ELEMENT_NAME, PROTECTION_ELEMENT_DESCRIPTION, OBJECT_ID, ATTRIBUTE, PROTECTION_ELEMENT_TYPE, APPLICATION_ID, UPDATE_DATE) VALUES (195, 'gov.nih.nci.ctom.domain.MetastasisSite.anatomicSiteCode', null, 'gov.nih.nci.ctom.domain.MetastasisSite', 'anatomicSiteCode', 'Attribute', 2, '2007-02-27'); 
INSERT INTO CSM_PROTECTION_ELEMENT (PROTECTION_ELEMENT_ID, PROTECTION_ELEMENT_NAME, PROTECTION_ELEMENT_DESCRIPTION, OBJECT_ID, ATTRIBUTE, PROTECTION_ELEMENT_TYPE, APPLICATION_ID, UPDATE_DATE) VALUES (196, 'gov.nih.nci.ctom.domain.MetastasisSite.anatomicSiteCodeSystem', null, 'gov.nih.nci.ctom.domain.MetastasisSite', 'anatomicSiteCodeSystem', 'Attribute', 2, '2007-02-27'); 
INSERT INTO CSM_PROTECTION_ELEMENT (PROTECTION_ELEMENT_ID, PROTECTION_ELEMENT_NAME, PROTECTION_ELEMENT_DESCRIPTION, OBJECT_ID, ATTRIBUTE, PROTECTION_ELEMENT_TYPE, APPLICATION_ID, UPDATE_DATE) VALUES (197, 'gov.nih.nci.ctom.domain.MetastasisSite.cancerStageId', null, 'gov.nih.nci.ctom.domain.MetastasisSite', 'cancerStageId', 'Attribute', 2, '2007-02-27'); 
INSERT INTO CSM_PROTECTION_ELEMENT (PROTECTION_ELEMENT_ID, PROTECTION_ELEMENT_NAME, PROTECTION_ELEMENT_DESCRIPTION, OBJECT_ID, ATTRIBUTE, PROTECTION_ELEMENT_TYPE, APPLICATION_ID, UPDATE_DATE) VALUES (198, 'gov.nih.nci.ctom.domain.MetastasisSite.id', null, 'gov.nih.nci.ctom.domain.MetastasisSite', 'id', 'Attribute', 2, '2007-02-27'); 
INSERT INTO CSM_PROTECTION_ELEMENT (PROTECTION_ELEMENT_ID, PROTECTION_ELEMENT_NAME, PROTECTION_ELEMENT_DESCRIPTION, OBJECT_ID, ATTRIBUTE, PROTECTION_ELEMENT_TYPE, APPLICATION_ID, UPDATE_DATE) VALUES (199, 'gov.nih.nci.ctom.domain.Neoplasm.cellTypeCode', null, 'gov.nih.nci.ctom.domain.Neoplasm', 'cellTypeCode', 'Attribute', 2, '2007-02-27'); 
INSERT INTO CSM_PROTECTION_ELEMENT (PROTECTION_ELEMENT_ID, PROTECTION_ELEMENT_NAME, PROTECTION_ELEMENT_DESCRIPTION, OBJECT_ID, ATTRIBUTE, PROTECTION_ELEMENT_TYPE, APPLICATION_ID, UPDATE_DATE) VALUES (200, 'gov.nih.nci.ctom.domain.Neoplasm.id', null, 'gov.nih.nci.ctom.domain.Neoplasm', 'id', 'Attribute', 2, '2007-02-27'); 
INSERT INTO CSM_PROTECTION_ELEMENT (PROTECTION_ELEMENT_ID, PROTECTION_ELEMENT_NAME, PROTECTION_ELEMENT_DESCRIPTION, OBJECT_ID, ATTRIBUTE, PROTECTION_ELEMENT_TYPE, APPLICATION_ID, UPDATE_DATE) VALUES (201, 'gov.nih.nci.ctom.domain.Observation.confidentialityCode', null, 'gov.nih.nci.ctom.domain.Observation', 'confidentialityCode', 'Attribute', 2, '2007-02-27'); 
INSERT INTO CSM_PROTECTION_ELEMENT (PROTECTION_ELEMENT_ID, PROTECTION_ELEMENT_NAME, PROTECTION_ELEMENT_DESCRIPTION, OBJECT_ID, ATTRIBUTE, PROTECTION_ELEMENT_TYPE, APPLICATION_ID, UPDATE_DATE) VALUES (202, 'gov.nih.nci.ctom.domain.Observation.id', null, 'gov.nih.nci.ctom.domain.Observation', 'id', 'Attribute', 2, '2007-02-27'); 
INSERT INTO CSM_PROTECTION_ELEMENT (PROTECTION_ELEMENT_ID, PROTECTION_ELEMENT_NAME, PROTECTION_ELEMENT_DESCRIPTION, OBJECT_ID, ATTRIBUTE, PROTECTION_ELEMENT_TYPE, APPLICATION_ID, UPDATE_DATE) VALUES (203, 'gov.nih.nci.ctom.domain.Observation.reportingDate', null, 'gov.nih.nci.ctom.domain.Observation', 'reportingDate', 'Attribute', 2, '2007-02-27'); 
INSERT INTO CSM_PROTECTION_ELEMENT (PROTECTION_ELEMENT_ID, PROTECTION_ELEMENT_NAME, PROTECTION_ELEMENT_DESCRIPTION, OBJECT_ID, ATTRIBUTE, PROTECTION_ELEMENT_TYPE, APPLICATION_ID, UPDATE_DATE) VALUES (204, 'gov.nih.nci.ctom.domain.Observation.statusCode', null, 'gov.nih.nci.ctom.domain.Observation', 'statusCode', 'Attribute', 2, '2007-02-27'); 
INSERT INTO CSM_PROTECTION_ELEMENT (PROTECTION_ELEMENT_ID, PROTECTION_ELEMENT_NAME, PROTECTION_ELEMENT_DESCRIPTION, OBJECT_ID, ATTRIBUTE, PROTECTION_ELEMENT_TYPE, APPLICATION_ID, UPDATE_DATE) VALUES (205, 'gov.nih.nci.ctom.domain.Observation.subtypeCode', null, 'gov.nih.nci.ctom.domain.Observation', 'subtypeCode', 'Attribute', 2, '2007-02-27'); 
INSERT INTO CSM_PROTECTION_ELEMENT (PROTECTION_ELEMENT_ID, PROTECTION_ELEMENT_NAME, PROTECTION_ELEMENT_DESCRIPTION, OBJECT_ID, ATTRIBUTE, PROTECTION_ELEMENT_TYPE, APPLICATION_ID, UPDATE_DATE) VALUES (206, 'gov.nih.nci.ctom.domain.Observation.uncertaintyCode', null, 'gov.nih.nci.ctom.domain.Observation', 'uncertaintyCode', 'Attribute', 2, '2007-02-27'); 
INSERT INTO CSM_PROTECTION_ELEMENT (PROTECTION_ELEMENT_ID, PROTECTION_ELEMENT_NAME, PROTECTION_ELEMENT_DESCRIPTION, OBJECT_ID, ATTRIBUTE, PROTECTION_ELEMENT_TYPE, APPLICATION_ID, UPDATE_DATE) VALUES (207, 'gov.nih.nci.ctom.domain.ObservationRelationship.commentText', null, 'gov.nih.nci.ctom.domain.ObservationRelationship', 'commentText', 'Attribute', 2, '2007-02-27'); 
INSERT INTO CSM_PROTECTION_ELEMENT (PROTECTION_ELEMENT_ID, PROTECTION_ELEMENT_NAME, PROTECTION_ELEMENT_DESCRIPTION, OBJECT_ID, ATTRIBUTE, PROTECTION_ELEMENT_TYPE, APPLICATION_ID, UPDATE_DATE) VALUES (208, 'gov.nih.nci.ctom.domain.ObservationRelationship.id', null, 'gov.nih.nci.ctom.domain.ObservationRelationship', 'id', 'Attribute', 2, '2007-02-27'); 
INSERT INTO CSM_PROTECTION_ELEMENT (PROTECTION_ELEMENT_ID, PROTECTION_ELEMENT_NAME, PROTECTION_ELEMENT_DESCRIPTION, OBJECT_ID, ATTRIBUTE, PROTECTION_ELEMENT_TYPE, APPLICATION_ID, UPDATE_DATE) VALUES (209, 'gov.nih.nci.ctom.domain.ObservationRelationship.typeCode', null, 'gov.nih.nci.ctom.domain.ObservationRelationship', 'typeCode', 'Attribute', 2, '2007-02-27'); 
INSERT INTO CSM_PROTECTION_ELEMENT (PROTECTION_ELEMENT_ID, PROTECTION_ELEMENT_NAME, PROTECTION_ELEMENT_DESCRIPTION, OBJECT_ID, ATTRIBUTE, PROTECTION_ELEMENT_TYPE, APPLICATION_ID, UPDATE_DATE) VALUES (210, 'gov.nih.nci.ctom.domain.Organization.city', null, 'gov.nih.nci.ctom.domain.Organization', 'city', 'Attribute', 2, '2007-02-27'); 
INSERT INTO CSM_PROTECTION_ELEMENT (PROTECTION_ELEMENT_ID, PROTECTION_ELEMENT_NAME, PROTECTION_ELEMENT_DESCRIPTION, OBJECT_ID, ATTRIBUTE, PROTECTION_ELEMENT_TYPE, APPLICATION_ID, UPDATE_DATE) VALUES (211, 'gov.nih.nci.ctom.domain.Organization.countryCode', null, 'gov.nih.nci.ctom.domain.Organization', 'countryCode', 'Attribute', 2, '2007-02-27'); 
INSERT INTO CSM_PROTECTION_ELEMENT (PROTECTION_ELEMENT_ID, PROTECTION_ELEMENT_NAME, PROTECTION_ELEMENT_DESCRIPTION, OBJECT_ID, ATTRIBUTE, PROTECTION_ELEMENT_TYPE, APPLICATION_ID, UPDATE_DATE) VALUES (212, 'gov.nih.nci.ctom.domain.Organization.descriptionText', null, 'gov.nih.nci.ctom.domain.Organization', 'descriptionText', 'Attribute', 2, '2007-02-27'); 
INSERT INTO CSM_PROTECTION_ELEMENT (PROTECTION_ELEMENT_ID, PROTECTION_ELEMENT_NAME, PROTECTION_ELEMENT_DESCRIPTION, OBJECT_ID, ATTRIBUTE, PROTECTION_ELEMENT_TYPE, APPLICATION_ID, UPDATE_DATE) VALUES (213, 'gov.nih.nci.ctom.domain.Organization.id', null, 'gov.nih.nci.ctom.domain.Organization', 'id', 'Attribute', 2, '2007-02-27'); 
INSERT INTO CSM_PROTECTION_ELEMENT (PROTECTION_ELEMENT_ID, PROTECTION_ELEMENT_NAME, PROTECTION_ELEMENT_DESCRIPTION, OBJECT_ID, ATTRIBUTE, PROTECTION_ELEMENT_TYPE, APPLICATION_ID, UPDATE_DATE) VALUES (214, 'gov.nih.nci.ctom.domain.Organization.name', null, 'gov.nih.nci.ctom.domain.Organization', 'name', 'Attribute', 2, '2007-02-27'); 
INSERT INTO CSM_PROTECTION_ELEMENT (PROTECTION_ELEMENT_ID, PROTECTION_ELEMENT_NAME, PROTECTION_ELEMENT_DESCRIPTION, OBJECT_ID, ATTRIBUTE, PROTECTION_ELEMENT_TYPE, APPLICATION_ID, UPDATE_DATE) VALUES (215, 'gov.nih.nci.ctom.domain.Organization.postalCode', null, 'gov.nih.nci.ctom.domain.Organization', 'postalCode', 'Attribute', 2, '2007-02-27'); 
INSERT INTO CSM_PROTECTION_ELEMENT (PROTECTION_ELEMENT_ID, PROTECTION_ELEMENT_NAME, PROTECTION_ELEMENT_DESCRIPTION, OBJECT_ID, ATTRIBUTE, PROTECTION_ELEMENT_TYPE, APPLICATION_ID, UPDATE_DATE) VALUES (216, 'gov.nih.nci.ctom.domain.Organization.stateCode', null, 'gov.nih.nci.ctom.domain.Organization', 'stateCode', 'Attribute', 2, '2007-02-27'); 
INSERT INTO CSM_PROTECTION_ELEMENT (PROTECTION_ELEMENT_ID, PROTECTION_ELEMENT_NAME, PROTECTION_ELEMENT_DESCRIPTION, OBJECT_ID, ATTRIBUTE, PROTECTION_ELEMENT_TYPE, APPLICATION_ID, UPDATE_DATE) VALUES (217, 'gov.nih.nci.ctom.domain.Organization.statusCode', null, 'gov.nih.nci.ctom.domain.Organization', 'statusCode', 'Attribute', 2, '2007-02-27'); 
INSERT INTO CSM_PROTECTION_ELEMENT (PROTECTION_ELEMENT_ID, PROTECTION_ELEMENT_NAME, PROTECTION_ELEMENT_DESCRIPTION, OBJECT_ID, ATTRIBUTE, PROTECTION_ELEMENT_TYPE, APPLICATION_ID, UPDATE_DATE) VALUES (218, 'gov.nih.nci.ctom.domain.Organization.statusDate', null, 'gov.nih.nci.ctom.domain.Organization', 'statusDate', 'Attribute', 2, '2007-02-27'); 
INSERT INTO CSM_PROTECTION_ELEMENT (PROTECTION_ELEMENT_ID, PROTECTION_ELEMENT_NAME, PROTECTION_ELEMENT_DESCRIPTION, OBJECT_ID, ATTRIBUTE, PROTECTION_ELEMENT_TYPE, APPLICATION_ID, UPDATE_DATE) VALUES (219, 'gov.nih.nci.ctom.domain.Organization.telecomAddress', null, 'gov.nih.nci.ctom.domain.Organization', 'telecomAddress', 'Attribute', 2, '2007-02-27'); 
INSERT INTO CSM_PROTECTION_ELEMENT (PROTECTION_ELEMENT_ID, PROTECTION_ELEMENT_NAME, PROTECTION_ELEMENT_DESCRIPTION, OBJECT_ID, ATTRIBUTE, PROTECTION_ELEMENT_TYPE, APPLICATION_ID, UPDATE_DATE) VALUES (220, 'gov.nih.nci.ctom.domain.Participant.confidentialityIndicator', null, 'gov.nih.nci.ctom.domain.Participant', 'confidentialityIndicator', 'Attribute', 2, '2007-02-27'); 
INSERT INTO CSM_PROTECTION_ELEMENT (PROTECTION_ELEMENT_ID, PROTECTION_ELEMENT_NAME, PROTECTION_ELEMENT_DESCRIPTION, OBJECT_ID, ATTRIBUTE, PROTECTION_ELEMENT_TYPE, APPLICATION_ID, UPDATE_DATE) VALUES (221, 'gov.nih.nci.ctom.domain.Participant.initials', null, 'gov.nih.nci.ctom.domain.Participant', 'initials', 'Attribute', 2, '2007-02-27'); 
INSERT INTO CSM_PROTECTION_ELEMENT (PROTECTION_ELEMENT_ID, PROTECTION_ELEMENT_NAME, PROTECTION_ELEMENT_DESCRIPTION, OBJECT_ID, ATTRIBUTE, PROTECTION_ELEMENT_TYPE, APPLICATION_ID, UPDATE_DATE) VALUES (236, 'gov.nih.nci.ctom.domain.Person.id', null, 'gov.nih.nci.ctom.domain.Person', 'id', 'Attribute', 2, '2007-02-27'); 
INSERT INTO CSM_PROTECTION_ELEMENT (PROTECTION_ELEMENT_ID, PROTECTION_ELEMENT_NAME, PROTECTION_ELEMENT_DESCRIPTION, OBJECT_ID, ATTRIBUTE, PROTECTION_ELEMENT_TYPE, APPLICATION_ID, UPDATE_DATE) VALUES (222, 'gov.nih.nci.ctom.domain.Participant.paymentMethodCode', null, 'gov.nih.nci.ctom.domain.Participant', 'paymentMethodCode', 'Attribute', 2, '2007-02-27'); 
INSERT INTO CSM_PROTECTION_ELEMENT (PROTECTION_ELEMENT_ID, PROTECTION_ELEMENT_NAME, PROTECTION_ELEMENT_DESCRIPTION, OBJECT_ID, ATTRIBUTE, PROTECTION_ELEMENT_TYPE, APPLICATION_ID, UPDATE_DATE) VALUES (223, 'gov.nih.nci.ctom.domain.Participant.zipCode', null, 'gov.nih.nci.ctom.domain.Participant', 'zipCode', 'Attribute', 2, '2007-02-27'); 
INSERT INTO CSM_PROTECTION_ELEMENT (PROTECTION_ELEMENT_ID, PROTECTION_ELEMENT_NAME, PROTECTION_ELEMENT_DESCRIPTION, OBJECT_ID, ATTRIBUTE, PROTECTION_ELEMENT_TYPE, APPLICATION_ID, UPDATE_DATE) VALUES (224, 'gov.nih.nci.ctom.domain.ParticipantEligibilityAnswer.answerText', null, 'gov.nih.nci.ctom.domain.ParticipantEligibilityAnswer', 'answerText', 'Attribute', 2, '2007-02-27'); 
INSERT INTO CSM_PROTECTION_ELEMENT (PROTECTION_ELEMENT_ID, PROTECTION_ELEMENT_NAME, PROTECTION_ELEMENT_DESCRIPTION, OBJECT_ID, ATTRIBUTE, PROTECTION_ELEMENT_TYPE, APPLICATION_ID, UPDATE_DATE) VALUES (225, 'gov.nih.nci.ctom.domain.ParticipantEligibilityAnswer.checklistNumber', null, 'gov.nih.nci.ctom.domain.ParticipantEligibilityAnswer', 'checklistNumber', 'Attribute', 2, '2007-02-27'); 
INSERT INTO CSM_PROTECTION_ELEMENT (PROTECTION_ELEMENT_ID, PROTECTION_ELEMENT_NAME, PROTECTION_ELEMENT_DESCRIPTION, OBJECT_ID, ATTRIBUTE, PROTECTION_ELEMENT_TYPE, APPLICATION_ID, UPDATE_DATE) VALUES (226, 'gov.nih.nci.ctom.domain.ParticipantEligibilityAnswer.id', null, 'gov.nih.nci.ctom.domain.ParticipantEligibilityAnswer', 'id', 'Attribute', 2, '2007-02-27'); 
INSERT INTO CSM_PROTECTION_ELEMENT (PROTECTION_ELEMENT_ID, PROTECTION_ELEMENT_NAME, PROTECTION_ELEMENT_DESCRIPTION, OBJECT_ID, ATTRIBUTE, PROTECTION_ELEMENT_TYPE, APPLICATION_ID, UPDATE_DATE) VALUES (227, 'gov.nih.nci.ctom.domain.Person.administrativeGenderCode', null, 'gov.nih.nci.ctom.domain.Person', 'administrativeGenderCode', 'Attribute', 2, '2007-02-27'); 
INSERT INTO CSM_PROTECTION_ELEMENT (PROTECTION_ELEMENT_ID, PROTECTION_ELEMENT_NAME, PROTECTION_ELEMENT_DESCRIPTION, OBJECT_ID, ATTRIBUTE, PROTECTION_ELEMENT_TYPE, APPLICATION_ID, UPDATE_DATE) VALUES (228, 'gov.nih.nci.ctom.domain.Person.birthDate', null, 'gov.nih.nci.ctom.domain.Person', 'birthDate', 'Attribute', 2, '2007-02-27'); 
INSERT INTO CSM_PROTECTION_ELEMENT (PROTECTION_ELEMENT_ID, PROTECTION_ELEMENT_NAME, PROTECTION_ELEMENT_DESCRIPTION, OBJECT_ID, ATTRIBUTE, PROTECTION_ELEMENT_TYPE, APPLICATION_ID, UPDATE_DATE) VALUES (229, 'gov.nih.nci.ctom.domain.Person.countryCode', null, 'gov.nih.nci.ctom.domain.Person', 'countryCode', 'Attribute', 2, '2007-02-27'); 
INSERT INTO CSM_PROTECTION_ELEMENT (PROTECTION_ELEMENT_ID, PROTECTION_ELEMENT_NAME, PROTECTION_ELEMENT_DESCRIPTION, OBJECT_ID, ATTRIBUTE, PROTECTION_ELEMENT_TYPE, APPLICATION_ID, UPDATE_DATE) VALUES (230, 'gov.nih.nci.ctom.domain.Person.educationLevelCode', null, 'gov.nih.nci.ctom.domain.Person', 'educationLevelCode', 'Attribute', 2, '2007-02-27'); 
INSERT INTO CSM_PROTECTION_ELEMENT (PROTECTION_ELEMENT_ID, PROTECTION_ELEMENT_NAME, PROTECTION_ELEMENT_DESCRIPTION, OBJECT_ID, ATTRIBUTE, PROTECTION_ELEMENT_TYPE, APPLICATION_ID, UPDATE_DATE) VALUES (231, 'gov.nih.nci.ctom.domain.Person.employmentStatusCode', null, 'gov.nih.nci.ctom.domain.Person', 'employmentStatusCode', 'Attribute', 2, '2007-02-27'); 
INSERT INTO CSM_PROTECTION_ELEMENT (PROTECTION_ELEMENT_ID, PROTECTION_ELEMENT_NAME, PROTECTION_ELEMENT_DESCRIPTION, OBJECT_ID, ATTRIBUTE, PROTECTION_ELEMENT_TYPE, APPLICATION_ID, UPDATE_DATE) VALUES (232, 'gov.nih.nci.ctom.domain.Person.employmentStatusOtherText', null, 'gov.nih.nci.ctom.domain.Person', 'employmentStatusOtherText', 'Attribute', 2, '2007-02-27'); 
INSERT INTO CSM_PROTECTION_ELEMENT (PROTECTION_ELEMENT_ID, PROTECTION_ELEMENT_NAME, PROTECTION_ELEMENT_DESCRIPTION, OBJECT_ID, ATTRIBUTE, PROTECTION_ELEMENT_TYPE, APPLICATION_ID, UPDATE_DATE) VALUES (233, 'gov.nih.nci.ctom.domain.Person.ethnicGroupCode', null, 'gov.nih.nci.ctom.domain.Person', 'ethnicGroupCode', 'Attribute', 2, '2007-02-27'); 
INSERT INTO CSM_PROTECTION_ELEMENT (PROTECTION_ELEMENT_ID, PROTECTION_ELEMENT_NAME, PROTECTION_ELEMENT_DESCRIPTION, OBJECT_ID, ATTRIBUTE, PROTECTION_ELEMENT_TYPE, APPLICATION_ID, UPDATE_DATE) VALUES (234, 'gov.nih.nci.ctom.domain.Person.firstName', null, 'gov.nih.nci.ctom.domain.Person', 'firstName', 'Attribute', 2, '2007-02-27'); 
INSERT INTO CSM_PROTECTION_ELEMENT (PROTECTION_ELEMENT_ID, PROTECTION_ELEMENT_NAME, PROTECTION_ELEMENT_DESCRIPTION, OBJECT_ID, ATTRIBUTE, PROTECTION_ELEMENT_TYPE, APPLICATION_ID, UPDATE_DATE) VALUES (235, 'gov.nih.nci.ctom.domain.Person.householdIncomeCode', null, 'gov.nih.nci.ctom.domain.Person', 'householdIncomeCode', 'Attribute', 2, '2007-02-27'); 
INSERT INTO CSM_PROTECTION_ELEMENT (PROTECTION_ELEMENT_ID, PROTECTION_ELEMENT_NAME, PROTECTION_ELEMENT_DESCRIPTION, OBJECT_ID, ATTRIBUTE, PROTECTION_ELEMENT_TYPE, APPLICATION_ID, UPDATE_DATE) VALUES (237, 'gov.nih.nci.ctom.domain.Person.investigatorId', null, 'gov.nih.nci.ctom.domain.Person', 'investigatorId', 'Attribute', 2, '2007-02-27'); 
INSERT INTO CSM_PROTECTION_ELEMENT (PROTECTION_ELEMENT_ID, PROTECTION_ELEMENT_NAME, PROTECTION_ELEMENT_DESCRIPTION, OBJECT_ID, ATTRIBUTE, PROTECTION_ELEMENT_TYPE, APPLICATION_ID, UPDATE_DATE) VALUES (2, 'ctom', 'CTOM Application', 'ctom', null, null, 1, '2007-08-21'); 
INSERT INTO CSM_PROTECTION_ELEMENT (PROTECTION_ELEMENT_ID, PROTECTION_ELEMENT_NAME, PROTECTION_ELEMENT_DESCRIPTION, OBJECT_ID, ATTRIBUTE, PROTECTION_ELEMENT_TYPE, APPLICATION_ID, UPDATE_DATE) VALUES (6, 'gov.nih.nci.ctom.domain.Activity', null, 'gov.nih.nci.ctom.domain.Activity', null, 'Object', 2, '2007-02-27'); 
INSERT INTO CSM_PROTECTION_ELEMENT (PROTECTION_ELEMENT_ID, PROTECTION_ELEMENT_NAME, PROTECTION_ELEMENT_DESCRIPTION, OBJECT_ID, ATTRIBUTE, PROTECTION_ELEMENT_TYPE, APPLICATION_ID, UPDATE_DATE) VALUES (7, 'gov.nih.nci.ctom.domain.ActivityRelationship', null, 'gov.nih.nci.ctom.domain.ActivityRelationship', null, 'Object', 2, '2007-02-27'); 
INSERT INTO CSM_PROTECTION_ELEMENT (PROTECTION_ELEMENT_ID, PROTECTION_ELEMENT_NAME, PROTECTION_ELEMENT_DESCRIPTION, OBJECT_ID, ATTRIBUTE, PROTECTION_ELEMENT_TYPE, APPLICATION_ID, UPDATE_DATE) VALUES (8, 'gov.nih.nci.ctom.domain.AdverseEvent', null, 'gov.nih.nci.ctom.domain.AdverseEvent', null, 'Object', 2, '2007-02-27'); 
INSERT INTO CSM_PROTECTION_ELEMENT (PROTECTION_ELEMENT_ID, PROTECTION_ELEMENT_NAME, PROTECTION_ELEMENT_DESCRIPTION, OBJECT_ID, ATTRIBUTE, PROTECTION_ELEMENT_TYPE, APPLICATION_ID, UPDATE_DATE) VALUES (9, 'gov.nih.nci.ctom.domain.AdverseEventTherapy', null, 'gov.nih.nci.ctom.domain.AdverseEventTherapy', null, 'Object', 2, '2007-02-27'); 
INSERT INTO CSM_PROTECTION_ELEMENT (PROTECTION_ELEMENT_ID, PROTECTION_ELEMENT_NAME, PROTECTION_ELEMENT_DESCRIPTION, OBJECT_ID, ATTRIBUTE, PROTECTION_ELEMENT_TYPE, APPLICATION_ID, UPDATE_DATE) VALUES (10, 'gov.nih.nci.ctom.domain.Agent', null, 'gov.nih.nci.ctom.domain.Agent', null, 'Object', 2, '2007-02-27'); 
INSERT INTO CSM_PROTECTION_ELEMENT (PROTECTION_ELEMENT_ID, PROTECTION_ELEMENT_NAME, PROTECTION_ELEMENT_DESCRIPTION, OBJECT_ID, ATTRIBUTE, PROTECTION_ELEMENT_TYPE, APPLICATION_ID, UPDATE_DATE) VALUES (11, 'gov.nih.nci.ctom.domain.AgentOccurrence', null, 'gov.nih.nci.ctom.domain.AgentOccurrence', null, 'Object', 2, '2007-02-27'); 
INSERT INTO CSM_PROTECTION_ELEMENT (PROTECTION_ELEMENT_ID, PROTECTION_ELEMENT_NAME, PROTECTION_ELEMENT_DESCRIPTION, OBJECT_ID, ATTRIBUTE, PROTECTION_ELEMENT_TYPE, APPLICATION_ID, UPDATE_DATE) VALUES (12, 'gov.nih.nci.ctom.domain.Assessment', null, 'gov.nih.nci.ctom.domain.Assessment', null, 'Object', 2, '2007-02-27'); 
INSERT INTO CSM_PROTECTION_ELEMENT (PROTECTION_ELEMENT_ID, PROTECTION_ELEMENT_NAME, PROTECTION_ELEMENT_DESCRIPTION, OBJECT_ID, ATTRIBUTE, PROTECTION_ELEMENT_TYPE, APPLICATION_ID, UPDATE_DATE) VALUES (13, 'gov.nih.nci.ctom.domain.AssessmentRelationship', null, 'gov.nih.nci.ctom.domain.AssessmentRelationship', null, 'Object', 2, '2007-02-27'); 
INSERT INTO CSM_PROTECTION_ELEMENT (PROTECTION_ELEMENT_ID, PROTECTION_ELEMENT_NAME, PROTECTION_ELEMENT_DESCRIPTION, OBJECT_ID, ATTRIBUTE, PROTECTION_ELEMENT_TYPE, APPLICATION_ID, UPDATE_DATE) VALUES (14, 'gov.nih.nci.ctom.domain.CancerStage', null, 'gov.nih.nci.ctom.domain.CancerStage', null, 'Object', 2, '2007-02-27'); 
INSERT INTO CSM_PROTECTION_ELEMENT (PROTECTION_ELEMENT_ID, PROTECTION_ELEMENT_NAME, PROTECTION_ELEMENT_DESCRIPTION, OBJECT_ID, ATTRIBUTE, PROTECTION_ELEMENT_TYPE, APPLICATION_ID, UPDATE_DATE) VALUES (15, 'gov.nih.nci.ctom.domain.ClinicalResult', null, 'gov.nih.nci.ctom.domain.ClinicalResult', null, 'Object', 2, '2007-02-27'); 
INSERT INTO CSM_PROTECTION_ELEMENT (PROTECTION_ELEMENT_ID, PROTECTION_ELEMENT_NAME, PROTECTION_ELEMENT_DESCRIPTION, OBJECT_ID, ATTRIBUTE, PROTECTION_ELEMENT_TYPE, APPLICATION_ID, UPDATE_DATE) VALUES (16, 'gov.nih.nci.ctom.domain.ConceptDescriptor', null, 'gov.nih.nci.ctom.domain.ConceptDescriptor', null, 'Object', 2, '2007-02-27'); 
INSERT INTO CSM_PROTECTION_ELEMENT (PROTECTION_ELEMENT_ID, PROTECTION_ELEMENT_NAME, PROTECTION_ELEMENT_DESCRIPTION, OBJECT_ID, ATTRIBUTE, PROTECTION_ELEMENT_TYPE, APPLICATION_ID, UPDATE_DATE) VALUES (17, 'gov.nih.nci.ctom.domain.DeathSummary', null, 'gov.nih.nci.ctom.domain.DeathSummary', null, 'Object', 2, '2007-02-27'); 
INSERT INTO CSM_PROTECTION_ELEMENT (PROTECTION_ELEMENT_ID, PROTECTION_ELEMENT_NAME, PROTECTION_ELEMENT_DESCRIPTION, OBJECT_ID, ATTRIBUTE, PROTECTION_ELEMENT_TYPE, APPLICATION_ID, UPDATE_DATE) VALUES (18, 'gov.nih.nci.ctom.domain.Diagnosis', null, 'gov.nih.nci.ctom.domain.Diagnosis', null, 'Object', 2, '2007-02-27'); 
INSERT INTO CSM_PROTECTION_ELEMENT (PROTECTION_ELEMENT_ID, PROTECTION_ELEMENT_NAME, PROTECTION_ELEMENT_DESCRIPTION, OBJECT_ID, ATTRIBUTE, PROTECTION_ELEMENT_TYPE, APPLICATION_ID, UPDATE_DATE) VALUES (19, 'gov.nih.nci.ctom.domain.DiseaseResponse', null, 'gov.nih.nci.ctom.domain.DiseaseResponse', null, 'Object', 2, '2007-02-27'); 
INSERT INTO CSM_PROTECTION_ELEMENT (PROTECTION_ELEMENT_ID, PROTECTION_ELEMENT_NAME, PROTECTION_ELEMENT_DESCRIPTION, OBJECT_ID, ATTRIBUTE, PROTECTION_ELEMENT_TYPE, APPLICATION_ID, UPDATE_DATE) VALUES (20, 'gov.nih.nci.ctom.domain.FemaleReproductiveCharacteristic', null, 'gov.nih.nci.ctom.domain.FemaleReproductiveCharacteristic', null, 'Object', 2, '2007-02-27'); 
INSERT INTO CSM_PROTECTION_ELEMENT (PROTECTION_ELEMENT_ID, PROTECTION_ELEMENT_NAME, PROTECTION_ELEMENT_DESCRIPTION, OBJECT_ID, ATTRIBUTE, PROTECTION_ELEMENT_TYPE, APPLICATION_ID, UPDATE_DATE) VALUES (21, 'gov.nih.nci.ctom.domain.HealthcareSite', null, 'gov.nih.nci.ctom.domain.HealthcareSite', null, 'Object', 2, '2007-02-27'); 
INSERT INTO CSM_PROTECTION_ELEMENT (PROTECTION_ELEMENT_ID, PROTECTION_ELEMENT_NAME, PROTECTION_ELEMENT_DESCRIPTION, OBJECT_ID, ATTRIBUTE, PROTECTION_ELEMENT_TYPE, APPLICATION_ID, UPDATE_DATE) VALUES (22, 'gov.nih.nci.ctom.domain.HealthcareSiteParticipant', null, 'gov.nih.nci.ctom.domain.HealthcareSiteParticipant', null, 'Object', 2, '2007-02-27'); 
INSERT INTO CSM_PROTECTION_ELEMENT (PROTECTION_ELEMENT_ID, PROTECTION_ELEMENT_NAME, PROTECTION_ELEMENT_DESCRIPTION, OBJECT_ID, ATTRIBUTE, PROTECTION_ELEMENT_TYPE, APPLICATION_ID, UPDATE_DATE) VALUES (23, 'gov.nih.nci.ctom.domain.HealthcareSiteParticipantRole', null, 'gov.nih.nci.ctom.domain.HealthcareSiteParticipantRole', null, 'Object', 2, '2007-02-27'); 
INSERT INTO CSM_PROTECTION_ELEMENT (PROTECTION_ELEMENT_ID, PROTECTION_ELEMENT_NAME, PROTECTION_ELEMENT_DESCRIPTION, OBJECT_ID, ATTRIBUTE, PROTECTION_ELEMENT_TYPE, APPLICATION_ID, UPDATE_DATE) VALUES (24, 'gov.nih.nci.ctom.domain.Histopathology', null, 'gov.nih.nci.ctom.domain.Histopathology', null, 'Object', 2, '2007-02-27'); 
INSERT INTO CSM_PROTECTION_ELEMENT (PROTECTION_ELEMENT_ID, PROTECTION_ELEMENT_NAME, PROTECTION_ELEMENT_DESCRIPTION, OBJECT_ID, ATTRIBUTE, PROTECTION_ELEMENT_TYPE, APPLICATION_ID, UPDATE_DATE) VALUES (25, 'gov.nih.nci.ctom.domain.HistopathologyGrade', null, 'gov.nih.nci.ctom.domain.HistopathologyGrade', null, 'Object', 2, '2007-02-27'); 
INSERT INTO CSM_PROTECTION_ELEMENT (PROTECTION_ELEMENT_ID, PROTECTION_ELEMENT_NAME, PROTECTION_ELEMENT_DESCRIPTION, OBJECT_ID, ATTRIBUTE, PROTECTION_ELEMENT_TYPE, APPLICATION_ID, UPDATE_DATE) VALUES (26, 'gov.nih.nci.ctom.domain.Imaging', null, 'gov.nih.nci.ctom.domain.Imaging', null, 'Object', 2, '2007-02-27'); 
INSERT INTO CSM_PROTECTION_ELEMENT (PROTECTION_ELEMENT_ID, PROTECTION_ELEMENT_NAME, PROTECTION_ELEMENT_DESCRIPTION, OBJECT_ID, ATTRIBUTE, PROTECTION_ELEMENT_TYPE, APPLICATION_ID, UPDATE_DATE) VALUES (27, 'gov.nih.nci.ctom.domain.Investigator', null, 'gov.nih.nci.ctom.domain.Investigator', null, 'Object', 2, '2007-02-27'); 
INSERT INTO CSM_PROTECTION_ELEMENT (PROTECTION_ELEMENT_ID, PROTECTION_ELEMENT_NAME, PROTECTION_ELEMENT_DESCRIPTION, OBJECT_ID, ATTRIBUTE, PROTECTION_ELEMENT_TYPE, APPLICATION_ID, UPDATE_DATE) VALUES (28, 'gov.nih.nci.ctom.domain.LesionDescription', null, 'gov.nih.nci.ctom.domain.LesionDescription', null, 'Object', 2, '2007-02-27'); 
INSERT INTO CSM_PROTECTION_ELEMENT (PROTECTION_ELEMENT_ID, PROTECTION_ELEMENT_NAME, PROTECTION_ELEMENT_DESCRIPTION, OBJECT_ID, ATTRIBUTE, PROTECTION_ELEMENT_TYPE, APPLICATION_ID, UPDATE_DATE) VALUES (29, 'gov.nih.nci.ctom.domain.LesionEvaluation', null, 'gov.nih.nci.ctom.domain.LesionEvaluation', null, 'Object', 2, '2007-02-27'); 
INSERT INTO CSM_PROTECTION_ELEMENT (PROTECTION_ELEMENT_ID, PROTECTION_ELEMENT_NAME, PROTECTION_ELEMENT_DESCRIPTION, OBJECT_ID, ATTRIBUTE, PROTECTION_ELEMENT_TYPE, APPLICATION_ID, UPDATE_DATE) VALUES (30, 'gov.nih.nci.ctom.domain.MetastasisSite', null, 'gov.nih.nci.ctom.domain.MetastasisSite', null, 'Object', 2, '2007-02-27'); 
INSERT INTO CSM_PROTECTION_ELEMENT (PROTECTION_ELEMENT_ID, PROTECTION_ELEMENT_NAME, PROTECTION_ELEMENT_DESCRIPTION, OBJECT_ID, ATTRIBUTE, PROTECTION_ELEMENT_TYPE, APPLICATION_ID, UPDATE_DATE) VALUES (31, 'gov.nih.nci.ctom.domain.Neoplasm', null, 'gov.nih.nci.ctom.domain.Neoplasm', null, 'Object', 2, '2007-02-27'); 
INSERT INTO CSM_PROTECTION_ELEMENT (PROTECTION_ELEMENT_ID, PROTECTION_ELEMENT_NAME, PROTECTION_ELEMENT_DESCRIPTION, OBJECT_ID, ATTRIBUTE, PROTECTION_ELEMENT_TYPE, APPLICATION_ID, UPDATE_DATE) VALUES (32, 'gov.nih.nci.ctom.domain.Observation', null, 'gov.nih.nci.ctom.domain.Observation', null, 'Object', 2, '2007-02-27'); 
INSERT INTO CSM_PROTECTION_ELEMENT (PROTECTION_ELEMENT_ID, PROTECTION_ELEMENT_NAME, PROTECTION_ELEMENT_DESCRIPTION, OBJECT_ID, ATTRIBUTE, PROTECTION_ELEMENT_TYPE, APPLICATION_ID, UPDATE_DATE) VALUES (33, 'gov.nih.nci.ctom.domain.ObservationRelationship', null, 'gov.nih.nci.ctom.domain.ObservationRelationship', null, 'Object', 2, '2007-02-27'); 
INSERT INTO CSM_PROTECTION_ELEMENT (PROTECTION_ELEMENT_ID, PROTECTION_ELEMENT_NAME, PROTECTION_ELEMENT_DESCRIPTION, OBJECT_ID, ATTRIBUTE, PROTECTION_ELEMENT_TYPE, APPLICATION_ID, UPDATE_DATE) VALUES (34, 'gov.nih.nci.ctom.domain.Organization', null, 'gov.nih.nci.ctom.domain.Organization', null, 'Object', 2, '2007-02-27'); 
INSERT INTO CSM_PROTECTION_ELEMENT (PROTECTION_ELEMENT_ID, PROTECTION_ELEMENT_NAME, PROTECTION_ELEMENT_DESCRIPTION, OBJECT_ID, ATTRIBUTE, PROTECTION_ELEMENT_TYPE, APPLICATION_ID, UPDATE_DATE) VALUES (35, 'gov.nih.nci.ctom.domain.Participant', null, 'gov.nih.nci.ctom.domain.Participant', null, 'Object', 2, '2007-02-27'); 
INSERT INTO CSM_PROTECTION_ELEMENT (PROTECTION_ELEMENT_ID, PROTECTION_ELEMENT_NAME, PROTECTION_ELEMENT_DESCRIPTION, OBJECT_ID, ATTRIBUTE, PROTECTION_ELEMENT_TYPE, APPLICATION_ID, UPDATE_DATE) VALUES (36, 'gov.nih.nci.ctom.domain.ParticipantEligibilityAnswer', null, 'gov.nih.nci.ctom.domain.ParticipantEligibilityAnswer', null, 'Object', 2, '2007-02-27'); 
INSERT INTO CSM_PROTECTION_ELEMENT (PROTECTION_ELEMENT_ID, PROTECTION_ELEMENT_NAME, PROTECTION_ELEMENT_DESCRIPTION, OBJECT_ID, ATTRIBUTE, PROTECTION_ELEMENT_TYPE, APPLICATION_ID, UPDATE_DATE) VALUES (37, 'gov.nih.nci.ctom.domain.Person', null, 'gov.nih.nci.ctom.domain.Person', null, 'Object', 2, '2007-02-27'); 
INSERT INTO CSM_PROTECTION_ELEMENT (PROTECTION_ELEMENT_ID, PROTECTION_ELEMENT_NAME, PROTECTION_ELEMENT_DESCRIPTION, OBJECT_ID, ATTRIBUTE, PROTECTION_ELEMENT_TYPE, APPLICATION_ID, UPDATE_DATE) VALUES (38, 'gov.nih.nci.ctom.domain.PersonOccupation', null, 'gov.nih.nci.ctom.domain.PersonOccupation', null, 'Object', 2, '2007-02-27'); 
INSERT INTO CSM_PROTECTION_ELEMENT (PROTECTION_ELEMENT_ID, PROTECTION_ELEMENT_NAME, PROTECTION_ELEMENT_DESCRIPTION, OBJECT_ID, ATTRIBUTE, PROTECTION_ELEMENT_TYPE, APPLICATION_ID, UPDATE_DATE) VALUES (39, 'gov.nih.nci.ctom.domain.Procedure', null, 'gov.nih.nci.ctom.domain.Procedure', null, 'Object', 2, '2007-02-27'); 
INSERT INTO CSM_PROTECTION_ELEMENT (PROTECTION_ELEMENT_ID, PROTECTION_ELEMENT_NAME, PROTECTION_ELEMENT_DESCRIPTION, OBJECT_ID, ATTRIBUTE, PROTECTION_ELEMENT_TYPE, APPLICATION_ID, UPDATE_DATE) VALUES (40, 'gov.nih.nci.ctom.domain.Protocol', null, 'gov.nih.nci.ctom.domain.Protocol', null, 'Object', 2, '2007-02-27'); 
INSERT INTO CSM_PROTECTION_ELEMENT (PROTECTION_ELEMENT_ID, PROTECTION_ELEMENT_NAME, PROTECTION_ELEMENT_DESCRIPTION, OBJECT_ID, ATTRIBUTE, PROTECTION_ELEMENT_TYPE, APPLICATION_ID, UPDATE_DATE) VALUES (41, 'gov.nih.nci.ctom.domain.ProtocolStatus', null, 'gov.nih.nci.ctom.domain.ProtocolStatus', null, 'Object', 2, '2007-02-27'); 
INSERT INTO CSM_PROTECTION_ELEMENT (PROTECTION_ELEMENT_ID, PROTECTION_ELEMENT_NAME, PROTECTION_ELEMENT_DESCRIPTION, OBJECT_ID, ATTRIBUTE, PROTECTION_ELEMENT_TYPE, APPLICATION_ID, UPDATE_DATE) VALUES (42, 'gov.nih.nci.ctom.domain.QualitativeEvaluation', null, 'gov.nih.nci.ctom.domain.QualitativeEvaluation', null, 'Object', 2, '2007-02-27'); 
INSERT INTO CSM_PROTECTION_ELEMENT (PROTECTION_ELEMENT_ID, PROTECTION_ELEMENT_NAME, PROTECTION_ELEMENT_DESCRIPTION, OBJECT_ID, ATTRIBUTE, PROTECTION_ELEMENT_TYPE, APPLICATION_ID, UPDATE_DATE) VALUES (43, 'gov.nih.nci.ctom.domain.Radiation', null, 'gov.nih.nci.ctom.domain.Radiation', null, 'Object', 2, '2007-02-27'); 
INSERT INTO CSM_PROTECTION_ELEMENT (PROTECTION_ELEMENT_ID, PROTECTION_ELEMENT_NAME, PROTECTION_ELEMENT_DESCRIPTION, OBJECT_ID, ATTRIBUTE, PROTECTION_ELEMENT_TYPE, APPLICATION_ID, UPDATE_DATE) VALUES (44, 'gov.nih.nci.ctom.domain.Specimen', null, 'gov.nih.nci.ctom.domain.Specimen', null, 'Object', 2, '2007-02-27'); 
INSERT INTO CSM_PROTECTION_ELEMENT (PROTECTION_ELEMENT_ID, PROTECTION_ELEMENT_NAME, PROTECTION_ELEMENT_DESCRIPTION, OBJECT_ID, ATTRIBUTE, PROTECTION_ELEMENT_TYPE, APPLICATION_ID, UPDATE_DATE) VALUES (45, 'gov.nih.nci.ctom.domain.SpecimenAcquisition', null, 'gov.nih.nci.ctom.domain.SpecimenAcquisition', null, 'Object', 2, '2007-02-27'); 
INSERT INTO CSM_PROTECTION_ELEMENT (PROTECTION_ELEMENT_ID, PROTECTION_ELEMENT_NAME, PROTECTION_ELEMENT_DESCRIPTION, OBJECT_ID, ATTRIBUTE, PROTECTION_ELEMENT_TYPE, APPLICATION_ID, UPDATE_DATE) VALUES (46, 'gov.nih.nci.ctom.domain.StudyAgent', null, 'gov.nih.nci.ctom.domain.StudyAgent', null, 'Object', 2, '2007-02-27'); 
INSERT INTO CSM_PROTECTION_ELEMENT (PROTECTION_ELEMENT_ID, PROTECTION_ELEMENT_NAME, PROTECTION_ELEMENT_DESCRIPTION, OBJECT_ID, ATTRIBUTE, PROTECTION_ELEMENT_TYPE, APPLICATION_ID, UPDATE_DATE) VALUES (47, 'gov.nih.nci.ctom.domain.StudyInvestigator', null, 'gov.nih.nci.ctom.domain.StudyInvestigator', null, 'Object', 2, '2007-02-27'); 
INSERT INTO CSM_PROTECTION_ELEMENT (PROTECTION_ELEMENT_ID, PROTECTION_ELEMENT_NAME, PROTECTION_ELEMENT_DESCRIPTION, OBJECT_ID, ATTRIBUTE, PROTECTION_ELEMENT_TYPE, APPLICATION_ID, UPDATE_DATE) VALUES (48, 'gov.nih.nci.ctom.domain.StudyParticipantAssignment', null, 'gov.nih.nci.ctom.domain.StudyParticipantAssignment', null, 'Object', 2, '2007-02-27'); 
INSERT INTO CSM_PROTECTION_ELEMENT (PROTECTION_ELEMENT_ID, PROTECTION_ELEMENT_NAME, PROTECTION_ELEMENT_DESCRIPTION, OBJECT_ID, ATTRIBUTE, PROTECTION_ELEMENT_TYPE, APPLICATION_ID, UPDATE_DATE) VALUES (49, 'gov.nih.nci.ctom.domain.StudySite', null, 'gov.nih.nci.ctom.domain.StudySite', null, 'Object', 2, '2007-02-27'); 
INSERT INTO CSM_PROTECTION_ELEMENT (PROTECTION_ELEMENT_ID, PROTECTION_ELEMENT_NAME, PROTECTION_ELEMENT_DESCRIPTION, OBJECT_ID, ATTRIBUTE, PROTECTION_ELEMENT_TYPE, APPLICATION_ID, UPDATE_DATE) VALUES (50, 'gov.nih.nci.ctom.domain.StudyTimePoint', null, 'gov.nih.nci.ctom.domain.StudyTimePoint', null, 'Object', 2, '2007-02-27'); 
INSERT INTO CSM_PROTECTION_ELEMENT (PROTECTION_ELEMENT_ID, PROTECTION_ELEMENT_NAME, PROTECTION_ELEMENT_DESCRIPTION, OBJECT_ID, ATTRIBUTE, PROTECTION_ELEMENT_TYPE, APPLICATION_ID, UPDATE_DATE) VALUES (51, 'gov.nih.nci.ctom.domain.SubstanceAdministration', null, 'gov.nih.nci.ctom.domain.SubstanceAdministration', null, 'Object', 2, '2007-02-27'); 
INSERT INTO CSM_PROTECTION_ELEMENT (PROTECTION_ELEMENT_ID, PROTECTION_ELEMENT_NAME, PROTECTION_ELEMENT_DESCRIPTION, OBJECT_ID, ATTRIBUTE, PROTECTION_ELEMENT_TYPE, APPLICATION_ID, UPDATE_DATE) VALUES (52, 'gov.nih.nci.ctom.domain.Activity.descriptionText', null, 'gov.nih.nci.ctom.domain.Activity', 'descriptionText', 'Attribute', 2, '2007-02-27'); 
INSERT INTO CSM_PROTECTION_ELEMENT (PROTECTION_ELEMENT_ID, PROTECTION_ELEMENT_NAME, PROTECTION_ELEMENT_DESCRIPTION, OBJECT_ID, ATTRIBUTE, PROTECTION_ELEMENT_TYPE, APPLICATION_ID, UPDATE_DATE) VALUES (55, 'gov.nih.nci.ctom.domain.Activity.id', null, 'gov.nih.nci.ctom.domain.Activity', 'id', 'Attribute', 2, '2007-02-27'); 
INSERT INTO CSM_PROTECTION_ELEMENT (PROTECTION_ELEMENT_ID, PROTECTION_ELEMENT_NAME, PROTECTION_ELEMENT_DESCRIPTION, OBJECT_ID, ATTRIBUTE, PROTECTION_ELEMENT_TYPE, APPLICATION_ID, UPDATE_DATE) VALUES (56, 'gov.nih.nci.ctom.domain.Activity.name', null, 'gov.nih.nci.ctom.domain.Activity', 'name', 'Attribute', 2, '2007-02-27'); 
INSERT INTO CSM_PROTECTION_ELEMENT (PROTECTION_ELEMENT_ID, PROTECTION_ELEMENT_NAME, PROTECTION_ELEMENT_DESCRIPTION, OBJECT_ID, ATTRIBUTE, PROTECTION_ELEMENT_TYPE, APPLICATION_ID, UPDATE_DATE) VALUES (57, 'gov.nih.nci.ctom.domain.Activity.plannedIndicator', null, 'gov.nih.nci.ctom.domain.Activity', 'plannedIndicator', 'Attribute', 2, '2007-02-27'); 
INSERT INTO CSM_PROTECTION_ELEMENT (PROTECTION_ELEMENT_ID, PROTECTION_ELEMENT_NAME, PROTECTION_ELEMENT_DESCRIPTION, OBJECT_ID, ATTRIBUTE, PROTECTION_ELEMENT_TYPE, APPLICATION_ID, UPDATE_DATE) VALUES (58, 'gov.nih.nci.ctom.domain.Activity.reasonCode', null, 'gov.nih.nci.ctom.domain.Activity', 'reasonCode', 'Attribute', 2, '2007-02-27'); 
INSERT INTO CSM_PROTECTION_ELEMENT (PROTECTION_ELEMENT_ID, PROTECTION_ELEMENT_NAME, PROTECTION_ELEMENT_DESCRIPTION, OBJECT_ID, ATTRIBUTE, PROTECTION_ELEMENT_TYPE, APPLICATION_ID, UPDATE_DATE) VALUES (59, 'gov.nih.nci.ctom.domain.Activity.startDate', null, 'gov.nih.nci.ctom.domain.Activity', 'startDate', 'Attribute', 2, '2007-02-27'); 
INSERT INTO CSM_PROTECTION_ELEMENT (PROTECTION_ELEMENT_ID, PROTECTION_ELEMENT_NAME, PROTECTION_ELEMENT_DESCRIPTION, OBJECT_ID, ATTRIBUTE, PROTECTION_ELEMENT_TYPE, APPLICATION_ID, UPDATE_DATE) VALUES (60, 'gov.nih.nci.ctom.domain.Activity.stopDate', null, 'gov.nih.nci.ctom.domain.Activity', 'stopDate', 'Attribute', 2, '2007-02-27'); 
INSERT INTO CSM_PROTECTION_ELEMENT (PROTECTION_ELEMENT_ID, PROTECTION_ELEMENT_NAME, PROTECTION_ELEMENT_DESCRIPTION, OBJECT_ID, ATTRIBUTE, PROTECTION_ELEMENT_TYPE, APPLICATION_ID, UPDATE_DATE) VALUES (61, 'gov.nih.nci.ctom.domain.Activity.subtypeCode', null, 'gov.nih.nci.ctom.domain.Activity', 'subtypeCode', 'Attribute', 2, '2007-02-27'); 
INSERT INTO CSM_PROTECTION_ELEMENT (PROTECTION_ELEMENT_ID, PROTECTION_ELEMENT_NAME, PROTECTION_ELEMENT_DESCRIPTION, OBJECT_ID, ATTRIBUTE, PROTECTION_ELEMENT_TYPE, APPLICATION_ID, UPDATE_DATE) VALUES (62, 'gov.nih.nci.ctom.domain.Activity.type', null, 'gov.nih.nci.ctom.domain.Activity', 'type', 'Attribute', 2, '2007-02-27'); 
INSERT INTO CSM_PROTECTION_ELEMENT (PROTECTION_ELEMENT_ID, PROTECTION_ELEMENT_NAME, PROTECTION_ELEMENT_DESCRIPTION, OBJECT_ID, ATTRIBUTE, PROTECTION_ELEMENT_TYPE, APPLICATION_ID, UPDATE_DATE) VALUES (63, 'gov.nih.nci.ctom.domain.ActivityRelationship.commentText', null, 'gov.nih.nci.ctom.domain.ActivityRelationship', 'commentText', 'Attribute', 2, '2007-02-27'); 
INSERT INTO CSM_PROTECTION_ELEMENT (PROTECTION_ELEMENT_ID, PROTECTION_ELEMENT_NAME, PROTECTION_ELEMENT_DESCRIPTION, OBJECT_ID, ATTRIBUTE, PROTECTION_ELEMENT_TYPE, APPLICATION_ID, UPDATE_DATE) VALUES (64, 'gov.nih.nci.ctom.domain.ActivityRelationship.id', null, 'gov.nih.nci.ctom.domain.ActivityRelationship', 'id', 'Attribute', 2, '2007-02-27'); 
INSERT INTO CSM_PROTECTION_ELEMENT (PROTECTION_ELEMENT_ID, PROTECTION_ELEMENT_NAME, PROTECTION_ELEMENT_DESCRIPTION, OBJECT_ID, ATTRIBUTE, PROTECTION_ELEMENT_TYPE, APPLICATION_ID, UPDATE_DATE) VALUES (65, 'gov.nih.nci.ctom.domain.ActivityRelationship.sequenceNumber', null, 'gov.nih.nci.ctom.domain.ActivityRelationship', 'sequenceNumber', 'Attribute', 2, '2007-02-27'); 
INSERT INTO CSM_PROTECTION_ELEMENT (PROTECTION_ELEMENT_ID, PROTECTION_ELEMENT_NAME, PROTECTION_ELEMENT_DESCRIPTION, OBJECT_ID, ATTRIBUTE, PROTECTION_ELEMENT_TYPE, APPLICATION_ID, UPDATE_DATE) VALUES (66, 'gov.nih.nci.ctom.domain.ActivityRelationship.typeCode', null, 'gov.nih.nci.ctom.domain.ActivityRelationship', 'typeCode', 'Attribute', 2, '2007-02-27'); 
INSERT INTO CSM_PROTECTION_ELEMENT (PROTECTION_ELEMENT_ID, PROTECTION_ELEMENT_NAME, PROTECTION_ELEMENT_DESCRIPTION, OBJECT_ID, ATTRIBUTE, PROTECTION_ELEMENT_TYPE, APPLICATION_ID, UPDATE_DATE) VALUES (67, 'gov.nih.nci.ctom.domain.AdverseEvent.actionTakenCode', null, 'gov.nih.nci.ctom.domain.AdverseEvent', 'actionTakenCode', 'Attribute', 2, '2007-02-27'); 
INSERT INTO CSM_PROTECTION_ELEMENT (PROTECTION_ELEMENT_ID, PROTECTION_ELEMENT_NAME, PROTECTION_ELEMENT_DESCRIPTION, OBJECT_ID, ATTRIBUTE, PROTECTION_ELEMENT_TYPE, APPLICATION_ID, UPDATE_DATE) VALUES (68, 'gov.nih.nci.ctom.domain.AdverseEvent.conditionPatternCode', null, 'gov.nih.nci.ctom.domain.AdverseEvent', 'conditionPatternCode', 'Attribute', 2, '2007-02-27'); 
INSERT INTO CSM_PROTECTION_ELEMENT (PROTECTION_ELEMENT_ID, PROTECTION_ELEMENT_NAME, PROTECTION_ELEMENT_DESCRIPTION, OBJECT_ID, ATTRIBUTE, PROTECTION_ELEMENT_TYPE, APPLICATION_ID, UPDATE_DATE) VALUES (69, 'gov.nih.nci.ctom.domain.AdverseEvent.ctcAttributionCode', null, 'gov.nih.nci.ctom.domain.AdverseEvent', 'ctcAttributionCode', 'Attribute', 2, '2007-02-27'); 
INSERT INTO CSM_PROTECTION_ELEMENT (PROTECTION_ELEMENT_ID, PROTECTION_ELEMENT_NAME, PROTECTION_ELEMENT_DESCRIPTION, OBJECT_ID, ATTRIBUTE, PROTECTION_ELEMENT_TYPE, APPLICATION_ID, UPDATE_DATE) VALUES (70, 'gov.nih.nci.ctom.domain.AdverseEvent.ctcAttributionCodeSystem', null, 'gov.nih.nci.ctom.domain.AdverseEvent', 'ctcAttributionCodeSystem', 'Attribute', 2, '2007-02-27'); 
INSERT INTO CSM_PROTECTION_ELEMENT (PROTECTION_ELEMENT_ID, PROTECTION_ELEMENT_NAME, PROTECTION_ELEMENT_DESCRIPTION, OBJECT_ID, ATTRIBUTE, PROTECTION_ELEMENT_TYPE, APPLICATION_ID, UPDATE_DATE) VALUES (71, 'gov.nih.nci.ctom.domain.AdverseEvent.ctcCategoryCode', null, 'gov.nih.nci.ctom.domain.AdverseEvent', 'ctcCategoryCode', 'Attribute', 2, '2007-02-27'); 
INSERT INTO CSM_PROTECTION_ELEMENT (PROTECTION_ELEMENT_ID, PROTECTION_ELEMENT_NAME, PROTECTION_ELEMENT_DESCRIPTION, OBJECT_ID, ATTRIBUTE, PROTECTION_ELEMENT_TYPE, APPLICATION_ID, UPDATE_DATE) VALUES (72, 'gov.nih.nci.ctom.domain.AdverseEvent.ctcCategoryCodeSystem', null, 'gov.nih.nci.ctom.domain.AdverseEvent', 'ctcCategoryCodeSystem', 'Attribute', 2, '2007-02-27'); 
INSERT INTO CSM_PROTECTION_ELEMENT (PROTECTION_ELEMENT_ID, PROTECTION_ELEMENT_NAME, PROTECTION_ELEMENT_DESCRIPTION, OBJECT_ID, ATTRIBUTE, PROTECTION_ELEMENT_TYPE, APPLICATION_ID, UPDATE_DATE) VALUES (73, 'gov.nih.nci.ctom.domain.AdverseEvent.ctcGradeCode', null, 'gov.nih.nci.ctom.domain.AdverseEvent', 'ctcGradeCode', 'Attribute', 2, '2007-02-27'); 
INSERT INTO CSM_PROTECTION_ELEMENT (PROTECTION_ELEMENT_ID, PROTECTION_ELEMENT_NAME, PROTECTION_ELEMENT_DESCRIPTION, OBJECT_ID, ATTRIBUTE, PROTECTION_ELEMENT_TYPE, APPLICATION_ID, UPDATE_DATE) VALUES (74, 'gov.nih.nci.ctom.domain.AdverseEvent.ctcGradeCodeSystem', null, 'gov.nih.nci.ctom.domain.AdverseEvent', 'ctcGradeCodeSystem', 'Attribute', 2, '2007-02-27'); 
INSERT INTO CSM_PROTECTION_ELEMENT (PROTECTION_ELEMENT_ID, PROTECTION_ELEMENT_NAME, PROTECTION_ELEMENT_DESCRIPTION, OBJECT_ID, ATTRIBUTE, PROTECTION_ELEMENT_TYPE, APPLICATION_ID, UPDATE_DATE) VALUES (75, 'gov.nih.nci.ctom.domain.AdverseEvent.ctcTermTypeCode', null, 'gov.nih.nci.ctom.domain.AdverseEvent', 'ctcTermTypeCode', 'Attribute', 2, '2007-02-27'); 
INSERT INTO CSM_PROTECTION_ELEMENT (PROTECTION_ELEMENT_ID, PROTECTION_ELEMENT_NAME, PROTECTION_ELEMENT_DESCRIPTION, OBJECT_ID, ATTRIBUTE, PROTECTION_ELEMENT_TYPE, APPLICATION_ID, UPDATE_DATE) VALUES (76, 'gov.nih.nci.ctom.domain.AdverseEvent.ctcTermTypeCodeSystem', null, 'gov.nih.nci.ctom.domain.AdverseEvent', 'ctcTermTypeCodeSystem', 'Attribute', 2, '2007-02-27'); 
INSERT INTO CSM_PROTECTION_ELEMENT (PROTECTION_ELEMENT_ID, PROTECTION_ELEMENT_NAME, PROTECTION_ELEMENT_DESCRIPTION, OBJECT_ID, ATTRIBUTE, PROTECTION_ELEMENT_TYPE, APPLICATION_ID, UPDATE_DATE) VALUES (77, 'gov.nih.nci.ctom.domain.AdverseEvent.descriptionText', null, 'gov.nih.nci.ctom.domain.AdverseEvent', 'descriptionText', 'Attribute', 2, '2007-02-27'); 
INSERT INTO CSM_PROTECTION_ELEMENT (PROTECTION_ELEMENT_ID, PROTECTION_ELEMENT_NAME, PROTECTION_ELEMENT_DESCRIPTION, OBJECT_ID, ATTRIBUTE, PROTECTION_ELEMENT_TYPE, APPLICATION_ID, UPDATE_DATE) VALUES (78, 'gov.nih.nci.ctom.domain.AdverseEvent.doseLimitingToxicityDescriptionText', null, 'gov.nih.nci.ctom.domain.AdverseEvent', 'doseLimitingToxicityDescriptionText', 'Attribute', 2, '2007-02-27'); 
INSERT INTO CSM_PROTECTION_ELEMENT (PROTECTION_ELEMENT_ID, PROTECTION_ELEMENT_NAME, PROTECTION_ELEMENT_DESCRIPTION, OBJECT_ID, ATTRIBUTE, PROTECTION_ELEMENT_TYPE, APPLICATION_ID, UPDATE_DATE) VALUES (79, 'gov.nih.nci.ctom.domain.AdverseEvent.doseLimitingToxicityIndicator', null, 'gov.nih.nci.ctom.domain.AdverseEvent', 'doseLimitingToxicityIndicator', 'Attribute', 2, '2007-02-27'); 
INSERT INTO CSM_PROTECTION_ELEMENT (PROTECTION_ELEMENT_ID, PROTECTION_ELEMENT_NAME, PROTECTION_ELEMENT_DESCRIPTION, OBJECT_ID, ATTRIBUTE, PROTECTION_ELEMENT_TYPE, APPLICATION_ID, UPDATE_DATE) VALUES (80, 'gov.nih.nci.ctom.domain.AdverseEvent.filedIndicator', null, 'gov.nih.nci.ctom.domain.AdverseEvent', 'filedIndicator', 'Attribute', 2, '2007-02-27'); 
INSERT INTO CSM_PROTECTION_ELEMENT (PROTECTION_ELEMENT_ID, PROTECTION_ELEMENT_NAME, PROTECTION_ELEMENT_DESCRIPTION, OBJECT_ID, ATTRIBUTE, PROTECTION_ELEMENT_TYPE, APPLICATION_ID, UPDATE_DATE) VALUES (81, 'gov.nih.nci.ctom.domain.AdverseEvent.onsetDate', null, 'gov.nih.nci.ctom.domain.AdverseEvent', 'onsetDate', 'Attribute', 2, '2007-02-27'); 
INSERT INTO CSM_PROTECTION_ELEMENT (PROTECTION_ELEMENT_ID, PROTECTION_ELEMENT_NAME, PROTECTION_ELEMENT_DESCRIPTION, OBJECT_ID, ATTRIBUTE, PROTECTION_ELEMENT_TYPE, APPLICATION_ID, UPDATE_DATE) VALUES (82, 'gov.nih.nci.ctom.domain.AdverseEvent.outcomeCode', null, 'gov.nih.nci.ctom.domain.AdverseEvent', 'outcomeCode', 'Attribute', 2, '2007-02-27'); 
INSERT INTO CSM_PROTECTION_ELEMENT (PROTECTION_ELEMENT_ID, PROTECTION_ELEMENT_NAME, PROTECTION_ELEMENT_DESCRIPTION, OBJECT_ID, ATTRIBUTE, PROTECTION_ELEMENT_TYPE, APPLICATION_ID, UPDATE_DATE) VALUES (83, 'gov.nih.nci.ctom.domain.AdverseEvent.resolvedDate', null, 'gov.nih.nci.ctom.domain.AdverseEvent', 'resolvedDate', 'Attribute', 2, '2007-02-27'); 
INSERT INTO CSM_PROTECTION_ELEMENT (PROTECTION_ELEMENT_ID, PROTECTION_ELEMENT_NAME, PROTECTION_ELEMENT_DESCRIPTION, OBJECT_ID, ATTRIBUTE, PROTECTION_ELEMENT_TYPE, APPLICATION_ID, UPDATE_DATE) VALUES (84, 'gov.nih.nci.ctom.domain.AdverseEvent.seriousReasonCode', null, 'gov.nih.nci.ctom.domain.AdverseEvent', 'seriousReasonCode', 'Attribute', 2, '2007-02-27'); 
INSERT INTO CSM_PROTECTION_ELEMENT (PROTECTION_ELEMENT_ID, PROTECTION_ELEMENT_NAME, PROTECTION_ELEMENT_DESCRIPTION, OBJECT_ID, ATTRIBUTE, PROTECTION_ELEMENT_TYPE, APPLICATION_ID, UPDATE_DATE) VALUES (85, 'gov.nih.nci.ctom.domain.AdverseEventTherapy.delayDuration', null, 'gov.nih.nci.ctom.domain.AdverseEventTherapy', 'delayDuration', 'Attribute', 2, '2007-02-27'); 
INSERT INTO CSM_PROTECTION_ELEMENT (PROTECTION_ELEMENT_ID, PROTECTION_ELEMENT_NAME, PROTECTION_ELEMENT_DESCRIPTION, OBJECT_ID, ATTRIBUTE, PROTECTION_ELEMENT_TYPE, APPLICATION_ID, UPDATE_DATE) VALUES (86, 'gov.nih.nci.ctom.domain.AdverseEventTherapy.delayDurationUnitOfMeasureCode', null, 'gov.nih.nci.ctom.domain.AdverseEventTherapy', 'delayDurationUnitOfMeasureCode', 'Attribute', 2, '2007-02-27'); 
INSERT INTO CSM_PROTECTION_ELEMENT (PROTECTION_ELEMENT_ID, PROTECTION_ELEMENT_NAME, PROTECTION_ELEMENT_DESCRIPTION, OBJECT_ID, ATTRIBUTE, PROTECTION_ELEMENT_TYPE, APPLICATION_ID, UPDATE_DATE) VALUES (87, 'gov.nih.nci.ctom.domain.AdverseEventTherapy.id', null, 'gov.nih.nci.ctom.domain.AdverseEventTherapy', 'id', 'Attribute', 2, '2007-02-27'); 
INSERT INTO CSM_PROTECTION_ELEMENT (PROTECTION_ELEMENT_ID, PROTECTION_ELEMENT_NAME, PROTECTION_ELEMENT_DESCRIPTION, OBJECT_ID, ATTRIBUTE, PROTECTION_ELEMENT_TYPE, APPLICATION_ID, UPDATE_DATE) VALUES (88, 'gov.nih.nci.ctom.domain.AdverseEventTherapy.intensityCode', null, 'gov.nih.nci.ctom.domain.AdverseEventTherapy', 'intensityCode', 'Attribute', 2, '2007-02-27'); 
INSERT INTO CSM_PROTECTION_ELEMENT (PROTECTION_ELEMENT_ID, PROTECTION_ELEMENT_NAME, PROTECTION_ELEMENT_DESCRIPTION, OBJECT_ID, ATTRIBUTE, PROTECTION_ELEMENT_TYPE, APPLICATION_ID, UPDATE_DATE) VALUES (89, 'gov.nih.nci.ctom.domain.AdverseEventTherapy.treatmentDate', null, 'gov.nih.nci.ctom.domain.AdverseEventTherapy', 'treatmentDate', 'Attribute', 2, '2007-02-27'); 
INSERT INTO CSM_PROTECTION_ELEMENT (PROTECTION_ELEMENT_ID, PROTECTION_ELEMENT_NAME, PROTECTION_ELEMENT_DESCRIPTION, OBJECT_ID, ATTRIBUTE, PROTECTION_ELEMENT_TYPE, APPLICATION_ID, UPDATE_DATE) VALUES (90, 'gov.nih.nci.ctom.domain.Agent.descriptionText', null, 'gov.nih.nci.ctom.domain.Agent', 'descriptionText', 'Attribute', 2, '2007-02-27'); 
INSERT INTO CSM_PROTECTION_ELEMENT (PROTECTION_ELEMENT_ID, PROTECTION_ELEMENT_NAME, PROTECTION_ELEMENT_DESCRIPTION, OBJECT_ID, ATTRIBUTE, PROTECTION_ELEMENT_TYPE, APPLICATION_ID, UPDATE_DATE) VALUES (91, 'gov.nih.nci.ctom.domain.Agent.id', null, 'gov.nih.nci.ctom.domain.Agent', 'id', 'Attribute', 2, '2007-02-27'); 
INSERT INTO CSM_PROTECTION_ELEMENT (PROTECTION_ELEMENT_ID, PROTECTION_ELEMENT_NAME, PROTECTION_ELEMENT_DESCRIPTION, OBJECT_ID, ATTRIBUTE, PROTECTION_ELEMENT_TYPE, APPLICATION_ID, UPDATE_DATE) VALUES (92, 'gov.nih.nci.ctom.domain.Agent.name', null, 'gov.nih.nci.ctom.domain.Agent', 'name', 'Attribute', 2, '2007-02-27'); 
INSERT INTO CSM_PROTECTION_ELEMENT (PROTECTION_ELEMENT_ID, PROTECTION_ELEMENT_NAME, PROTECTION_ELEMENT_DESCRIPTION, OBJECT_ID, ATTRIBUTE, PROTECTION_ELEMENT_TYPE, APPLICATION_ID, UPDATE_DATE) VALUES (93, 'gov.nih.nci.ctom.domain.Agent.statusCode', null, 'gov.nih.nci.ctom.domain.Agent', 'statusCode', 'Attribute', 2, '2007-02-27'); 
INSERT INTO CSM_PROTECTION_ELEMENT (PROTECTION_ELEMENT_ID, PROTECTION_ELEMENT_NAME, PROTECTION_ELEMENT_DESCRIPTION, OBJECT_ID, ATTRIBUTE, PROTECTION_ELEMENT_TYPE, APPLICATION_ID, UPDATE_DATE) VALUES (94, 'gov.nih.nci.ctom.domain.AgentOccurrence.expirationDate', null, 'gov.nih.nci.ctom.domain.AgentOccurrence', 'expirationDate', 'Attribute', 2, '2007-02-27'); 
INSERT INTO CSM_PROTECTION_ELEMENT (PROTECTION_ELEMENT_ID, PROTECTION_ELEMENT_NAME, PROTECTION_ELEMENT_DESCRIPTION, OBJECT_ID, ATTRIBUTE, PROTECTION_ELEMENT_TYPE, APPLICATION_ID, UPDATE_DATE) VALUES (95, 'gov.nih.nci.ctom.domain.AgentOccurrence.formCode', null, 'gov.nih.nci.ctom.domain.AgentOccurrence', 'formCode', 'Attribute', 2, '2007-02-27'); 
INSERT INTO CSM_PROTECTION_ELEMENT (PROTECTION_ELEMENT_ID, PROTECTION_ELEMENT_NAME, PROTECTION_ELEMENT_DESCRIPTION, OBJECT_ID, ATTRIBUTE, PROTECTION_ELEMENT_TYPE, APPLICATION_ID, UPDATE_DATE) VALUES (96, 'gov.nih.nci.ctom.domain.AgentOccurrence.id', null, 'gov.nih.nci.ctom.domain.AgentOccurrence', 'id', 'Attribute', 2, '2007-02-27'); 
INSERT INTO CSM_PROTECTION_ELEMENT (PROTECTION_ELEMENT_ID, PROTECTION_ELEMENT_NAME, PROTECTION_ELEMENT_DESCRIPTION, OBJECT_ID, ATTRIBUTE, PROTECTION_ELEMENT_TYPE, APPLICATION_ID, UPDATE_DATE) VALUES (97, 'gov.nih.nci.ctom.domain.AgentOccurrence.lotNumber', null, 'gov.nih.nci.ctom.domain.AgentOccurrence', 'lotNumber', 'Attribute', 2, '2007-02-27'); 
INSERT INTO CSM_PROTECTION_ELEMENT (PROTECTION_ELEMENT_ID, PROTECTION_ELEMENT_NAME, PROTECTION_ELEMENT_DESCRIPTION, OBJECT_ID, ATTRIBUTE, PROTECTION_ELEMENT_TYPE, APPLICATION_ID, UPDATE_DATE) VALUES (98, 'gov.nih.nci.ctom.domain.Assessment.evaluationDate', null, 'gov.nih.nci.ctom.domain.Assessment', 'evaluationDate', 'Attribute', 2, '2007-02-27'); 
INSERT INTO CSM_PROTECTION_ELEMENT (PROTECTION_ELEMENT_ID, PROTECTION_ELEMENT_NAME, PROTECTION_ELEMENT_DESCRIPTION, OBJECT_ID, ATTRIBUTE, PROTECTION_ELEMENT_TYPE, APPLICATION_ID, UPDATE_DATE) VALUES (99, 'gov.nih.nci.ctom.domain.Assessment.id', null, 'gov.nih.nci.ctom.domain.Assessment', 'id', 'Attribute', 2, '2007-02-27'); 
INSERT INTO CSM_PROTECTION_ELEMENT (PROTECTION_ELEMENT_ID, PROTECTION_ELEMENT_NAME, PROTECTION_ELEMENT_DESCRIPTION, OBJECT_ID, ATTRIBUTE, PROTECTION_ELEMENT_TYPE, APPLICATION_ID, UPDATE_DATE) VALUES (100, 'gov.nih.nci.ctom.domain.Assessment.subtypeCode', null, 'gov.nih.nci.ctom.domain.Assessment', 'subtypeCode', 'Attribute', 2, '2007-02-27'); 
INSERT INTO CSM_PROTECTION_ELEMENT (PROTECTION_ELEMENT_ID, PROTECTION_ELEMENT_NAME, PROTECTION_ELEMENT_DESCRIPTION, OBJECT_ID, ATTRIBUTE, PROTECTION_ELEMENT_TYPE, APPLICATION_ID, UPDATE_DATE) VALUES (101, 'gov.nih.nci.ctom.domain.AssessmentRelationship.commentText', null, 'gov.nih.nci.ctom.domain.AssessmentRelationship', 'commentText', 'Attribute', 2, '2007-02-27'); 
INSERT INTO CSM_PROTECTION_ELEMENT (PROTECTION_ELEMENT_ID, PROTECTION_ELEMENT_NAME, PROTECTION_ELEMENT_DESCRIPTION, OBJECT_ID, ATTRIBUTE, PROTECTION_ELEMENT_TYPE, APPLICATION_ID, UPDATE_DATE) VALUES (102, 'gov.nih.nci.ctom.domain.AssessmentRelationship.id', null, 'gov.nih.nci.ctom.domain.AssessmentRelationship', 'id', 'Attribute', 2, '2007-02-27'); 
INSERT INTO CSM_PROTECTION_ELEMENT (PROTECTION_ELEMENT_ID, PROTECTION_ELEMENT_NAME, PROTECTION_ELEMENT_DESCRIPTION, OBJECT_ID, ATTRIBUTE, PROTECTION_ELEMENT_TYPE, APPLICATION_ID, UPDATE_DATE) VALUES (103, 'gov.nih.nci.ctom.domain.AssessmentRelationship.typeCode', null, 'gov.nih.nci.ctom.domain.AssessmentRelationship', 'typeCode', 'Attribute', 2, '2007-02-27'); 
INSERT INTO CSM_PROTECTION_ELEMENT (PROTECTION_ELEMENT_ID, PROTECTION_ELEMENT_NAME, PROTECTION_ELEMENT_DESCRIPTION, OBJECT_ID, ATTRIBUTE, PROTECTION_ELEMENT_TYPE, APPLICATION_ID, UPDATE_DATE) VALUES (104, 'gov.nih.nci.ctom.domain.CancerStage.id', null, 'gov.nih.nci.ctom.domain.CancerStage', 'id', 'Attribute', 2, '2007-02-27'); 
INSERT INTO CSM_PROTECTION_ELEMENT (PROTECTION_ELEMENT_ID, PROTECTION_ELEMENT_NAME, PROTECTION_ELEMENT_DESCRIPTION, OBJECT_ID, ATTRIBUTE, PROTECTION_ELEMENT_TYPE, APPLICATION_ID, UPDATE_DATE) VALUES (105, 'gov.nih.nci.ctom.domain.CancerStage.stageCode', null, 'gov.nih.nci.ctom.domain.CancerStage', 'stageCode', 'Attribute', 2, '2007-02-27'); 
INSERT INTO CSM_PROTECTION_ELEMENT (PROTECTION_ELEMENT_ID, PROTECTION_ELEMENT_NAME, PROTECTION_ELEMENT_DESCRIPTION, OBJECT_ID, ATTRIBUTE, PROTECTION_ELEMENT_TYPE, APPLICATION_ID, UPDATE_DATE) VALUES (106, 'gov.nih.nci.ctom.domain.CancerStage.stageCodeSystem', null, 'gov.nih.nci.ctom.domain.CancerStage', 'stageCodeSystem', 'Attribute', 2, '2007-02-27'); 
INSERT INTO CSM_PROTECTION_ELEMENT (PROTECTION_ELEMENT_ID, PROTECTION_ELEMENT_NAME, PROTECTION_ELEMENT_DESCRIPTION, OBJECT_ID, ATTRIBUTE, PROTECTION_ELEMENT_TYPE, APPLICATION_ID, UPDATE_DATE) VALUES (107, 'gov.nih.nci.ctom.domain.CancerStage.tnmStage', null, 'gov.nih.nci.ctom.domain.CancerStage', 'tnmStage', 'Attribute', 2, '2007-02-27'); 
INSERT INTO CSM_PROTECTION_ELEMENT (PROTECTION_ELEMENT_ID, PROTECTION_ELEMENT_NAME, PROTECTION_ELEMENT_DESCRIPTION, OBJECT_ID, ATTRIBUTE, PROTECTION_ELEMENT_TYPE, APPLICATION_ID, UPDATE_DATE) VALUES (53, 'gov.nih.nci.ctom.domain.Activity.durationUnitOfMeasureCode', null, 'gov.nih.nci.ctom.domain.Activity', 'durationUnitOfMeasureCode', 'Attribute', 2, '2007-02-27'); 
INSERT INTO CSM_PROTECTION_ELEMENT (PROTECTION_ELEMENT_ID, PROTECTION_ELEMENT_NAME, PROTECTION_ELEMENT_DESCRIPTION, OBJECT_ID, ATTRIBUTE, PROTECTION_ELEMENT_TYPE, APPLICATION_ID, UPDATE_DATE) VALUES (54, 'gov.nih.nci.ctom.domain.Activity.durationValue', null, 'gov.nih.nci.ctom.domain.Activity', 'durationValue', 'Attribute', 2, '2007-02-27'); 
INSERT INTO CSM_PROTECTION_ELEMENT (PROTECTION_ELEMENT_ID, PROTECTION_ELEMENT_NAME, PROTECTION_ELEMENT_DESCRIPTION, OBJECT_ID, ATTRIBUTE, PROTECTION_ELEMENT_TYPE, APPLICATION_ID, UPDATE_DATE) VALUES (108, 'gov.nih.nci.ctom.domain.CancerStage.tnmStageCodeSystem', null, 'gov.nih.nci.ctom.domain.CancerStage', 'tnmStageCodeSystem', 'Attribute', 2, '2007-02-27'); 
INSERT INTO CSM_PROTECTION_ELEMENT (PROTECTION_ELEMENT_ID, PROTECTION_ELEMENT_NAME, PROTECTION_ELEMENT_DESCRIPTION, OBJECT_ID, ATTRIBUTE, PROTECTION_ELEMENT_TYPE, APPLICATION_ID, UPDATE_DATE) VALUES (109, 'gov.nih.nci.ctom.domain.ClinicalResult.assayMethodCode', null, 'gov.nih.nci.ctom.domain.ClinicalResult', 'assayMethodCode', 'Attribute', 2, '2007-02-27'); 
INSERT INTO CSM_PROTECTION_ELEMENT (PROTECTION_ELEMENT_ID, PROTECTION_ELEMENT_NAME, PROTECTION_ELEMENT_DESCRIPTION, OBJECT_ID, ATTRIBUTE, PROTECTION_ELEMENT_TYPE, APPLICATION_ID, UPDATE_DATE) VALUES (110, 'gov.nih.nci.ctom.domain.ClinicalResult.biomarkerIndicator', null, 'gov.nih.nci.ctom.domain.ClinicalResult', 'biomarkerIndicator', 'Attribute', 2, '2007-02-27'); 
INSERT INTO CSM_PROTECTION_ELEMENT (PROTECTION_ELEMENT_ID, PROTECTION_ELEMENT_NAME, PROTECTION_ELEMENT_DESCRIPTION, OBJECT_ID, ATTRIBUTE, PROTECTION_ELEMENT_TYPE, APPLICATION_ID, UPDATE_DATE) VALUES (111, 'gov.nih.nci.ctom.domain.ClinicalResult.bodyPositionCode', null, 'gov.nih.nci.ctom.domain.ClinicalResult', 'bodyPositionCode', 'Attribute', 2, '2007-02-27'); 
INSERT INTO CSM_PROTECTION_ELEMENT (PROTECTION_ELEMENT_ID, PROTECTION_ELEMENT_NAME, PROTECTION_ELEMENT_DESCRIPTION, OBJECT_ID, ATTRIBUTE, PROTECTION_ELEMENT_TYPE, APPLICATION_ID, UPDATE_DATE) VALUES (112, 'gov.nih.nci.ctom.domain.ClinicalResult.labReferenceRangeCode', null, 'gov.nih.nci.ctom.domain.ClinicalResult', 'labReferenceRangeCode', 'Attribute', 2, '2007-02-27'); 
INSERT INTO CSM_PROTECTION_ELEMENT (PROTECTION_ELEMENT_ID, PROTECTION_ELEMENT_NAME, PROTECTION_ELEMENT_DESCRIPTION, OBJECT_ID, ATTRIBUTE, PROTECTION_ELEMENT_TYPE, APPLICATION_ID, UPDATE_DATE) VALUES (113, 'gov.nih.nci.ctom.domain.ClinicalResult.labTechniqueCode', null, 'gov.nih.nci.ctom.domain.ClinicalResult', 'labTechniqueCode', 'Attribute', 2, '2007-02-27'); 
INSERT INTO CSM_PROTECTION_ELEMENT (PROTECTION_ELEMENT_ID, PROTECTION_ELEMENT_NAME, PROTECTION_ELEMENT_DESCRIPTION, OBJECT_ID, ATTRIBUTE, PROTECTION_ELEMENT_TYPE, APPLICATION_ID, UPDATE_DATE) VALUES (114, 'gov.nih.nci.ctom.domain.ClinicalResult.meansVitalStatusObtainedCode', null, 'gov.nih.nci.ctom.domain.ClinicalResult', 'meansVitalStatusObtainedCode', 'Attribute', 2, '2007-02-27'); 
INSERT INTO CSM_PROTECTION_ELEMENT (PROTECTION_ELEMENT_ID, PROTECTION_ELEMENT_NAME, PROTECTION_ELEMENT_DESCRIPTION, OBJECT_ID, ATTRIBUTE, PROTECTION_ELEMENT_TYPE, APPLICATION_ID, UPDATE_DATE) VALUES (115, 'gov.nih.nci.ctom.domain.ClinicalResult.normalAbnormalIndicator', null, 'gov.nih.nci.ctom.domain.ClinicalResult', 'normalAbnormalIndicator', 'Attribute', 2, '2007-02-27'); 
INSERT INTO CSM_PROTECTION_ELEMENT (PROTECTION_ELEMENT_ID, PROTECTION_ELEMENT_NAME, PROTECTION_ELEMENT_DESCRIPTION, OBJECT_ID, ATTRIBUTE, PROTECTION_ELEMENT_TYPE, APPLICATION_ID, UPDATE_DATE) VALUES (116, 'gov.nih.nci.ctom.domain.ClinicalResult.panelName', null, 'gov.nih.nci.ctom.domain.ClinicalResult', 'panelName', 'Attribute', 2, '2007-02-27'); 
INSERT INTO CSM_PROTECTION_ELEMENT (PROTECTION_ELEMENT_ID, PROTECTION_ELEMENT_NAME, PROTECTION_ELEMENT_DESCRIPTION, OBJECT_ID, ATTRIBUTE, PROTECTION_ELEMENT_TYPE, APPLICATION_ID, UPDATE_DATE) VALUES (117, 'gov.nih.nci.ctom.domain.ClinicalResult.significanceIndicator', null, 'gov.nih.nci.ctom.domain.ClinicalResult', 'significanceIndicator', 'Attribute', 2, '2007-02-27'); 
INSERT INTO CSM_PROTECTION_ELEMENT (PROTECTION_ELEMENT_ID, PROTECTION_ELEMENT_NAME, PROTECTION_ELEMENT_DESCRIPTION, OBJECT_ID, ATTRIBUTE, PROTECTION_ELEMENT_TYPE, APPLICATION_ID, UPDATE_DATE) VALUES (118, 'gov.nih.nci.ctom.domain.ClinicalResult.value', null, 'gov.nih.nci.ctom.domain.ClinicalResult', 'value', 'Attribute', 2, '2007-02-27'); 
INSERT INTO CSM_PROTECTION_ELEMENT (PROTECTION_ELEMENT_ID, PROTECTION_ELEMENT_NAME, PROTECTION_ELEMENT_DESCRIPTION, OBJECT_ID, ATTRIBUTE, PROTECTION_ELEMENT_TYPE, APPLICATION_ID, UPDATE_DATE) VALUES (119, 'gov.nih.nci.ctom.domain.ClinicalResult.valueUnitOfMeasureCode', null, 'gov.nih.nci.ctom.domain.ClinicalResult', 'valueUnitOfMeasureCode', 'Attribute', 2, '2007-02-27'); 
INSERT INTO CSM_PROTECTION_ELEMENT (PROTECTION_ELEMENT_ID, PROTECTION_ELEMENT_NAME, PROTECTION_ELEMENT_DESCRIPTION, OBJECT_ID, ATTRIBUTE, PROTECTION_ELEMENT_TYPE, APPLICATION_ID, UPDATE_DATE) VALUES (120, 'gov.nih.nci.ctom.domain.ConceptDescriptor.code', null, 'gov.nih.nci.ctom.domain.ConceptDescriptor', 'code', 'Attribute', 2, '2007-02-27'); 
INSERT INTO CSM_PROTECTION_ELEMENT (PROTECTION_ELEMENT_ID, PROTECTION_ELEMENT_NAME, PROTECTION_ELEMENT_DESCRIPTION, OBJECT_ID, ATTRIBUTE, PROTECTION_ELEMENT_TYPE, APPLICATION_ID, UPDATE_DATE) VALUES (121, 'gov.nih.nci.ctom.domain.ConceptDescriptor.codeSystem', null, 'gov.nih.nci.ctom.domain.ConceptDescriptor', 'codeSystem', 'Attribute', 2, '2007-02-27'); 
INSERT INTO CSM_PROTECTION_ELEMENT (PROTECTION_ELEMENT_ID, PROTECTION_ELEMENT_NAME, PROTECTION_ELEMENT_DESCRIPTION, OBJECT_ID, ATTRIBUTE, PROTECTION_ELEMENT_TYPE, APPLICATION_ID, UPDATE_DATE) VALUES (122, 'gov.nih.nci.ctom.domain.ConceptDescriptor.codeSystemName', null, 'gov.nih.nci.ctom.domain.ConceptDescriptor', 'codeSystemName', 'Attribute', 2, '2007-02-27'); 
INSERT INTO CSM_PROTECTION_ELEMENT (PROTECTION_ELEMENT_ID, PROTECTION_ELEMENT_NAME, PROTECTION_ELEMENT_DESCRIPTION, OBJECT_ID, ATTRIBUTE, PROTECTION_ELEMENT_TYPE, APPLICATION_ID, UPDATE_DATE) VALUES (123, 'gov.nih.nci.ctom.domain.ConceptDescriptor.codeSystemVersion', null, 'gov.nih.nci.ctom.domain.ConceptDescriptor', 'codeSystemVersion', 'Attribute', 2, '2007-02-27'); 
INSERT INTO CSM_PROTECTION_ELEMENT (PROTECTION_ELEMENT_ID, PROTECTION_ELEMENT_NAME, PROTECTION_ELEMENT_DESCRIPTION, OBJECT_ID, ATTRIBUTE, PROTECTION_ELEMENT_TYPE, APPLICATION_ID, UPDATE_DATE) VALUES (124, 'gov.nih.nci.ctom.domain.ConceptDescriptor.displayText', null, 'gov.nih.nci.ctom.domain.ConceptDescriptor', 'displayText', 'Attribute', 2, '2007-02-27'); 
INSERT INTO CSM_PROTECTION_ELEMENT (PROTECTION_ELEMENT_ID, PROTECTION_ELEMENT_NAME, PROTECTION_ELEMENT_DESCRIPTION, OBJECT_ID, ATTRIBUTE, PROTECTION_ELEMENT_TYPE, APPLICATION_ID, UPDATE_DATE) VALUES (125, 'gov.nih.nci.ctom.domain.ConceptDescriptor.id', null, 'gov.nih.nci.ctom.domain.ConceptDescriptor', 'id', 'Attribute', 2, '2007-02-27'); 
INSERT INTO CSM_PROTECTION_ELEMENT (PROTECTION_ELEMENT_ID, PROTECTION_ELEMENT_NAME, PROTECTION_ELEMENT_DESCRIPTION, OBJECT_ID, ATTRIBUTE, PROTECTION_ELEMENT_TYPE, APPLICATION_ID, UPDATE_DATE) VALUES (126, 'gov.nih.nci.ctom.domain.DeathSummary.autopsiedIndicator', null, 'gov.nih.nci.ctom.domain.DeathSummary', 'autopsiedIndicator', 'Attribute', 2, '2007-02-27'); 
INSERT INTO CSM_PROTECTION_ELEMENT (PROTECTION_ELEMENT_ID, PROTECTION_ELEMENT_NAME, PROTECTION_ELEMENT_DESCRIPTION, OBJECT_ID, ATTRIBUTE, PROTECTION_ELEMENT_TYPE, APPLICATION_ID, UPDATE_DATE) VALUES (127, 'gov.nih.nci.ctom.domain.DeathSummary.deathCauseCode', null, 'gov.nih.nci.ctom.domain.DeathSummary', 'deathCauseCode', 'Attribute', 2, '2007-02-27'); 
INSERT INTO CSM_PROTECTION_ELEMENT (PROTECTION_ELEMENT_ID, PROTECTION_ELEMENT_NAME, PROTECTION_ELEMENT_DESCRIPTION, OBJECT_ID, ATTRIBUTE, PROTECTION_ELEMENT_TYPE, APPLICATION_ID, UPDATE_DATE) VALUES (128, 'gov.nih.nci.ctom.domain.DeathSummary.deathCauseText', null, 'gov.nih.nci.ctom.domain.DeathSummary', 'deathCauseText', 'Attribute', 2, '2007-02-27'); 
INSERT INTO CSM_PROTECTION_ELEMENT (PROTECTION_ELEMENT_ID, PROTECTION_ELEMENT_NAME, PROTECTION_ELEMENT_DESCRIPTION, OBJECT_ID, ATTRIBUTE, PROTECTION_ELEMENT_TYPE, APPLICATION_ID, UPDATE_DATE) VALUES (355, 'gov.nih.nci.ctom.domain.StudySite.18', null, '18', 'StudySite.id', 'StudySite', 2, '2007-04-05'); 
INSERT INTO CSM_PROTECTION_ELEMENT (PROTECTION_ELEMENT_ID, PROTECTION_ELEMENT_NAME, PROTECTION_ELEMENT_DESCRIPTION, OBJECT_ID, ATTRIBUTE, PROTECTION_ELEMENT_TYPE, APPLICATION_ID, UPDATE_DATE) VALUES (368, 'gov.nih.nci.ctom.domain.Protocol.2', null, '2', 'Protocol.id', 'Protocol', 2, '2007-06-27'); 
INSERT INTO CSM_PROTECTION_ELEMENT (PROTECTION_ELEMENT_ID, PROTECTION_ELEMENT_NAME, PROTECTION_ELEMENT_DESCRIPTION, OBJECT_ID, ATTRIBUTE, PROTECTION_ELEMENT_TYPE, APPLICATION_ID, UPDATE_DATE) VALUES (367, 'gov.nih.nci.ctom.domain.Protocol.1', null, '1', 'Protocol.id', 'Protocol', 2, '2007-07-03'); 
INSERT INTO CSM_PROTECTION_ELEMENT (PROTECTION_ELEMENT_ID, PROTECTION_ELEMENT_NAME, PROTECTION_ELEMENT_DESCRIPTION, OBJECT_ID, ATTRIBUTE, PROTECTION_ELEMENT_TYPE, APPLICATION_ID, UPDATE_DATE) VALUES (394, 'gov.nih.nci.ctom.domain.Person.phone', null, 'gov.nih.nci.ctom.domain.Person', 'phone', 'Attribute', 2, '2007-07-03'); 
INSERT INTO CSM_PROTECTION_ELEMENT (PROTECTION_ELEMENT_ID, PROTECTION_ELEMENT_NAME, PROTECTION_ELEMENT_DESCRIPTION, OBJECT_ID, ATTRIBUTE, PROTECTION_ELEMENT_TYPE, APPLICATION_ID, UPDATE_DATE) VALUES (400, 'gov.nih.nci.ctom.domain.HealthcareSiteInvestigator.id', null, 'gov.nih.nci.ctom.domain.HealthcareSiteInvestigator', 'id', 'Attribute', 2, '2007-07-03'); 
INSERT INTO CSM_PROTECTION_ELEMENT (PROTECTION_ELEMENT_ID, PROTECTION_ELEMENT_NAME, PROTECTION_ELEMENT_DESCRIPTION, OBJECT_ID, ATTRIBUTE, PROTECTION_ELEMENT_TYPE, APPLICATION_ID, UPDATE_DATE) VALUES (397, 'gov.nih.nci.ctom.domain.Person.streetAddress', null, 'gov.nih.nci.ctom.domain.Person', 'streetAddress', 'Attribute', 2, '2007-07-03'); 
INSERT INTO CSM_PROTECTION_ELEMENT (PROTECTION_ELEMENT_ID, PROTECTION_ELEMENT_NAME, PROTECTION_ELEMENT_DESCRIPTION, OBJECT_ID, ATTRIBUTE, PROTECTION_ELEMENT_TYPE, APPLICATION_ID, UPDATE_DATE) VALUES (401, 'gov.nih.nci.ctom.domain.HealthcareSiteInvestigator.roleCode', null, 'gov.nih.nci.ctom.domain.HealthcareSiteInvestigator', 'roleCode', 'Attribute', 2, '2007-07-03'); 
INSERT INTO CSM_PROTECTION_ELEMENT (PROTECTION_ELEMENT_ID, PROTECTION_ELEMENT_NAME, PROTECTION_ELEMENT_DESCRIPTION, OBJECT_ID, ATTRIBUTE, PROTECTION_ELEMENT_TYPE, APPLICATION_ID, UPDATE_DATE) VALUES (337, 'gov.nih.nci.ctom.domain.StudySite.1', null, '1', 'StudySite.id', 'StudySite', 2, '2007-03-13'); 
INSERT INTO CSM_PROTECTION_ELEMENT (PROTECTION_ELEMENT_ID, PROTECTION_ELEMENT_NAME, PROTECTION_ELEMENT_DESCRIPTION, OBJECT_ID, ATTRIBUTE, PROTECTION_ELEMENT_TYPE, APPLICATION_ID, UPDATE_DATE) VALUES (294, 'gov.nih.nci.ctom.domain.StudyAgent.statusCode', null, 'gov.nih.nci.ctom.domain.StudyAgent', 'statusCode', 'Attribute', 2, '2007-02-27'); 
INSERT INTO CSM_PROTECTION_ELEMENT (PROTECTION_ELEMENT_ID, PROTECTION_ELEMENT_NAME, PROTECTION_ELEMENT_DESCRIPTION, OBJECT_ID, ATTRIBUTE, PROTECTION_ELEMENT_TYPE, APPLICATION_ID, UPDATE_DATE) VALUES (295, 'gov.nih.nci.ctom.domain.StudyAgent.statusDate', null, 'gov.nih.nci.ctom.domain.StudyAgent', 'statusDate', 'Attribute', 2, '2007-02-27'); 
INSERT INTO CSM_PROTECTION_ELEMENT (PROTECTION_ELEMENT_ID, PROTECTION_ELEMENT_NAME, PROTECTION_ELEMENT_DESCRIPTION, OBJECT_ID, ATTRIBUTE, PROTECTION_ELEMENT_TYPE, APPLICATION_ID, UPDATE_DATE) VALUES (296, 'gov.nih.nci.ctom.domain.StudyInvestigator.id', null, 'gov.nih.nci.ctom.domain.StudyInvestigator', 'id', 'Attribute', 2, '2007-02-27'); 
INSERT INTO CSM_PROTECTION_ELEMENT (PROTECTION_ELEMENT_ID, PROTECTION_ELEMENT_NAME, PROTECTION_ELEMENT_DESCRIPTION, OBJECT_ID, ATTRIBUTE, PROTECTION_ELEMENT_TYPE, APPLICATION_ID, UPDATE_DATE) VALUES (297, 'gov.nih.nci.ctom.domain.StudyInvestigator.responsibilityRoleCode', null, 'gov.nih.nci.ctom.domain.StudyInvestigator', 'responsibilityRoleCode', 'Attribute', 2, '2007-02-27'); 
INSERT INTO CSM_PROTECTION_ELEMENT (PROTECTION_ELEMENT_ID, PROTECTION_ELEMENT_NAME, PROTECTION_ELEMENT_DESCRIPTION, OBJECT_ID, ATTRIBUTE, PROTECTION_ELEMENT_TYPE, APPLICATION_ID, UPDATE_DATE) VALUES (298, 'gov.nih.nci.ctom.domain.StudyInvestigator.signatureIndicator', null, 'gov.nih.nci.ctom.domain.StudyInvestigator', 'signatureIndicator', 'Attribute', 2, '2007-02-27'); 
INSERT INTO CSM_PROTECTION_ELEMENT (PROTECTION_ELEMENT_ID, PROTECTION_ELEMENT_NAME, PROTECTION_ELEMENT_DESCRIPTION, OBJECT_ID, ATTRIBUTE, PROTECTION_ELEMENT_TYPE, APPLICATION_ID, UPDATE_DATE) VALUES (299, 'gov.nih.nci.ctom.domain.StudyInvestigator.signatureText', null, 'gov.nih.nci.ctom.domain.StudyInvestigator', 'signatureText', 'Attribute', 2, '2007-02-27'); 
INSERT INTO CSM_PROTECTION_ELEMENT (PROTECTION_ELEMENT_ID, PROTECTION_ELEMENT_NAME, PROTECTION_ELEMENT_DESCRIPTION, OBJECT_ID, ATTRIBUTE, PROTECTION_ELEMENT_TYPE, APPLICATION_ID, UPDATE_DATE) VALUES (300, 'gov.nih.nci.ctom.domain.StudyInvestigator.startDate', null, 'gov.nih.nci.ctom.domain.StudyInvestigator', 'startDate', 'Attribute', 2, '2007-02-27'); 
INSERT INTO CSM_PROTECTION_ELEMENT (PROTECTION_ELEMENT_ID, PROTECTION_ELEMENT_NAME, PROTECTION_ELEMENT_DESCRIPTION, OBJECT_ID, ATTRIBUTE, PROTECTION_ELEMENT_TYPE, APPLICATION_ID, UPDATE_DATE) VALUES (301, 'gov.nih.nci.ctom.domain.StudyInvestigator.statusCode', null, 'gov.nih.nci.ctom.domain.StudyInvestigator', 'statusCode', 'Attribute', 2, '2007-02-27'); 
INSERT INTO CSM_PROTECTION_ELEMENT (PROTECTION_ELEMENT_ID, PROTECTION_ELEMENT_NAME, PROTECTION_ELEMENT_DESCRIPTION, OBJECT_ID, ATTRIBUTE, PROTECTION_ELEMENT_TYPE, APPLICATION_ID, UPDATE_DATE) VALUES (302, 'gov.nih.nci.ctom.domain.StudyInvestigator.stopDate', null, 'gov.nih.nci.ctom.domain.StudyInvestigator', 'stopDate', 'Attribute', 2, '2007-02-27'); 
INSERT INTO CSM_PROTECTION_ELEMENT (PROTECTION_ELEMENT_ID, PROTECTION_ELEMENT_NAME, PROTECTION_ELEMENT_DESCRIPTION, OBJECT_ID, ATTRIBUTE, PROTECTION_ELEMENT_TYPE, APPLICATION_ID, UPDATE_DATE) VALUES (303, 'gov.nih.nci.ctom.domain.StudyParticipantAssignment.armIdentifier', null, 'gov.nih.nci.ctom.domain.StudyParticipantAssignment', 'armIdentifier', 'Attribute', 2, '2007-02-27'); 
INSERT INTO CSM_PROTECTION_ELEMENT (PROTECTION_ELEMENT_ID, PROTECTION_ELEMENT_NAME, PROTECTION_ELEMENT_DESCRIPTION, OBJECT_ID, ATTRIBUTE, PROTECTION_ELEMENT_TYPE, APPLICATION_ID, UPDATE_DATE) VALUES (304, 'gov.nih.nci.ctom.domain.StudyParticipantAssignment.eligibilityWaiverReasonText', null, 'gov.nih.nci.ctom.domain.StudyParticipantAssignment', 'eligibilityWaiverReasonText', 'Attribute', 2, '2007-02-27'); 
INSERT INTO CSM_PROTECTION_ELEMENT (PROTECTION_ELEMENT_ID, PROTECTION_ELEMENT_NAME, PROTECTION_ELEMENT_DESCRIPTION, OBJECT_ID, ATTRIBUTE, PROTECTION_ELEMENT_TYPE, APPLICATION_ID, UPDATE_DATE) VALUES (305, 'gov.nih.nci.ctom.domain.StudyParticipantAssignment.enrollmentAge', null, 'gov.nih.nci.ctom.domain.StudyParticipantAssignment', 'enrollmentAge', 'Attribute', 2, '2007-02-27'); 
INSERT INTO CSM_PROTECTION_ELEMENT (PROTECTION_ELEMENT_ID, PROTECTION_ELEMENT_NAME, PROTECTION_ELEMENT_DESCRIPTION, OBJECT_ID, ATTRIBUTE, PROTECTION_ELEMENT_TYPE, APPLICATION_ID, UPDATE_DATE) VALUES (306, 'gov.nih.nci.ctom.domain.StudyParticipantAssignment.id', null, 'gov.nih.nci.ctom.domain.StudyParticipantAssignment', 'id', 'Attribute', 2, '2007-02-27'); 
INSERT INTO CSM_PROTECTION_ELEMENT (PROTECTION_ELEMENT_ID, PROTECTION_ELEMENT_NAME, PROTECTION_ELEMENT_DESCRIPTION, OBJECT_ID, ATTRIBUTE, PROTECTION_ELEMENT_TYPE, APPLICATION_ID, UPDATE_DATE) VALUES (307, 'gov.nih.nci.ctom.domain.StudyParticipantAssignment.informedConsentFormSignedDate', null, 'gov.nih.nci.ctom.domain.StudyParticipantAssignment', 'informedConsentFormSignedDate', 'Attribute', 2, '2007-02-27'); 
INSERT INTO CSM_PROTECTION_ELEMENT (PROTECTION_ELEMENT_ID, PROTECTION_ELEMENT_NAME, PROTECTION_ELEMENT_DESCRIPTION, OBJECT_ID, ATTRIBUTE, PROTECTION_ELEMENT_TYPE, APPLICATION_ID, UPDATE_DATE) VALUES (308, 'gov.nih.nci.ctom.domain.StudyParticipantAssignment.offStudyDate', null, 'gov.nih.nci.ctom.domain.StudyParticipantAssignment', 'offStudyDate', 'Attribute', 2, '2007-02-27'); 
INSERT INTO CSM_PROTECTION_ELEMENT (PROTECTION_ELEMENT_ID, PROTECTION_ELEMENT_NAME, PROTECTION_ELEMENT_DESCRIPTION, OBJECT_ID, ATTRIBUTE, PROTECTION_ELEMENT_TYPE, APPLICATION_ID, UPDATE_DATE) VALUES (309, 'gov.nih.nci.ctom.domain.StudyParticipantAssignment.offStudyReasonCode', null, 'gov.nih.nci.ctom.domain.StudyParticipantAssignment', 'offStudyReasonCode', 'Attribute', 2, '2007-02-27'); 
INSERT INTO CSM_PROTECTION_ELEMENT (PROTECTION_ELEMENT_ID, PROTECTION_ELEMENT_NAME, PROTECTION_ELEMENT_DESCRIPTION, OBJECT_ID, ATTRIBUTE, PROTECTION_ELEMENT_TYPE, APPLICATION_ID, UPDATE_DATE) VALUES (398, 'gov.nih.nci.ctom.domain.Protocol.documentUri', null, 'gov.nih.nci.ctom.domain.Protocol', 'documentUri', 'Attribute', 2, '2007-07-03'); 
INSERT INTO CSM_PROTECTION_ELEMENT (PROTECTION_ELEMENT_ID, PROTECTION_ELEMENT_NAME, PROTECTION_ELEMENT_DESCRIPTION, OBJECT_ID, ATTRIBUTE, PROTECTION_ELEMENT_TYPE, APPLICATION_ID, UPDATE_DATE) VALUES (399, 'gov.nih.nci.ctom.domain.HealthcareSiteInvestigator', null, 'gov.nih.nci.ctom.domain.HealthcareSiteInvestigator', null, 'Object', 2, '2007-07-03'); 
INSERT INTO CSM_PROTECTION_ELEMENT (PROTECTION_ELEMENT_ID, PROTECTION_ELEMENT_NAME, PROTECTION_ELEMENT_DESCRIPTION, OBJECT_ID, ATTRIBUTE, PROTECTION_ELEMENT_TYPE, APPLICATION_ID, UPDATE_DATE) VALUES (354, 'gov.nih.nci.ctom.domain.StudySite.17', null, '17', 'StudySite.id', 'StudySite', 2, '2007-04-05'); 
INSERT INTO CSM_PROTECTION_ELEMENT (PROTECTION_ELEMENT_ID, PROTECTION_ELEMENT_NAME, PROTECTION_ELEMENT_DESCRIPTION, OBJECT_ID, ATTRIBUTE, PROTECTION_ELEMENT_TYPE, APPLICATION_ID, UPDATE_DATE) VALUES (242, 'gov.nih.nci.ctom.domain.Person.telecomAddress', null, 'gov.nih.nci.ctom.domain.Person', 'telecomAddress', 'Attribute', 2, '2007-02-27'); 
INSERT INTO CSM_PROTECTION_ELEMENT (PROTECTION_ELEMENT_ID, PROTECTION_ELEMENT_NAME, PROTECTION_ELEMENT_DESCRIPTION, OBJECT_ID, ATTRIBUTE, PROTECTION_ELEMENT_TYPE, APPLICATION_ID, UPDATE_DATE) VALUES (243, 'gov.nih.nci.ctom.domain.PersonOccupation.id', null, 'gov.nih.nci.ctom.domain.PersonOccupation', 'id', 'Attribute', 2, '2007-02-27'); 
INSERT INTO CSM_PROTECTION_ELEMENT (PROTECTION_ELEMENT_ID, PROTECTION_ELEMENT_NAME, PROTECTION_ELEMENT_DESCRIPTION, OBJECT_ID, ATTRIBUTE, PROTECTION_ELEMENT_TYPE, APPLICATION_ID, UPDATE_DATE) VALUES (244, 'gov.nih.nci.ctom.domain.PersonOccupation.primaryTypeCode', null, 'gov.nih.nci.ctom.domain.PersonOccupation', 'primaryTypeCode', 'Attribute', 2, '2007-02-27'); 
INSERT INTO CSM_PROTECTION_ELEMENT (PROTECTION_ELEMENT_ID, PROTECTION_ELEMENT_NAME, PROTECTION_ELEMENT_DESCRIPTION, OBJECT_ID, ATTRIBUTE, PROTECTION_ELEMENT_TYPE, APPLICATION_ID, UPDATE_DATE) VALUES (245, 'gov.nih.nci.ctom.domain.PersonOccupation.primaryTypeCodeSystem', null, 'gov.nih.nci.ctom.domain.PersonOccupation', 'primaryTypeCodeSystem', 'Attribute', 2, '2007-02-27'); 
INSERT INTO CSM_PROTECTION_ELEMENT (PROTECTION_ELEMENT_ID, PROTECTION_ELEMENT_NAME, PROTECTION_ELEMENT_DESCRIPTION, OBJECT_ID, ATTRIBUTE, PROTECTION_ELEMENT_TYPE, APPLICATION_ID, UPDATE_DATE) VALUES (246, 'gov.nih.nci.ctom.domain.PersonOccupation.startDate', null, 'gov.nih.nci.ctom.domain.PersonOccupation', 'startDate', 'Attribute', 2, '2007-02-27'); 
INSERT INTO CSM_PROTECTION_ELEMENT (PROTECTION_ELEMENT_ID, PROTECTION_ELEMENT_NAME, PROTECTION_ELEMENT_DESCRIPTION, OBJECT_ID, ATTRIBUTE, PROTECTION_ELEMENT_TYPE, APPLICATION_ID, UPDATE_DATE) VALUES (247, 'gov.nih.nci.ctom.domain.PersonOccupation.stopDate', null, 'gov.nih.nci.ctom.domain.PersonOccupation', 'stopDate', 'Attribute', 2, '2007-02-27'); 
INSERT INTO CSM_PROTECTION_ELEMENT (PROTECTION_ELEMENT_ID, PROTECTION_ELEMENT_NAME, PROTECTION_ELEMENT_DESCRIPTION, OBJECT_ID, ATTRIBUTE, PROTECTION_ELEMENT_TYPE, APPLICATION_ID, UPDATE_DATE) VALUES (248, 'gov.nih.nci.ctom.domain.Procedure.anatomicSiteCode', null, 'gov.nih.nci.ctom.domain.Procedure', 'anatomicSiteCode', 'Attribute', 2, '2007-02-27'); 
INSERT INTO CSM_PROTECTION_ELEMENT (PROTECTION_ELEMENT_ID, PROTECTION_ELEMENT_NAME, PROTECTION_ELEMENT_DESCRIPTION, OBJECT_ID, ATTRIBUTE, PROTECTION_ELEMENT_TYPE, APPLICATION_ID, UPDATE_DATE) VALUES (249, 'gov.nih.nci.ctom.domain.Procedure.anatomicSiteCodeSystem', null, 'gov.nih.nci.ctom.domain.Procedure', 'anatomicSiteCodeSystem', 'Attribute', 2, '2007-02-27'); 
INSERT INTO CSM_PROTECTION_ELEMENT (PROTECTION_ELEMENT_ID, PROTECTION_ELEMENT_NAME, PROTECTION_ELEMENT_DESCRIPTION, OBJECT_ID, ATTRIBUTE, PROTECTION_ELEMENT_TYPE, APPLICATION_ID, UPDATE_DATE) VALUES (250, 'gov.nih.nci.ctom.domain.Protocol.amendmentDate', null, 'gov.nih.nci.ctom.domain.Protocol', 'amendmentDate', 'Attribute', 2, '2007-02-27'); 
INSERT INTO CSM_PROTECTION_ELEMENT (PROTECTION_ELEMENT_ID, PROTECTION_ELEMENT_NAME, PROTECTION_ELEMENT_DESCRIPTION, OBJECT_ID, ATTRIBUTE, PROTECTION_ELEMENT_TYPE, APPLICATION_ID, UPDATE_DATE) VALUES (251, 'gov.nih.nci.ctom.domain.Protocol.amendmentIdentifier', null, 'gov.nih.nci.ctom.domain.Protocol', 'amendmentIdentifier', 'Attribute', 2, '2007-02-27'); 
INSERT INTO CSM_PROTECTION_ELEMENT (PROTECTION_ELEMENT_ID, PROTECTION_ELEMENT_NAME, PROTECTION_ELEMENT_DESCRIPTION, OBJECT_ID, ATTRIBUTE, PROTECTION_ELEMENT_TYPE, APPLICATION_ID, UPDATE_DATE) VALUES (252, 'gov.nih.nci.ctom.domain.Protocol.blindedIndicator', null, 'gov.nih.nci.ctom.domain.Protocol', 'blindedIndicator', 'Attribute', 2, '2007-02-27'); 
INSERT INTO CSM_PROTECTION_ELEMENT (PROTECTION_ELEMENT_ID, PROTECTION_ELEMENT_NAME, PROTECTION_ELEMENT_DESCRIPTION, OBJECT_ID, ATTRIBUTE, PROTECTION_ELEMENT_TYPE, APPLICATION_ID, UPDATE_DATE) VALUES (253, 'gov.nih.nci.ctom.domain.Protocol.descriptionText', null, 'gov.nih.nci.ctom.domain.Protocol', 'descriptionText', 'Attribute', 2, '2007-02-27'); 
INSERT INTO CSM_PROTECTION_ELEMENT (PROTECTION_ELEMENT_ID, PROTECTION_ELEMENT_NAME, PROTECTION_ELEMENT_DESCRIPTION, OBJECT_ID, ATTRIBUTE, PROTECTION_ELEMENT_TYPE, APPLICATION_ID, UPDATE_DATE) VALUES (254, 'gov.nih.nci.ctom.domain.Protocol.diseaseCode', null, 'gov.nih.nci.ctom.domain.Protocol', 'diseaseCode', 'Attribute', 2, '2007-02-27'); 
INSERT INTO CSM_PROTECTION_ELEMENT (PROTECTION_ELEMENT_ID, PROTECTION_ELEMENT_NAME, PROTECTION_ELEMENT_DESCRIPTION, OBJECT_ID, ATTRIBUTE, PROTECTION_ELEMENT_TYPE, APPLICATION_ID, UPDATE_DATE) VALUES (255, 'gov.nih.nci.ctom.domain.Protocol.id', null, 'gov.nih.nci.ctom.domain.Protocol', 'id', 'Attribute', 2, '2007-02-27'); 
INSERT INTO CSM_PROTECTION_ELEMENT (PROTECTION_ELEMENT_ID, PROTECTION_ELEMENT_NAME, PROTECTION_ELEMENT_DESCRIPTION, OBJECT_ID, ATTRIBUTE, PROTECTION_ELEMENT_TYPE, APPLICATION_ID, UPDATE_DATE) VALUES (256, 'gov.nih.nci.ctom.domain.Protocol.intentCode', null, 'gov.nih.nci.ctom.domain.Protocol', 'intentCode', 'Attribute', 2, '2007-02-27'); 
INSERT INTO CSM_PROTECTION_ELEMENT (PROTECTION_ELEMENT_ID, PROTECTION_ELEMENT_NAME, PROTECTION_ELEMENT_DESCRIPTION, OBJECT_ID, ATTRIBUTE, PROTECTION_ELEMENT_TYPE, APPLICATION_ID, UPDATE_DATE) VALUES (257, 'gov.nih.nci.ctom.domain.Protocol.longTitleText', null, 'gov.nih.nci.ctom.domain.Protocol', 'longTitleText', 'Attribute', 2, '2007-02-27'); 
INSERT INTO CSM_PROTECTION_ELEMENT (PROTECTION_ELEMENT_ID, PROTECTION_ELEMENT_NAME, PROTECTION_ELEMENT_DESCRIPTION, OBJECT_ID, ATTRIBUTE, PROTECTION_ELEMENT_TYPE, APPLICATION_ID, UPDATE_DATE) VALUES (258, 'gov.nih.nci.ctom.domain.Protocol.monitorCode', null, 'gov.nih.nci.ctom.domain.Protocol', 'monitorCode', 'Attribute', 2, '2007-02-27'); 
INSERT INTO CSM_PROTECTION_ELEMENT (PROTECTION_ELEMENT_ID, PROTECTION_ELEMENT_NAME, PROTECTION_ELEMENT_DESCRIPTION, OBJECT_ID, ATTRIBUTE, PROTECTION_ELEMENT_TYPE, APPLICATION_ID, UPDATE_DATE) VALUES (259, 'gov.nih.nci.ctom.domain.Protocol.multiInstitutionIndicator', null, 'gov.nih.nci.ctom.domain.Protocol', 'multiInstitutionIndicator', 'Attribute', 2, '2007-02-27'); 
INSERT INTO CSM_PROTECTION_ELEMENT (PROTECTION_ELEMENT_ID, PROTECTION_ELEMENT_NAME, PROTECTION_ELEMENT_DESCRIPTION, OBJECT_ID, ATTRIBUTE, PROTECTION_ELEMENT_TYPE, APPLICATION_ID, UPDATE_DATE) VALUES (260, 'gov.nih.nci.ctom.domain.Protocol.navyNCIIdentifier', null, 'gov.nih.nci.ctom.domain.Protocol', 'navyNCIIdentifier', 'Attribute', 2, '2007-02-27'); 
INSERT INTO CSM_PROTECTION_ELEMENT (PROTECTION_ELEMENT_ID, PROTECTION_ELEMENT_NAME, PROTECTION_ELEMENT_DESCRIPTION, OBJECT_ID, ATTRIBUTE, PROTECTION_ELEMENT_TYPE, APPLICATION_ID, UPDATE_DATE) VALUES (261, 'gov.nih.nci.ctom.domain.Protocol.nciIdentifier', null, 'gov.nih.nci.ctom.domain.Protocol', 'nciIdentifier', 'Attribute', 2, '2007-02-27'); 
INSERT INTO CSM_PROTECTION_ELEMENT (PROTECTION_ELEMENT_ID, PROTECTION_ELEMENT_NAME, PROTECTION_ELEMENT_DESCRIPTION, OBJECT_ID, ATTRIBUTE, PROTECTION_ELEMENT_TYPE, APPLICATION_ID, UPDATE_DATE) VALUES (262, 'gov.nih.nci.ctom.domain.Protocol.phaseCode', null, 'gov.nih.nci.ctom.domain.Protocol', 'phaseCode', 'Attribute', 2, '2007-02-27'); 
INSERT INTO CSM_PROTECTION_ELEMENT (PROTECTION_ELEMENT_ID, PROTECTION_ELEMENT_NAME, PROTECTION_ELEMENT_DESCRIPTION, OBJECT_ID, ATTRIBUTE, PROTECTION_ELEMENT_TYPE, APPLICATION_ID, UPDATE_DATE) VALUES (263, 'gov.nih.nci.ctom.domain.Protocol.precisText', null, 'gov.nih.nci.ctom.domain.Protocol', 'precisText', 'Attribute', 2, '2007-02-27'); 
INSERT INTO CSM_PROTECTION_ELEMENT (PROTECTION_ELEMENT_ID, PROTECTION_ELEMENT_NAME, PROTECTION_ELEMENT_DESCRIPTION, OBJECT_ID, ATTRIBUTE, PROTECTION_ELEMENT_TYPE, APPLICATION_ID, UPDATE_DATE) VALUES (264, 'gov.nih.nci.ctom.domain.Protocol.randomizedIndicator', null, 'gov.nih.nci.ctom.domain.Protocol', 'randomizedIndicator', 'Attribute', 2, '2007-02-27'); 
INSERT INTO CSM_PROTECTION_ELEMENT (PROTECTION_ELEMENT_ID, PROTECTION_ELEMENT_NAME, PROTECTION_ELEMENT_DESCRIPTION, OBJECT_ID, ATTRIBUTE, PROTECTION_ELEMENT_TYPE, APPLICATION_ID, UPDATE_DATE) VALUES (265, 'gov.nih.nci.ctom.domain.Protocol.shortTitleText', null, 'gov.nih.nci.ctom.domain.Protocol', 'shortTitleText', 'Attribute', 2, '2007-02-27'); 
INSERT INTO CSM_PROTECTION_ELEMENT (PROTECTION_ELEMENT_ID, PROTECTION_ELEMENT_NAME, PROTECTION_ELEMENT_DESCRIPTION, OBJECT_ID, ATTRIBUTE, PROTECTION_ELEMENT_TYPE, APPLICATION_ID, UPDATE_DATE) VALUES (310, 'gov.nih.nci.ctom.domain.StudyParticipantAssignment.offStudyReasonOtherText', null, 'gov.nih.nci.ctom.domain.StudyParticipantAssignment', 'offStudyReasonOtherText', 'Attribute', 2, '2007-02-27'); 
INSERT INTO CSM_PROTECTION_ELEMENT (PROTECTION_ELEMENT_ID, PROTECTION_ELEMENT_NAME, PROTECTION_ELEMENT_DESCRIPTION, OBJECT_ID, ATTRIBUTE, PROTECTION_ELEMENT_TYPE, APPLICATION_ID, UPDATE_DATE) VALUES (311, 'gov.nih.nci.ctom.domain.StudyParticipantAssignment.studyAgentDoseLevel', null, 'gov.nih.nci.ctom.domain.StudyParticipantAssignment', 'studyAgentDoseLevel', 'Attribute', 2, '2007-02-27'); 
INSERT INTO CSM_PROTECTION_ELEMENT (PROTECTION_ELEMENT_ID, PROTECTION_ELEMENT_NAME, PROTECTION_ELEMENT_DESCRIPTION, OBJECT_ID, ATTRIBUTE, PROTECTION_ELEMENT_TYPE, APPLICATION_ID, UPDATE_DATE) VALUES (312, 'gov.nih.nci.ctom.domain.StudyParticipantAssignment.studyAgentDoseLevelUnitOfMeasureCode', null, 'gov.nih.nci.ctom.domain.StudyParticipantAssignment', 'studyAgentDoseLevelUnitOfMeasureCode', 'Attribute', 2, '2007-02-27'); 
INSERT INTO CSM_PROTECTION_ELEMENT (PROTECTION_ELEMENT_ID, PROTECTION_ELEMENT_NAME, PROTECTION_ELEMENT_DESCRIPTION, OBJECT_ID, ATTRIBUTE, PROTECTION_ELEMENT_TYPE, APPLICATION_ID, UPDATE_DATE) VALUES (313, 'gov.nih.nci.ctom.domain.StudyParticipantAssignment.studyParticipantIdentifier', null, 'gov.nih.nci.ctom.domain.StudyParticipantAssignment', 'studyParticipantIdentifier', 'Attribute', 2, '2007-02-27'); 
INSERT INTO CSM_PROTECTION_ELEMENT (PROTECTION_ELEMENT_ID, PROTECTION_ELEMENT_NAME, PROTECTION_ELEMENT_DESCRIPTION, OBJECT_ID, ATTRIBUTE, PROTECTION_ELEMENT_TYPE, APPLICATION_ID, UPDATE_DATE) VALUES (314, 'gov.nih.nci.ctom.domain.StudyParticipantAssignment.subgroupCode', null, 'gov.nih.nci.ctom.domain.StudyParticipantAssignment', 'subgroupCode', 'Attribute', 2, '2007-02-27'); 
INSERT INTO CSM_PROTECTION_ELEMENT (PROTECTION_ELEMENT_ID, PROTECTION_ELEMENT_NAME, PROTECTION_ELEMENT_DESCRIPTION, OBJECT_ID, ATTRIBUTE, PROTECTION_ELEMENT_TYPE, APPLICATION_ID, UPDATE_DATE) VALUES (315, 'gov.nih.nci.ctom.domain.StudySite.id', null, 'gov.nih.nci.ctom.domain.StudySite', 'id', 'Attribute', 2, '2007-02-27'); 
INSERT INTO CSM_PROTECTION_ELEMENT (PROTECTION_ELEMENT_ID, PROTECTION_ELEMENT_NAME, PROTECTION_ELEMENT_DESCRIPTION, OBJECT_ID, ATTRIBUTE, PROTECTION_ELEMENT_TYPE, APPLICATION_ID, UPDATE_DATE) VALUES (316, 'gov.nih.nci.ctom.domain.StudySite.irbApprovalDate', null, 'gov.nih.nci.ctom.domain.StudySite', 'irbApprovalDate', 'Attribute', 2, '2007-02-27'); 
INSERT INTO CSM_PROTECTION_ELEMENT (PROTECTION_ELEMENT_ID, PROTECTION_ELEMENT_NAME, PROTECTION_ELEMENT_DESCRIPTION, OBJECT_ID, ATTRIBUTE, PROTECTION_ELEMENT_TYPE, APPLICATION_ID, UPDATE_DATE) VALUES (317, 'gov.nih.nci.ctom.domain.StudySite.roleCode', null, 'gov.nih.nci.ctom.domain.StudySite', 'roleCode', 'Attribute', 2, '2007-02-27'); 
INSERT INTO CSM_PROTECTION_ELEMENT (PROTECTION_ELEMENT_ID, PROTECTION_ELEMENT_NAME, PROTECTION_ELEMENT_DESCRIPTION, OBJECT_ID, ATTRIBUTE, PROTECTION_ELEMENT_TYPE, APPLICATION_ID, UPDATE_DATE) VALUES (318, 'gov.nih.nci.ctom.domain.StudySite.startDate', null, 'gov.nih.nci.ctom.domain.StudySite', 'startDate', 'Attribute', 2, '2007-02-27'); 
INSERT INTO CSM_PROTECTION_ELEMENT (PROTECTION_ELEMENT_ID, PROTECTION_ELEMENT_NAME, PROTECTION_ELEMENT_DESCRIPTION, OBJECT_ID, ATTRIBUTE, PROTECTION_ELEMENT_TYPE, APPLICATION_ID, UPDATE_DATE) VALUES (319, 'gov.nih.nci.ctom.domain.StudySite.statusCode', null, 'gov.nih.nci.ctom.domain.StudySite', 'statusCode', 'Attribute', 2, '2007-02-27'); 
INSERT INTO CSM_PROTECTION_ELEMENT (PROTECTION_ELEMENT_ID, PROTECTION_ELEMENT_NAME, PROTECTION_ELEMENT_DESCRIPTION, OBJECT_ID, ATTRIBUTE, PROTECTION_ELEMENT_TYPE, APPLICATION_ID, UPDATE_DATE) VALUES (320, 'gov.nih.nci.ctom.domain.StudySite.stopDate', null, 'gov.nih.nci.ctom.domain.StudySite', 'stopDate', 'Attribute', 2, '2007-02-27'); 
INSERT INTO CSM_PROTECTION_ELEMENT (PROTECTION_ELEMENT_ID, PROTECTION_ELEMENT_NAME, PROTECTION_ELEMENT_DESCRIPTION, OBJECT_ID, ATTRIBUTE, PROTECTION_ELEMENT_TYPE, APPLICATION_ID, UPDATE_DATE) VALUES (321, 'gov.nih.nci.ctom.domain.StudySite.targetAccrualNumber', null, 'gov.nih.nci.ctom.domain.StudySite', 'targetAccrualNumber', 'Attribute', 2, '2007-02-27'); 
INSERT INTO CSM_PROTECTION_ELEMENT (PROTECTION_ELEMENT_ID, PROTECTION_ELEMENT_NAME, PROTECTION_ELEMENT_DESCRIPTION, OBJECT_ID, ATTRIBUTE, PROTECTION_ELEMENT_TYPE, APPLICATION_ID, UPDATE_DATE) VALUES (322, 'gov.nih.nci.ctom.domain.StudyTimePoint.courseNumber', null, 'gov.nih.nci.ctom.domain.StudyTimePoint', 'courseNumber', 'Attribute', 2, '2007-02-27'); 
INSERT INTO CSM_PROTECTION_ELEMENT (PROTECTION_ELEMENT_ID, PROTECTION_ELEMENT_NAME, PROTECTION_ELEMENT_DESCRIPTION, OBJECT_ID, ATTRIBUTE, PROTECTION_ELEMENT_TYPE, APPLICATION_ID, UPDATE_DATE) VALUES (323, 'gov.nih.nci.ctom.domain.StudyTimePoint.courseStartDate', null, 'gov.nih.nci.ctom.domain.StudyTimePoint', 'courseStartDate', 'Attribute', 2, '2007-02-27'); 
INSERT INTO CSM_PROTECTION_ELEMENT (PROTECTION_ELEMENT_ID, PROTECTION_ELEMENT_NAME, PROTECTION_ELEMENT_DESCRIPTION, OBJECT_ID, ATTRIBUTE, PROTECTION_ELEMENT_TYPE, APPLICATION_ID, UPDATE_DATE) VALUES (324, 'gov.nih.nci.ctom.domain.StudyTimePoint.courseStopDate', null, 'gov.nih.nci.ctom.domain.StudyTimePoint', 'courseStopDate', 'Attribute', 2, '2007-02-27'); 
INSERT INTO CSM_PROTECTION_ELEMENT (PROTECTION_ELEMENT_ID, PROTECTION_ELEMENT_NAME, PROTECTION_ELEMENT_DESCRIPTION, OBJECT_ID, ATTRIBUTE, PROTECTION_ELEMENT_TYPE, APPLICATION_ID, UPDATE_DATE) VALUES (325, 'gov.nih.nci.ctom.domain.StudyTimePoint.epochName', null, 'gov.nih.nci.ctom.domain.StudyTimePoint', 'epochName', 'Attribute', 2, '2007-02-27'); 
INSERT INTO CSM_PROTECTION_ELEMENT (PROTECTION_ELEMENT_ID, PROTECTION_ELEMENT_NAME, PROTECTION_ELEMENT_DESCRIPTION, OBJECT_ID, ATTRIBUTE, PROTECTION_ELEMENT_TYPE, APPLICATION_ID, UPDATE_DATE) VALUES (326, 'gov.nih.nci.ctom.domain.StudyTimePoint.id', null, 'gov.nih.nci.ctom.domain.StudyTimePoint', 'id', 'Attribute', 2, '2007-02-27'); 
INSERT INTO CSM_PROTECTION_ELEMENT (PROTECTION_ELEMENT_ID, PROTECTION_ELEMENT_NAME, PROTECTION_ELEMENT_DESCRIPTION, OBJECT_ID, ATTRIBUTE, PROTECTION_ELEMENT_TYPE, APPLICATION_ID, UPDATE_DATE) VALUES (327, 'gov.nih.nci.ctom.domain.StudyTimePoint.visitName', null, 'gov.nih.nci.ctom.domain.StudyTimePoint', 'visitName', 'Attribute', 2, '2007-02-27'); 
INSERT INTO CSM_PROTECTION_ELEMENT (PROTECTION_ELEMENT_ID, PROTECTION_ELEMENT_NAME, PROTECTION_ELEMENT_DESCRIPTION, OBJECT_ID, ATTRIBUTE, PROTECTION_ELEMENT_TYPE, APPLICATION_ID, UPDATE_DATE) VALUES (328, 'gov.nih.nci.ctom.domain.SubstanceAdministration.doseChangeCode', null, 'gov.nih.nci.ctom.domain.SubstanceAdministration', 'doseChangeCode', 'Attribute', 2, '2007-02-27'); 
INSERT INTO CSM_PROTECTION_ELEMENT (PROTECTION_ELEMENT_ID, PROTECTION_ELEMENT_NAME, PROTECTION_ELEMENT_DESCRIPTION, OBJECT_ID, ATTRIBUTE, PROTECTION_ELEMENT_TYPE, APPLICATION_ID, UPDATE_DATE) VALUES (329, 'gov.nih.nci.ctom.domain.SubstanceAdministration.doseChangeIndicatorCode', null, 'gov.nih.nci.ctom.domain.SubstanceAdministration', 'doseChangeIndicatorCode', 'Attribute', 2, '2007-02-27'); 
INSERT INTO CSM_PROTECTION_ELEMENT (PROTECTION_ELEMENT_ID, PROTECTION_ELEMENT_NAME, PROTECTION_ELEMENT_DESCRIPTION, OBJECT_ID, ATTRIBUTE, PROTECTION_ELEMENT_TYPE, APPLICATION_ID, UPDATE_DATE) VALUES (330, 'gov.nih.nci.ctom.domain.SubstanceAdministration.doseFrequencyCode', null, 'gov.nih.nci.ctom.domain.SubstanceAdministration', 'doseFrequencyCode', 'Attribute', 2, '2007-02-27'); 
INSERT INTO CSM_PROTECTION_ELEMENT (PROTECTION_ELEMENT_ID, PROTECTION_ELEMENT_NAME, PROTECTION_ELEMENT_DESCRIPTION, OBJECT_ID, ATTRIBUTE, PROTECTION_ELEMENT_TYPE, APPLICATION_ID, UPDATE_DATE) VALUES (331, 'gov.nih.nci.ctom.domain.SubstanceAdministration.doseFrequencyText', null, 'gov.nih.nci.ctom.domain.SubstanceAdministration', 'doseFrequencyText', 'Attribute', 2, '2007-02-27'); 
INSERT INTO CSM_PROTECTION_ELEMENT (PROTECTION_ELEMENT_ID, PROTECTION_ELEMENT_NAME, PROTECTION_ELEMENT_DESCRIPTION, OBJECT_ID, ATTRIBUTE, PROTECTION_ELEMENT_TYPE, APPLICATION_ID, UPDATE_DATE) VALUES (332, 'gov.nih.nci.ctom.domain.SubstanceAdministration.routeCode', null, 'gov.nih.nci.ctom.domain.SubstanceAdministration', 'routeCode', 'Attribute', 2, '2007-02-27'); 
INSERT INTO CSM_PROTECTION_ELEMENT (PROTECTION_ELEMENT_ID, PROTECTION_ELEMENT_NAME, PROTECTION_ELEMENT_DESCRIPTION, OBJECT_ID, ATTRIBUTE, PROTECTION_ELEMENT_TYPE, APPLICATION_ID, UPDATE_DATE) VALUES (333, 'gov.nih.nci.ctom.domain.SubstanceAdministration.singleDose', null, 'gov.nih.nci.ctom.domain.SubstanceAdministration', 'singleDose', 'Attribute', 2, '2007-02-27'); 
INSERT INTO CSM_PROTECTION_ELEMENT (PROTECTION_ELEMENT_ID, PROTECTION_ELEMENT_NAME, PROTECTION_ELEMENT_DESCRIPTION, OBJECT_ID, ATTRIBUTE, PROTECTION_ELEMENT_TYPE, APPLICATION_ID, UPDATE_DATE) VALUES (334, 'gov.nih.nci.ctom.domain.SubstanceAdministration.singleDoseUnitOfMeasureCode', null, 'gov.nih.nci.ctom.domain.SubstanceAdministration', 'singleDoseUnitOfMeasureCode', 'Attribute', 2, '2007-02-27'); 
INSERT INTO CSM_PROTECTION_ELEMENT (PROTECTION_ELEMENT_ID, PROTECTION_ELEMENT_NAME, PROTECTION_ELEMENT_DESCRIPTION, OBJECT_ID, ATTRIBUTE, PROTECTION_ELEMENT_TYPE, APPLICATION_ID, UPDATE_DATE) VALUES (335, 'gov.nih.nci.ctom.domain.SubstanceAdministration.totalDose', null, 'gov.nih.nci.ctom.domain.SubstanceAdministration', 'totalDose', 'Attribute', 2, '2007-02-27'); 
INSERT INTO CSM_PROTECTION_ELEMENT (PROTECTION_ELEMENT_ID, PROTECTION_ELEMENT_NAME, PROTECTION_ELEMENT_DESCRIPTION, OBJECT_ID, ATTRIBUTE, PROTECTION_ELEMENT_TYPE, APPLICATION_ID, UPDATE_DATE) VALUES (336, 'gov.nih.nci.ctom.domain.SubstanceAdministration.totalDoseUnitOfMeasureCode', null, 'gov.nih.nci.ctom.domain.SubstanceAdministration', 'totalDoseUnitOfMeasureCode', 'Attribute', 2, '2007-02-27'); 
INSERT INTO CSM_PROTECTION_ELEMENT (PROTECTION_ELEMENT_ID, PROTECTION_ELEMENT_NAME, PROTECTION_ELEMENT_DESCRIPTION, OBJECT_ID, ATTRIBUTE, PROTECTION_ELEMENT_TYPE, APPLICATION_ID, UPDATE_DATE) VALUES (353, 'gov.nih.nci.ctom.domain.StudySite.16', null, '16', 'StudySite.id', 'StudySite', 2, '2007-04-05'); 
INSERT INTO CSM_PROTECTION_ELEMENT (PROTECTION_ELEMENT_ID, PROTECTION_ELEMENT_NAME, PROTECTION_ELEMENT_DESCRIPTION, OBJECT_ID, ATTRIBUTE, PROTECTION_ELEMENT_TYPE, APPLICATION_ID, UPDATE_DATE) VALUES (384, 'gov.nih.nci.ctom.domain.Protocol.16', null, '16', 'Protocol.id', 'Protocol', 2, '2007-06-27'); 
INSERT INTO CSM_PROTECTION_ELEMENT (PROTECTION_ELEMENT_ID, PROTECTION_ELEMENT_NAME, PROTECTION_ELEMENT_DESCRIPTION, OBJECT_ID, ATTRIBUTE, PROTECTION_ELEMENT_TYPE, APPLICATION_ID, UPDATE_DATE) VALUES (390, 'gov.nih.nci.ctom.domain.Protocol.sponsorMonitor', null, 'gov.nih.nci.ctom.domain.Protocol', 'sponsorMonitor', 'Attribute', 2, '2007-07-03'); 
INSERT INTO CSM_PROTECTION_ELEMENT (PROTECTION_ELEMENT_ID, PROTECTION_ELEMENT_NAME, PROTECTION_ELEMENT_DESCRIPTION, OBJECT_ID, ATTRIBUTE, PROTECTION_ELEMENT_TYPE, APPLICATION_ID, UPDATE_DATE) VALUES (391, 'gov.nih.nci.ctom.domain.StudySite.localProtocolIdentifier', null, 'gov.nih.nci.ctom.domain.StudySite', 'localProtocolIdentifier', 'Attribute', 2, '2007-07-03'); 
INSERT INTO CSM_PROTECTION_ELEMENT (PROTECTION_ELEMENT_ID, PROTECTION_ELEMENT_NAME, PROTECTION_ELEMENT_DESCRIPTION, OBJECT_ID, ATTRIBUTE, PROTECTION_ELEMENT_TYPE, APPLICATION_ID, UPDATE_DATE) VALUES (392, 'gov.nih.nci.ctom.domain.Person.zipCode', null, 'gov.nih.nci.ctom.domain.Person', 'zipCode', 'Attribute', 2, '2007-07-03'); 
INSERT INTO CSM_PROTECTION_ELEMENT (PROTECTION_ELEMENT_ID, PROTECTION_ELEMENT_NAME, PROTECTION_ELEMENT_DESCRIPTION, OBJECT_ID, ATTRIBUTE, PROTECTION_ELEMENT_TYPE, APPLICATION_ID, UPDATE_DATE) VALUES (393, 'gov.nih.nci.ctom.domain.Person.middleName', null, 'gov.nih.nci.ctom.domain.Person', 'middleName', 'Attribute', 2, '2007-07-03'); 
INSERT INTO CSM_PROTECTION_ELEMENT (PROTECTION_ELEMENT_ID, PROTECTION_ELEMENT_NAME, PROTECTION_ELEMENT_DESCRIPTION, OBJECT_ID, ATTRIBUTE, PROTECTION_ELEMENT_TYPE, APPLICATION_ID, UPDATE_DATE) VALUES (395, 'gov.nih.nci.ctom.domain.Person.city', null, 'gov.nih.nci.ctom.domain.Person', 'city', 'Attribute', 2, '2007-07-03'); 
INSERT INTO CSM_PROTECTION_ELEMENT (PROTECTION_ELEMENT_ID, PROTECTION_ELEMENT_NAME, PROTECTION_ELEMENT_DESCRIPTION, OBJECT_ID, ATTRIBUTE, PROTECTION_ELEMENT_TYPE, APPLICATION_ID, UPDATE_DATE) VALUES (396, 'gov.nih.nci.ctom.domain.Person.state', null, 'gov.nih.nci.ctom.domain.Person', 'state', 'Attribute', 2, '2007-07-03'); 
INSERT INTO CSM_PROTECTION_ELEMENT (PROTECTION_ELEMENT_ID, PROTECTION_ELEMENT_NAME, PROTECTION_ELEMENT_DESCRIPTION, OBJECT_ID, ATTRIBUTE, PROTECTION_ELEMENT_TYPE, APPLICATION_ID, UPDATE_DATE) VALUES (338, 'gov.nih.nci.ctom.domain.StudySite.2', null, '2', 'StudySite.id', 'StudySite', 2, '2007-03-07'); 
INSERT INTO CSM_PROTECTION_ELEMENT (PROTECTION_ELEMENT_ID, PROTECTION_ELEMENT_NAME, PROTECTION_ELEMENT_DESCRIPTION, OBJECT_ID, ATTRIBUTE, PROTECTION_ELEMENT_TYPE, APPLICATION_ID, UPDATE_DATE) VALUES (284, 'gov.nih.nci.ctom.domain.Specimen.id', null, 'gov.nih.nci.ctom.domain.Specimen', 'id', 'Attribute', 2, '2007-02-27'); 
INSERT INTO CSM_PROTECTION_ELEMENT (PROTECTION_ELEMENT_ID, PROTECTION_ELEMENT_NAME, PROTECTION_ELEMENT_DESCRIPTION, OBJECT_ID, ATTRIBUTE, PROTECTION_ELEMENT_TYPE, APPLICATION_ID, UPDATE_DATE) VALUES (285, 'gov.nih.nci.ctom.domain.Specimen.sampleIdentifier', null, 'gov.nih.nci.ctom.domain.Specimen', 'sampleIdentifier', 'Attribute', 2, '2007-02-27'); 
INSERT INTO CSM_PROTECTION_ELEMENT (PROTECTION_ELEMENT_ID, PROTECTION_ELEMENT_NAME, PROTECTION_ELEMENT_DESCRIPTION, OBJECT_ID, ATTRIBUTE, PROTECTION_ELEMENT_TYPE, APPLICATION_ID, UPDATE_DATE) VALUES (286, 'gov.nih.nci.ctom.domain.Specimen.sampleTypeCode', null, 'gov.nih.nci.ctom.domain.Specimen', 'sampleTypeCode', 'Attribute', 2, '2007-02-27'); 
INSERT INTO CSM_PROTECTION_ELEMENT (PROTECTION_ELEMENT_ID, PROTECTION_ELEMENT_NAME, PROTECTION_ELEMENT_DESCRIPTION, OBJECT_ID, ATTRIBUTE, PROTECTION_ELEMENT_TYPE, APPLICATION_ID, UPDATE_DATE) VALUES (287, 'gov.nih.nci.ctom.domain.Specimen.volume', null, 'gov.nih.nci.ctom.domain.Specimen', 'volume', 'Attribute', 2, '2007-02-27'); 
INSERT INTO CSM_PROTECTION_ELEMENT (PROTECTION_ELEMENT_ID, PROTECTION_ELEMENT_NAME, PROTECTION_ELEMENT_DESCRIPTION, OBJECT_ID, ATTRIBUTE, PROTECTION_ELEMENT_TYPE, APPLICATION_ID, UPDATE_DATE) VALUES (288, 'gov.nih.nci.ctom.domain.Specimen.volumeUnitOfMeasureCode', null, 'gov.nih.nci.ctom.domain.Specimen', 'volumeUnitOfMeasureCode', 'Attribute', 2, '2007-02-27'); 
INSERT INTO CSM_PROTECTION_ELEMENT (PROTECTION_ELEMENT_ID, PROTECTION_ELEMENT_NAME, PROTECTION_ELEMENT_DESCRIPTION, OBJECT_ID, ATTRIBUTE, PROTECTION_ELEMENT_TYPE, APPLICATION_ID, UPDATE_DATE) VALUES (289, 'gov.nih.nci.ctom.domain.SpecimenAcquisition.methodCode', null, 'gov.nih.nci.ctom.domain.SpecimenAcquisition', 'methodCode', 'Attribute', 2, '2007-02-27'); 
INSERT INTO CSM_PROTECTION_ELEMENT (PROTECTION_ELEMENT_ID, PROTECTION_ELEMENT_NAME, PROTECTION_ELEMENT_DESCRIPTION, OBJECT_ID, ATTRIBUTE, PROTECTION_ELEMENT_TYPE, APPLICATION_ID, UPDATE_DATE) VALUES (290, 'gov.nih.nci.ctom.domain.SpecimenAcquisition.siteConditionCode', null, 'gov.nih.nci.ctom.domain.SpecimenAcquisition', 'siteConditionCode', 'Attribute', 2, '2007-02-27'); 
INSERT INTO CSM_PROTECTION_ELEMENT (PROTECTION_ELEMENT_ID, PROTECTION_ELEMENT_NAME, PROTECTION_ELEMENT_DESCRIPTION, OBJECT_ID, ATTRIBUTE, PROTECTION_ELEMENT_TYPE, APPLICATION_ID, UPDATE_DATE) VALUES (291, 'gov.nih.nci.ctom.domain.StudyAgent.id', null, 'gov.nih.nci.ctom.domain.StudyAgent', 'id', 'Attribute', 2, '2007-02-27'); 
INSERT INTO CSM_PROTECTION_ELEMENT (PROTECTION_ELEMENT_ID, PROTECTION_ELEMENT_NAME, PROTECTION_ELEMENT_DESCRIPTION, OBJECT_ID, ATTRIBUTE, PROTECTION_ELEMENT_TYPE, APPLICATION_ID, UPDATE_DATE) VALUES (292, 'gov.nih.nci.ctom.domain.StudyAgent.investigationalIndicator', null, 'gov.nih.nci.ctom.domain.StudyAgent', 'investigationalIndicator', 'Attribute', 2, '2007-02-27'); 
INSERT INTO CSM_PROTECTION_ELEMENT (PROTECTION_ELEMENT_ID, PROTECTION_ELEMENT_NAME, PROTECTION_ELEMENT_DESCRIPTION, OBJECT_ID, ATTRIBUTE, PROTECTION_ELEMENT_TYPE, APPLICATION_ID, UPDATE_DATE) VALUES (293, 'gov.nih.nci.ctom.domain.StudyAgent.investigationalNewDrugIdentifier', null, 'gov.nih.nci.ctom.domain.StudyAgent', 'investigationalNewDrugIdentifier', 'Attribute', 2, '2007-02-27'); 
INSERT INTO CSM_PROTECTION_ELEMENT (PROTECTION_ELEMENT_ID, PROTECTION_ELEMENT_NAME, PROTECTION_ELEMENT_DESCRIPTION, OBJECT_ID, ATTRIBUTE, PROTECTION_ELEMENT_TYPE, APPLICATION_ID, UPDATE_DATE) VALUES (181, 'gov.nih.nci.ctom.domain.LesionDescription.appearanceTypeCode', null, 'gov.nih.nci.ctom.domain.LesionDescription', 'appearanceTypeCode', 'Attribute', 2, '2007-02-27'); 
INSERT INTO CSM_PROTECTION_ELEMENT (PROTECTION_ELEMENT_ID, PROTECTION_ELEMENT_NAME, PROTECTION_ELEMENT_DESCRIPTION, OBJECT_ID, ATTRIBUTE, PROTECTION_ELEMENT_TYPE, APPLICATION_ID, UPDATE_DATE) VALUES (182, 'gov.nih.nci.ctom.domain.LesionDescription.contactAnatomicSiteCode', null, 'gov.nih.nci.ctom.domain.LesionDescription', 'contactAnatomicSiteCode', 'Attribute', 2, '2007-02-27'); 
INSERT INTO CSM_PROTECTION_ELEMENT (PROTECTION_ELEMENT_ID, PROTECTION_ELEMENT_NAME, PROTECTION_ELEMENT_DESCRIPTION, OBJECT_ID, ATTRIBUTE, PROTECTION_ELEMENT_TYPE, APPLICATION_ID, UPDATE_DATE) VALUES (183, 'gov.nih.nci.ctom.domain.LesionDescription.contactAnatomicSiteCodeSystem', null, 'gov.nih.nci.ctom.domain.LesionDescription', 'contactAnatomicSiteCodeSystem', 'Attribute', 2, '2007-02-27'); 
INSERT INTO CSM_PROTECTION_ELEMENT (PROTECTION_ELEMENT_ID, PROTECTION_ELEMENT_NAME, PROTECTION_ELEMENT_DESCRIPTION, OBJECT_ID, ATTRIBUTE, PROTECTION_ELEMENT_TYPE, APPLICATION_ID, UPDATE_DATE) VALUES (184, 'gov.nih.nci.ctom.domain.LesionDescription.dimensionProduct', null, 'gov.nih.nci.ctom.domain.LesionDescription', 'dimensionProduct', 'Attribute', 2, '2007-02-27'); 
INSERT INTO CSM_PROTECTION_ELEMENT (PROTECTION_ELEMENT_ID, PROTECTION_ELEMENT_NAME, PROTECTION_ELEMENT_DESCRIPTION, OBJECT_ID, ATTRIBUTE, PROTECTION_ELEMENT_TYPE, APPLICATION_ID, UPDATE_DATE) VALUES (185, 'gov.nih.nci.ctom.domain.LesionDescription.evaluationNumber', null, 'gov.nih.nci.ctom.domain.LesionDescription', 'evaluationNumber', 'Attribute', 2, '2007-02-27'); 
INSERT INTO CSM_PROTECTION_ELEMENT (PROTECTION_ELEMENT_ID, PROTECTION_ELEMENT_NAME, PROTECTION_ELEMENT_DESCRIPTION, OBJECT_ID, ATTRIBUTE, PROTECTION_ELEMENT_TYPE, APPLICATION_ID, UPDATE_DATE) VALUES (186, 'gov.nih.nci.ctom.domain.LesionDescription.lesionNumber', null, 'gov.nih.nci.ctom.domain.LesionDescription', 'lesionNumber', 'Attribute', 2, '2007-02-27'); 
INSERT INTO CSM_PROTECTION_ELEMENT (PROTECTION_ELEMENT_ID, PROTECTION_ELEMENT_NAME, PROTECTION_ELEMENT_DESCRIPTION, OBJECT_ID, ATTRIBUTE, PROTECTION_ELEMENT_TYPE, APPLICATION_ID, UPDATE_DATE) VALUES (2045, 'gov.nih.nci.ctom.domain.Investigator.firstName', null, 'gov.nih.nci.ctom.domain.Investigator', 'firstName', 'Attribute3', 2, '2007-08-21'); 
INSERT INTO CSM_PROTECTION_ELEMENT (PROTECTION_ELEMENT_ID, PROTECTION_ELEMENT_NAME, PROTECTION_ELEMENT_DESCRIPTION, OBJECT_ID, ATTRIBUTE, PROTECTION_ELEMENT_TYPE, APPLICATION_ID, UPDATE_DATE) VALUES (266, 'gov.nih.nci.ctom.domain.Protocol.sponsorCode', null, 'gov.nih.nci.ctom.domain.Protocol', 'sponsorCode', 'Attribute', 2, '2007-02-27'); 
INSERT INTO CSM_PROTECTION_ELEMENT (PROTECTION_ELEMENT_ID, PROTECTION_ELEMENT_NAME, PROTECTION_ELEMENT_DESCRIPTION, OBJECT_ID, ATTRIBUTE, PROTECTION_ELEMENT_TYPE, APPLICATION_ID, UPDATE_DATE) VALUES (267, 'gov.nih.nci.ctom.domain.Protocol.targetAccrualNumber', null, 'gov.nih.nci.ctom.domain.Protocol', 'targetAccrualNumber', 'Attribute', 2, '2007-02-27'); 
INSERT INTO CSM_PROTECTION_ELEMENT (PROTECTION_ELEMENT_ID, PROTECTION_ELEMENT_NAME, PROTECTION_ELEMENT_DESCRIPTION, OBJECT_ID, ATTRIBUTE, PROTECTION_ELEMENT_TYPE, APPLICATION_ID, UPDATE_DATE) VALUES (268, 'gov.nih.nci.ctom.domain.ProtocolStatus.id', null, 'gov.nih.nci.ctom.domain.ProtocolStatus', 'id', 'Attribute', 2, '2007-02-27'); 
INSERT INTO CSM_PROTECTION_ELEMENT (PROTECTION_ELEMENT_ID, PROTECTION_ELEMENT_NAME, PROTECTION_ELEMENT_DESCRIPTION, OBJECT_ID, ATTRIBUTE, PROTECTION_ELEMENT_TYPE, APPLICATION_ID, UPDATE_DATE) VALUES (269, 'gov.nih.nci.ctom.domain.ProtocolStatus.statusCode', null, 'gov.nih.nci.ctom.domain.ProtocolStatus', 'statusCode', 'Attribute', 2, '2007-02-27'); 
INSERT INTO CSM_PROTECTION_ELEMENT (PROTECTION_ELEMENT_ID, PROTECTION_ELEMENT_NAME, PROTECTION_ELEMENT_DESCRIPTION, OBJECT_ID, ATTRIBUTE, PROTECTION_ELEMENT_TYPE, APPLICATION_ID, UPDATE_DATE) VALUES (270, 'gov.nih.nci.ctom.domain.ProtocolStatus.statusDate', null, 'gov.nih.nci.ctom.domain.ProtocolStatus', 'statusDate', 'Attribute', 2, '2007-02-27'); 
INSERT INTO CSM_PROTECTION_ELEMENT (PROTECTION_ELEMENT_ID, PROTECTION_ELEMENT_NAME, PROTECTION_ELEMENT_DESCRIPTION, OBJECT_ID, ATTRIBUTE, PROTECTION_ELEMENT_TYPE, APPLICATION_ID, UPDATE_DATE) VALUES (271, 'gov.nih.nci.ctom.domain.QualitativeEvaluation.anamResultAccuracyPercent', null, 'gov.nih.nci.ctom.domain.QualitativeEvaluation', 'anamResultAccuracyPercent', 'Attribute', 2, '2007-02-27'); 
INSERT INTO CSM_PROTECTION_ELEMENT (PROTECTION_ELEMENT_ID, PROTECTION_ELEMENT_NAME, PROTECTION_ELEMENT_DESCRIPTION, OBJECT_ID, ATTRIBUTE, PROTECTION_ELEMENT_TYPE, APPLICATION_ID, UPDATE_DATE) VALUES (272, 'gov.nih.nci.ctom.domain.QualitativeEvaluation.menstrualIndicator', null, 'gov.nih.nci.ctom.domain.QualitativeEvaluation', 'menstrualIndicator', 'Attribute', 2, '2007-02-27'); 
INSERT INTO CSM_PROTECTION_ELEMENT (PROTECTION_ELEMENT_ID, PROTECTION_ELEMENT_NAME, PROTECTION_ELEMENT_DESCRIPTION, OBJECT_ID, ATTRIBUTE, PROTECTION_ELEMENT_TYPE, APPLICATION_ID, UPDATE_DATE) VALUES (273, 'gov.nih.nci.ctom.domain.QualitativeEvaluation.menstrualPatternTypeCode', null, 'gov.nih.nci.ctom.domain.QualitativeEvaluation', 'menstrualPatternTypeCode', 'Attribute', 2, '2007-02-27'); 
INSERT INTO CSM_PROTECTION_ELEMENT (PROTECTION_ELEMENT_ID, PROTECTION_ELEMENT_NAME, PROTECTION_ELEMENT_DESCRIPTION, OBJECT_ID, ATTRIBUTE, PROTECTION_ELEMENT_TYPE, APPLICATION_ID, UPDATE_DATE) VALUES (274, 'gov.nih.nci.ctom.domain.QualitativeEvaluation.painIndexCode', null, 'gov.nih.nci.ctom.domain.QualitativeEvaluation', 'painIndexCode', 'Attribute', 2, '2007-02-27'); 
INSERT INTO CSM_PROTECTION_ELEMENT (PROTECTION_ELEMENT_ID, PROTECTION_ELEMENT_NAME, PROTECTION_ELEMENT_DESCRIPTION, OBJECT_ID, ATTRIBUTE, PROTECTION_ELEMENT_TYPE, APPLICATION_ID, UPDATE_DATE) VALUES (275, 'gov.nih.nci.ctom.domain.QualitativeEvaluation.painIndexCodeSystem', null, 'gov.nih.nci.ctom.domain.QualitativeEvaluation', 'painIndexCodeSystem', 'Attribute', 2, '2007-02-27'); 
INSERT INTO CSM_PROTECTION_ELEMENT (PROTECTION_ELEMENT_ID, PROTECTION_ELEMENT_NAME, PROTECTION_ELEMENT_DESCRIPTION, OBJECT_ID, ATTRIBUTE, PROTECTION_ELEMENT_TYPE, APPLICATION_ID, UPDATE_DATE) VALUES (276, 'gov.nih.nci.ctom.domain.QualitativeEvaluation.performanceStatusCode', null, 'gov.nih.nci.ctom.domain.QualitativeEvaluation', 'performanceStatusCode', 'Attribute', 2, '2007-02-27'); 
INSERT INTO CSM_PROTECTION_ELEMENT (PROTECTION_ELEMENT_ID, PROTECTION_ELEMENT_NAME, PROTECTION_ELEMENT_DESCRIPTION, OBJECT_ID, ATTRIBUTE, PROTECTION_ELEMENT_TYPE, APPLICATION_ID, UPDATE_DATE) VALUES (277, 'gov.nih.nci.ctom.domain.QualitativeEvaluation.performanceStatusCodeSystem', null, 'gov.nih.nci.ctom.domain.QualitativeEvaluation', 'performanceStatusCodeSystem', 'Attribute', 2, '2007-02-27'); 
INSERT INTO CSM_PROTECTION_ELEMENT (PROTECTION_ELEMENT_ID, PROTECTION_ELEMENT_NAME, PROTECTION_ELEMENT_DESCRIPTION, OBJECT_ID, ATTRIBUTE, PROTECTION_ELEMENT_TYPE, APPLICATION_ID, UPDATE_DATE) VALUES (278, 'gov.nih.nci.ctom.domain.QualitativeEvaluation.survivalStatusCode', null, 'gov.nih.nci.ctom.domain.QualitativeEvaluation', 'survivalStatusCode', 'Attribute', 2, '2007-02-27'); 
INSERT INTO CSM_PROTECTION_ELEMENT (PROTECTION_ELEMENT_ID, PROTECTION_ELEMENT_NAME, PROTECTION_ELEMENT_DESCRIPTION, OBJECT_ID, ATTRIBUTE, PROTECTION_ELEMENT_TYPE, APPLICATION_ID, UPDATE_DATE) VALUES (279, 'gov.nih.nci.ctom.domain.QualitativeEvaluation.survivalStatusDescriptionText', null, 'gov.nih.nci.ctom.domain.QualitativeEvaluation', 'survivalStatusDescriptionText', 'Attribute', 2, '2007-02-27'); 
INSERT INTO CSM_PROTECTION_ELEMENT (PROTECTION_ELEMENT_ID, PROTECTION_ELEMENT_NAME, PROTECTION_ELEMENT_DESCRIPTION, OBJECT_ID, ATTRIBUTE, PROTECTION_ELEMENT_TYPE, APPLICATION_ID, UPDATE_DATE) VALUES (280, 'gov.nih.nci.ctom.domain.Radiation.dose', null, 'gov.nih.nci.ctom.domain.Radiation', 'dose', 'Attribute', 2, '2007-02-27'); 
INSERT INTO CSM_PROTECTION_ELEMENT (PROTECTION_ELEMENT_ID, PROTECTION_ELEMENT_NAME, PROTECTION_ELEMENT_DESCRIPTION, OBJECT_ID, ATTRIBUTE, PROTECTION_ELEMENT_TYPE, APPLICATION_ID, UPDATE_DATE) VALUES (281, 'gov.nih.nci.ctom.domain.Radiation.doseUnitOfMeasureCode', null, 'gov.nih.nci.ctom.domain.Radiation', 'doseUnitOfMeasureCode', 'Attribute', 2, '2007-02-27'); 
INSERT INTO CSM_PROTECTION_ELEMENT (PROTECTION_ELEMENT_ID, PROTECTION_ELEMENT_NAME, PROTECTION_ELEMENT_DESCRIPTION, OBJECT_ID, ATTRIBUTE, PROTECTION_ELEMENT_TYPE, APPLICATION_ID, UPDATE_DATE) VALUES (282, 'gov.nih.nci.ctom.domain.Radiation.scheduleText', null, 'gov.nih.nci.ctom.domain.Radiation', 'scheduleText', 'Attribute', 2, '2007-02-27'); 
INSERT INTO CSM_PROTECTION_ELEMENT (PROTECTION_ELEMENT_ID, PROTECTION_ELEMENT_NAME, PROTECTION_ELEMENT_DESCRIPTION, OBJECT_ID, ATTRIBUTE, PROTECTION_ELEMENT_TYPE, APPLICATION_ID, UPDATE_DATE) VALUES (283, 'gov.nih.nci.ctom.domain.Radiation.therapyExtentCode', null, 'gov.nih.nci.ctom.domain.Radiation', 'therapyExtentCode', 'Attribute', 2, '2007-02-27'); 
INSERT INTO CSM_PROTECTION_ELEMENT (PROTECTION_ELEMENT_ID, PROTECTION_ELEMENT_NAME, PROTECTION_ELEMENT_DESCRIPTION, OBJECT_ID, ATTRIBUTE, PROTECTION_ELEMENT_TYPE, APPLICATION_ID, UPDATE_DATE) VALUES (1, 'csmupt', 'UPT Super Admin Application', 'csmupt', null, null, 1, '2007-02-27'); 
INSERT INTO CSM_PROTECTION_ELEMENT (PROTECTION_ELEMENT_ID, PROTECTION_ELEMENT_NAME, PROTECTION_ELEMENT_DESCRIPTION, OBJECT_ID, ATTRIBUTE, PROTECTION_ELEMENT_TYPE, APPLICATION_ID, UPDATE_DATE) VALUES (129, 'gov.nih.nci.ctom.domain.DeathSummary.deathDate', null, 'gov.nih.nci.ctom.domain.DeathSummary', 'deathDate', 'Attribute', 2, '2007-02-27'); 
INSERT INTO CSM_PROTECTION_ELEMENT (PROTECTION_ELEMENT_ID, PROTECTION_ELEMENT_NAME, PROTECTION_ELEMENT_DESCRIPTION, OBJECT_ID, ATTRIBUTE, PROTECTION_ELEMENT_TYPE, APPLICATION_ID, UPDATE_DATE) VALUES (130, 'gov.nih.nci.ctom.domain.Diagnosis.ageAtDiagnosis', null, 'gov.nih.nci.ctom.domain.Diagnosis', 'ageAtDiagnosis', 'Attribute', 2, '2007-02-27'); 
INSERT INTO CSM_PROTECTION_ELEMENT (PROTECTION_ELEMENT_ID, PROTECTION_ELEMENT_NAME, PROTECTION_ELEMENT_DESCRIPTION, OBJECT_ID, ATTRIBUTE, PROTECTION_ELEMENT_TYPE, APPLICATION_ID, UPDATE_DATE) VALUES (131, 'gov.nih.nci.ctom.domain.Diagnosis.confirmationDate', null, 'gov.nih.nci.ctom.domain.Diagnosis', 'confirmationDate', 'Attribute', 2, '2007-02-27'); 
INSERT INTO CSM_PROTECTION_ELEMENT (PROTECTION_ELEMENT_ID, PROTECTION_ELEMENT_NAME, PROTECTION_ELEMENT_DESCRIPTION, OBJECT_ID, ATTRIBUTE, PROTECTION_ELEMENT_TYPE, APPLICATION_ID, UPDATE_DATE) VALUES (132, 'gov.nih.nci.ctom.domain.Diagnosis.diseaseDiagnosisCode', null, 'gov.nih.nci.ctom.domain.Diagnosis', 'diseaseDiagnosisCode', 'Attribute', 2, '2007-02-27'); 
INSERT INTO CSM_PROTECTION_ELEMENT (PROTECTION_ELEMENT_ID, PROTECTION_ELEMENT_NAME, PROTECTION_ELEMENT_DESCRIPTION, OBJECT_ID, ATTRIBUTE, PROTECTION_ELEMENT_TYPE, APPLICATION_ID, UPDATE_DATE) VALUES (133, 'gov.nih.nci.ctom.domain.Diagnosis.diseaseDiagnosisCodeSystem', null, 'gov.nih.nci.ctom.domain.Diagnosis', 'diseaseDiagnosisCodeSystem', 'Attribute', 2, '2007-02-27'); 
INSERT INTO CSM_PROTECTION_ELEMENT (PROTECTION_ELEMENT_ID, PROTECTION_ELEMENT_NAME, PROTECTION_ELEMENT_DESCRIPTION, OBJECT_ID, ATTRIBUTE, PROTECTION_ELEMENT_TYPE, APPLICATION_ID, UPDATE_DATE) VALUES (134, 'gov.nih.nci.ctom.domain.Diagnosis.diseaseExtentText', null, 'gov.nih.nci.ctom.domain.Diagnosis', 'diseaseExtentText', 'Attribute', 2, '2007-02-27'); 
INSERT INTO CSM_PROTECTION_ELEMENT (PROTECTION_ELEMENT_ID, PROTECTION_ELEMENT_NAME, PROTECTION_ELEMENT_DESCRIPTION, OBJECT_ID, ATTRIBUTE, PROTECTION_ELEMENT_TYPE, APPLICATION_ID, UPDATE_DATE) VALUES (135, 'gov.nih.nci.ctom.domain.Diagnosis.diseaseStatusCode', null, 'gov.nih.nci.ctom.domain.Diagnosis', 'diseaseStatusCode', 'Attribute', 2, '2007-02-27'); 
INSERT INTO CSM_PROTECTION_ELEMENT (PROTECTION_ELEMENT_ID, PROTECTION_ELEMENT_NAME, PROTECTION_ELEMENT_DESCRIPTION, OBJECT_ID, ATTRIBUTE, PROTECTION_ELEMENT_TYPE, APPLICATION_ID, UPDATE_DATE) VALUES (136, 'gov.nih.nci.ctom.domain.Diagnosis.name', null, 'gov.nih.nci.ctom.domain.Diagnosis', 'name', 'Attribute', 2, '2007-02-27'); 
INSERT INTO CSM_PROTECTION_ELEMENT (PROTECTION_ELEMENT_ID, PROTECTION_ELEMENT_NAME, PROTECTION_ELEMENT_DESCRIPTION, OBJECT_ID, ATTRIBUTE, PROTECTION_ELEMENT_TYPE, APPLICATION_ID, UPDATE_DATE) VALUES (137, 'gov.nih.nci.ctom.domain.Diagnosis.primaryAnatomicSiteCode', null, 'gov.nih.nci.ctom.domain.Diagnosis', 'primaryAnatomicSiteCode', 'Attribute', 2, '2007-02-27'); 
INSERT INTO CSM_PROTECTION_ELEMENT (PROTECTION_ELEMENT_ID, PROTECTION_ELEMENT_NAME, PROTECTION_ELEMENT_DESCRIPTION, OBJECT_ID, ATTRIBUTE, PROTECTION_ELEMENT_TYPE, APPLICATION_ID, UPDATE_DATE) VALUES (138, 'gov.nih.nci.ctom.domain.Diagnosis.primaryAnatomicSiteCodeSystem', null, 'gov.nih.nci.ctom.domain.Diagnosis', 'primaryAnatomicSiteCodeSystem', 'Attribute', 2, '2007-02-27'); 
INSERT INTO CSM_PROTECTION_ELEMENT (PROTECTION_ELEMENT_ID, PROTECTION_ELEMENT_NAME, PROTECTION_ELEMENT_DESCRIPTION, OBJECT_ID, ATTRIBUTE, PROTECTION_ELEMENT_TYPE, APPLICATION_ID, UPDATE_DATE) VALUES (139, 'gov.nih.nci.ctom.domain.Diagnosis.primaryAnatomicSiteLateralityCode', null, 'gov.nih.nci.ctom.domain.Diagnosis', 'primaryAnatomicSiteLateralityCode', 'Attribute', 2, '2007-02-27'); 
INSERT INTO CSM_PROTECTION_ELEMENT (PROTECTION_ELEMENT_ID, PROTECTION_ELEMENT_NAME, PROTECTION_ELEMENT_DESCRIPTION, OBJECT_ID, ATTRIBUTE, PROTECTION_ELEMENT_TYPE, APPLICATION_ID, UPDATE_DATE) VALUES (140, 'gov.nih.nci.ctom.domain.Diagnosis.recurrenceIndicator', null, 'gov.nih.nci.ctom.domain.Diagnosis', 'recurrenceIndicator', 'Attribute', 2, '2007-02-27'); 
INSERT INTO CSM_PROTECTION_ELEMENT (PROTECTION_ELEMENT_ID, PROTECTION_ELEMENT_NAME, PROTECTION_ELEMENT_DESCRIPTION, OBJECT_ID, ATTRIBUTE, PROTECTION_ELEMENT_TYPE, APPLICATION_ID, UPDATE_DATE) VALUES (141, 'gov.nih.nci.ctom.domain.Diagnosis.sourceCode', null, 'gov.nih.nci.ctom.domain.Diagnosis', 'sourceCode', 'Attribute', 2, '2007-02-27'); 
INSERT INTO CSM_PROTECTION_ELEMENT (PROTECTION_ELEMENT_ID, PROTECTION_ELEMENT_NAME, PROTECTION_ELEMENT_DESCRIPTION, OBJECT_ID, ATTRIBUTE, PROTECTION_ELEMENT_TYPE, APPLICATION_ID, UPDATE_DATE) VALUES (142, 'gov.nih.nci.ctom.domain.Diagnosis.sourceOther', null, 'gov.nih.nci.ctom.domain.Diagnosis', 'sourceOther', 'Attribute', 2, '2007-02-27'); 
INSERT INTO CSM_PROTECTION_ELEMENT (PROTECTION_ELEMENT_ID, PROTECTION_ELEMENT_NAME, PROTECTION_ELEMENT_DESCRIPTION, OBJECT_ID, ATTRIBUTE, PROTECTION_ELEMENT_TYPE, APPLICATION_ID, UPDATE_DATE) VALUES (143, 'gov.nih.nci.ctom.domain.DiseaseResponse.bestResponseCode', null, 'gov.nih.nci.ctom.domain.DiseaseResponse', 'bestResponseCode', 'Attribute', 2, '2007-02-27'); 
INSERT INTO CSM_PROTECTION_ELEMENT (PROTECTION_ELEMENT_ID, PROTECTION_ELEMENT_NAME, PROTECTION_ELEMENT_DESCRIPTION, OBJECT_ID, ATTRIBUTE, PROTECTION_ELEMENT_TYPE, APPLICATION_ID, UPDATE_DATE) VALUES (144, 'gov.nih.nci.ctom.domain.DiseaseResponse.bestResponseDate', null, 'gov.nih.nci.ctom.domain.DiseaseResponse', 'bestResponseDate', 'Attribute', 2, '2007-02-27'); 
INSERT INTO CSM_PROTECTION_ELEMENT (PROTECTION_ELEMENT_ID, PROTECTION_ELEMENT_NAME, PROTECTION_ELEMENT_DESCRIPTION, OBJECT_ID, ATTRIBUTE, PROTECTION_ELEMENT_TYPE, APPLICATION_ID, UPDATE_DATE) VALUES (145, 'gov.nih.nci.ctom.domain.DiseaseResponse.commentText', null, 'gov.nih.nci.ctom.domain.DiseaseResponse', 'commentText', 'Attribute', 2, '2007-02-27'); 
INSERT INTO CSM_PROTECTION_ELEMENT (PROTECTION_ELEMENT_ID, PROTECTION_ELEMENT_NAME, PROTECTION_ELEMENT_DESCRIPTION, OBJECT_ID, ATTRIBUTE, PROTECTION_ELEMENT_TYPE, APPLICATION_ID, UPDATE_DATE) VALUES (146, 'gov.nih.nci.ctom.domain.DiseaseResponse.courseDispositionCode', null, 'gov.nih.nci.ctom.domain.DiseaseResponse', 'courseDispositionCode', 'Attribute', 2, '2007-02-27'); 
INSERT INTO CSM_PROTECTION_ELEMENT (PROTECTION_ELEMENT_ID, PROTECTION_ELEMENT_NAME, PROTECTION_ELEMENT_DESCRIPTION, OBJECT_ID, ATTRIBUTE, PROTECTION_ELEMENT_TYPE, APPLICATION_ID, UPDATE_DATE) VALUES (147, 'gov.nih.nci.ctom.domain.DiseaseResponse.doseChangeIndicatorCode', null, 'gov.nih.nci.ctom.domain.DiseaseResponse', 'doseChangeIndicatorCode', 'Attribute', 2, '2007-02-27'); 
INSERT INTO CSM_PROTECTION_ELEMENT (PROTECTION_ELEMENT_ID, PROTECTION_ELEMENT_NAME, PROTECTION_ELEMENT_DESCRIPTION, OBJECT_ID, ATTRIBUTE, PROTECTION_ELEMENT_TYPE, APPLICATION_ID, UPDATE_DATE) VALUES (148, 'gov.nih.nci.ctom.domain.DiseaseResponse.progressionDate', null, 'gov.nih.nci.ctom.domain.DiseaseResponse', 'progressionDate', 'Attribute', 2, '2007-02-27'); 
INSERT INTO CSM_PROTECTION_ELEMENT (PROTECTION_ELEMENT_ID, PROTECTION_ELEMENT_NAME, PROTECTION_ELEMENT_DESCRIPTION, OBJECT_ID, ATTRIBUTE, PROTECTION_ELEMENT_TYPE, APPLICATION_ID, UPDATE_DATE) VALUES (149, 'gov.nih.nci.ctom.domain.DiseaseResponse.progressionPeriod', null, 'gov.nih.nci.ctom.domain.DiseaseResponse', 'progressionPeriod', 'Attribute', 2, '2007-02-27'); 
INSERT INTO CSM_PROTECTION_ELEMENT (PROTECTION_ELEMENT_ID, PROTECTION_ELEMENT_NAME, PROTECTION_ELEMENT_DESCRIPTION, OBJECT_ID, ATTRIBUTE, PROTECTION_ELEMENT_TYPE, APPLICATION_ID, UPDATE_DATE) VALUES (150, 'gov.nih.nci.ctom.domain.DiseaseResponse.progressionPeriodUnitOfMeasureCode', null, 'gov.nih.nci.ctom.domain.DiseaseResponse', 'progressionPeriodUnitOfMeasureCode', 'Attribute', 2, '2007-02-27'); 
INSERT INTO CSM_PROTECTION_ELEMENT (PROTECTION_ELEMENT_ID, PROTECTION_ELEMENT_NAME, PROTECTION_ELEMENT_DESCRIPTION, OBJECT_ID, ATTRIBUTE, PROTECTION_ELEMENT_TYPE, APPLICATION_ID, UPDATE_DATE) VALUES (151, 'gov.nih.nci.ctom.domain.DiseaseResponse.responseCode', null, 'gov.nih.nci.ctom.domain.DiseaseResponse', 'responseCode', 'Attribute', 2, '2007-02-27'); 
INSERT INTO CSM_PROTECTION_ELEMENT (PROTECTION_ELEMENT_ID, PROTECTION_ELEMENT_NAME, PROTECTION_ELEMENT_DESCRIPTION, OBJECT_ID, ATTRIBUTE, PROTECTION_ELEMENT_TYPE, APPLICATION_ID, UPDATE_DATE) VALUES (152, 'gov.nih.nci.ctom.domain.DiseaseResponse.responseCodeSystem', null, 'gov.nih.nci.ctom.domain.DiseaseResponse', 'responseCodeSystem', 'Attribute', 2, '2007-02-27'); 
INSERT INTO CSM_PROTECTION_ELEMENT (PROTECTION_ELEMENT_ID, PROTECTION_ELEMENT_NAME, PROTECTION_ELEMENT_DESCRIPTION, OBJECT_ID, ATTRIBUTE, PROTECTION_ELEMENT_TYPE, APPLICATION_ID, UPDATE_DATE) VALUES (153, 'gov.nih.nci.ctom.domain.FemaleReproductiveCharacteristic.abortionIndicator', null, 'gov.nih.nci.ctom.domain.FemaleReproductiveCharacteristic', 'abortionIndicator', 'Attribute', 2, '2007-02-27'); 
INSERT INTO CSM_PROTECTION_ELEMENT (PROTECTION_ELEMENT_ID, PROTECTION_ELEMENT_NAME, PROTECTION_ELEMENT_DESCRIPTION, OBJECT_ID, ATTRIBUTE, PROTECTION_ELEMENT_TYPE, APPLICATION_ID, UPDATE_DATE) VALUES (154, 'gov.nih.nci.ctom.domain.FemaleReproductiveCharacteristic.firstLiveBirthAge', null, 'gov.nih.nci.ctom.domain.FemaleReproductiveCharacteristic', 'firstLiveBirthAge', 'Attribute', 2, '2007-02-27'); 
INSERT INTO CSM_PROTECTION_ELEMENT (PROTECTION_ELEMENT_ID, PROTECTION_ELEMENT_NAME, PROTECTION_ELEMENT_DESCRIPTION, OBJECT_ID, ATTRIBUTE, PROTECTION_ELEMENT_TYPE, APPLICATION_ID, UPDATE_DATE) VALUES (155, 'gov.nih.nci.ctom.domain.FemaleReproductiveCharacteristic.id', null, 'gov.nih.nci.ctom.domain.FemaleReproductiveCharacteristic', 'id', 'Attribute', 2, '2007-02-27'); 
INSERT INTO CSM_PROTECTION_ELEMENT (PROTECTION_ELEMENT_ID, PROTECTION_ELEMENT_NAME, PROTECTION_ELEMENT_DESCRIPTION, OBJECT_ID, ATTRIBUTE, PROTECTION_ELEMENT_TYPE, APPLICATION_ID, UPDATE_DATE) VALUES (156, 'gov.nih.nci.ctom.domain.FemaleReproductiveCharacteristic.liveBirthCount', null, 'gov.nih.nci.ctom.domain.FemaleReproductiveCharacteristic', 'liveBirthCount', 'Attribute', 2, '2007-02-27'); 
INSERT INTO CSM_PROTECTION_ELEMENT (PROTECTION_ELEMENT_ID, PROTECTION_ELEMENT_NAME, PROTECTION_ELEMENT_DESCRIPTION, OBJECT_ID, ATTRIBUTE, PROTECTION_ELEMENT_TYPE, APPLICATION_ID, UPDATE_DATE) VALUES (157, 'gov.nih.nci.ctom.domain.FemaleReproductiveCharacteristic.menopauseAge', null, 'gov.nih.nci.ctom.domain.FemaleReproductiveCharacteristic', 'menopauseAge', 'Attribute', 2, '2007-02-27'); 
INSERT INTO CSM_PROTECTION_ELEMENT (PROTECTION_ELEMENT_ID, PROTECTION_ELEMENT_NAME, PROTECTION_ELEMENT_DESCRIPTION, OBJECT_ID, ATTRIBUTE, PROTECTION_ELEMENT_TYPE, APPLICATION_ID, UPDATE_DATE) VALUES (158, 'gov.nih.nci.ctom.domain.FemaleReproductiveCharacteristic.menopauseReasonCode', null, 'gov.nih.nci.ctom.domain.FemaleReproductiveCharacteristic', 'menopauseReasonCode', 'Attribute', 2, '2007-02-27'); 
INSERT INTO CSM_PROTECTION_ELEMENT (PROTECTION_ELEMENT_ID, PROTECTION_ELEMENT_NAME, PROTECTION_ELEMENT_DESCRIPTION, OBJECT_ID, ATTRIBUTE, PROTECTION_ELEMENT_TYPE, APPLICATION_ID, UPDATE_DATE) VALUES (159, 'gov.nih.nci.ctom.domain.FemaleReproductiveCharacteristic.menopauseReasonOtherText', null, 'gov.nih.nci.ctom.domain.FemaleReproductiveCharacteristic', 'menopauseReasonOtherText', 'Attribute', 2, '2007-02-27'); 
INSERT INTO CSM_PROTECTION_ELEMENT (PROTECTION_ELEMENT_ID, PROTECTION_ELEMENT_NAME, PROTECTION_ELEMENT_DESCRIPTION, OBJECT_ID, ATTRIBUTE, PROTECTION_ELEMENT_TYPE, APPLICATION_ID, UPDATE_DATE) VALUES (160, 'gov.nih.nci.ctom.domain.FemaleReproductiveCharacteristic.menopauseStartDate', null, 'gov.nih.nci.ctom.domain.FemaleReproductiveCharacteristic', 'menopauseStartDate', 'Attribute', 2, '2007-02-27'); 
INSERT INTO CSM_PROTECTION_ELEMENT (PROTECTION_ELEMENT_ID, PROTECTION_ELEMENT_NAME, PROTECTION_ELEMENT_DESCRIPTION, OBJECT_ID, ATTRIBUTE, PROTECTION_ELEMENT_TYPE, APPLICATION_ID, UPDATE_DATE) VALUES (161, 'gov.nih.nci.ctom.domain.FemaleReproductiveCharacteristic.stillBirthCount', null, 'gov.nih.nci.ctom.domain.FemaleReproductiveCharacteristic', 'stillBirthCount', 'Attribute', 2, '2007-02-27'); 
INSERT INTO CSM_PROTECTION_ELEMENT (PROTECTION_ELEMENT_ID, PROTECTION_ELEMENT_NAME, PROTECTION_ELEMENT_DESCRIPTION, OBJECT_ID, ATTRIBUTE, PROTECTION_ELEMENT_TYPE, APPLICATION_ID, UPDATE_DATE) VALUES (162, 'gov.nih.nci.ctom.domain.HealthcareSite.nciInstituteCode', null, 'gov.nih.nci.ctom.domain.HealthcareSite', 'nciInstituteCode', 'Attribute', 2, '2007-02-27'); 
INSERT INTO CSM_PROTECTION_ELEMENT (PROTECTION_ELEMENT_ID, PROTECTION_ELEMENT_NAME, PROTECTION_ELEMENT_DESCRIPTION, OBJECT_ID, ATTRIBUTE, PROTECTION_ELEMENT_TYPE, APPLICATION_ID, UPDATE_DATE) VALUES (163, 'gov.nih.nci.ctom.domain.HealthcareSiteParticipant.id', null, 'gov.nih.nci.ctom.domain.HealthcareSiteParticipant', 'id', 'Attribute', 2, '2007-02-27'); 
INSERT INTO CSM_PROTECTION_ELEMENT (PROTECTION_ELEMENT_ID, PROTECTION_ELEMENT_NAME, PROTECTION_ELEMENT_DESCRIPTION, OBJECT_ID, ATTRIBUTE, PROTECTION_ELEMENT_TYPE, APPLICATION_ID, UPDATE_DATE) VALUES (164, 'gov.nih.nci.ctom.domain.HealthcareSiteParticipant.participantIdentifier', null, 'gov.nih.nci.ctom.domain.HealthcareSiteParticipant', 'participantIdentifier', 'Attribute', 2, '2007-02-27'); 
INSERT INTO CSM_PROTECTION_ELEMENT (PROTECTION_ELEMENT_ID, PROTECTION_ELEMENT_NAME, PROTECTION_ELEMENT_DESCRIPTION, OBJECT_ID, ATTRIBUTE, PROTECTION_ELEMENT_TYPE, APPLICATION_ID, UPDATE_DATE) VALUES (165, 'gov.nih.nci.ctom.domain.HealthcareSiteParticipantRole.id', null, 'gov.nih.nci.ctom.domain.HealthcareSiteParticipantRole', 'id', 'Attribute', 2, '2007-02-27'); 
INSERT INTO CSM_PROTECTION_ELEMENT (PROTECTION_ELEMENT_ID, PROTECTION_ELEMENT_NAME, PROTECTION_ELEMENT_DESCRIPTION, OBJECT_ID, ATTRIBUTE, PROTECTION_ELEMENT_TYPE, APPLICATION_ID, UPDATE_DATE) VALUES (166, 'gov.nih.nci.ctom.domain.HealthcareSiteParticipantRole.roleCode', null, 'gov.nih.nci.ctom.domain.HealthcareSiteParticipantRole', 'roleCode', 'Attribute', 2, '2007-02-27'); 
INSERT INTO CSM_PROTECTION_ELEMENT (PROTECTION_ELEMENT_ID, PROTECTION_ELEMENT_NAME, PROTECTION_ELEMENT_DESCRIPTION, OBJECT_ID, ATTRIBUTE, PROTECTION_ELEMENT_TYPE, APPLICATION_ID, UPDATE_DATE) VALUES (167, 'gov.nih.nci.ctom.domain.Histopathology.grossExamResultCode', null, 'gov.nih.nci.ctom.domain.Histopathology', 'grossExamResultCode', 'Attribute', 2, '2007-02-27'); 
INSERT INTO CSM_PROTECTION_ELEMENT (PROTECTION_ELEMENT_ID, PROTECTION_ELEMENT_NAME, PROTECTION_ELEMENT_DESCRIPTION, OBJECT_ID, ATTRIBUTE, PROTECTION_ELEMENT_TYPE, APPLICATION_ID, UPDATE_DATE) VALUES (168, 'gov.nih.nci.ctom.domain.Histopathology.involvedSurgicalMarginIndicator', null, 'gov.nih.nci.ctom.domain.Histopathology', 'involvedSurgicalMarginIndicator', 'Attribute', 2, '2007-02-27'); 
INSERT INTO CSM_PROTECTION_ELEMENT (PROTECTION_ELEMENT_ID, PROTECTION_ELEMENT_NAME, PROTECTION_ELEMENT_DESCRIPTION, OBJECT_ID, ATTRIBUTE, PROTECTION_ELEMENT_TYPE, APPLICATION_ID, UPDATE_DATE) VALUES (169, 'gov.nih.nci.ctom.domain.Histopathology.reportDescriptiveText', null, 'gov.nih.nci.ctom.domain.Histopathology', 'reportDescriptiveText', 'Attribute', 2, '2007-02-27'); 
INSERT INTO CSM_PROTECTION_ELEMENT (PROTECTION_ELEMENT_ID, PROTECTION_ELEMENT_NAME, PROTECTION_ELEMENT_DESCRIPTION, OBJECT_ID, ATTRIBUTE, PROTECTION_ELEMENT_TYPE, APPLICATION_ID, UPDATE_DATE) VALUES (170, 'gov.nih.nci.ctom.domain.HistopathologyGrade.commentText', null, 'gov.nih.nci.ctom.domain.HistopathologyGrade', 'commentText', 'Attribute', 2, '2007-02-27'); 
INSERT INTO CSM_PROTECTION_ELEMENT (PROTECTION_ELEMENT_ID, PROTECTION_ELEMENT_NAME, PROTECTION_ELEMENT_DESCRIPTION, OBJECT_ID, ATTRIBUTE, PROTECTION_ELEMENT_TYPE, APPLICATION_ID, UPDATE_DATE) VALUES (171, 'gov.nih.nci.ctom.domain.HistopathologyGrade.gradeCode', null, 'gov.nih.nci.ctom.domain.HistopathologyGrade', 'gradeCode', 'Attribute', 2, '2007-02-27'); 
INSERT INTO CSM_PROTECTION_ELEMENT (PROTECTION_ELEMENT_ID, PROTECTION_ELEMENT_NAME, PROTECTION_ELEMENT_DESCRIPTION, OBJECT_ID, ATTRIBUTE, PROTECTION_ELEMENT_TYPE, APPLICATION_ID, UPDATE_DATE) VALUES (172, 'gov.nih.nci.ctom.domain.HistopathologyGrade.gradeCodeSystem', null, 'gov.nih.nci.ctom.domain.HistopathologyGrade', 'gradeCodeSystem', 'Attribute', 2, '2007-02-27'); 
INSERT INTO CSM_PROTECTION_ELEMENT (PROTECTION_ELEMENT_ID, PROTECTION_ELEMENT_NAME, PROTECTION_ELEMENT_DESCRIPTION, OBJECT_ID, ATTRIBUTE, PROTECTION_ELEMENT_TYPE, APPLICATION_ID, UPDATE_DATE) VALUES (173, 'gov.nih.nci.ctom.domain.HistopathologyGrade.id', null, 'gov.nih.nci.ctom.domain.HistopathologyGrade', 'id', 'Attribute', 2, '2007-02-27'); 
INSERT INTO CSM_PROTECTION_ELEMENT (PROTECTION_ELEMENT_ID, PROTECTION_ELEMENT_NAME, PROTECTION_ELEMENT_DESCRIPTION, OBJECT_ID, ATTRIBUTE, PROTECTION_ELEMENT_TYPE, APPLICATION_ID, UPDATE_DATE) VALUES (174, 'gov.nih.nci.ctom.domain.Imaging.contrastAgentEnhancementIndicator', null, 'gov.nih.nci.ctom.domain.Imaging', 'contrastAgentEnhancementIndicator', 'Attribute', 2, '2007-02-27'); 
INSERT INTO CSM_PROTECTION_ELEMENT (PROTECTION_ELEMENT_ID, PROTECTION_ELEMENT_NAME, PROTECTION_ELEMENT_DESCRIPTION, OBJECT_ID, ATTRIBUTE, PROTECTION_ELEMENT_TYPE, APPLICATION_ID, UPDATE_DATE) VALUES (238, 'gov.nih.nci.ctom.domain.Person.lastName', null, 'gov.nih.nci.ctom.domain.Person', 'lastName', 'Attribute', 2, '2007-02-27'); 
INSERT INTO CSM_PROTECTION_ELEMENT (PROTECTION_ELEMENT_ID, PROTECTION_ELEMENT_NAME, PROTECTION_ELEMENT_DESCRIPTION, OBJECT_ID, ATTRIBUTE, PROTECTION_ELEMENT_TYPE, APPLICATION_ID, UPDATE_DATE) VALUES (175, 'gov.nih.nci.ctom.domain.Imaging.enhancementDescriptionText', null, 'gov.nih.nci.ctom.domain.Imaging', 'enhancementDescriptionText', 'Attribute', 2, '2007-02-27'); 
INSERT INTO CSM_PROTECTION_ELEMENT (PROTECTION_ELEMENT_ID, PROTECTION_ELEMENT_NAME, PROTECTION_ELEMENT_DESCRIPTION, OBJECT_ID, ATTRIBUTE, PROTECTION_ELEMENT_TYPE, APPLICATION_ID, UPDATE_DATE) VALUES (176, 'gov.nih.nci.ctom.domain.Imaging.enhancementRateValue', null, 'gov.nih.nci.ctom.domain.Imaging', 'enhancementRateValue', 'Attribute', 2, '2007-02-27'); 
INSERT INTO CSM_PROTECTION_ELEMENT (PROTECTION_ELEMENT_ID, PROTECTION_ELEMENT_NAME, PROTECTION_ELEMENT_DESCRIPTION, OBJECT_ID, ATTRIBUTE, PROTECTION_ELEMENT_TYPE, APPLICATION_ID, UPDATE_DATE) VALUES (177, 'gov.nih.nci.ctom.domain.Imaging.imageIdentifier', null, 'gov.nih.nci.ctom.domain.Imaging', 'imageIdentifier', 'Attribute', 2, '2007-02-27'); 
INSERT INTO CSM_PROTECTION_ELEMENT (PROTECTION_ELEMENT_ID, PROTECTION_ELEMENT_NAME, PROTECTION_ELEMENT_DESCRIPTION, OBJECT_ID, ATTRIBUTE, PROTECTION_ELEMENT_TYPE, APPLICATION_ID, UPDATE_DATE) VALUES (178, 'gov.nih.nci.ctom.domain.Investigator.nciIdentifier', null, 'gov.nih.nci.ctom.domain.Investigator', 'nciIdentifier', 'Attribute', 2, '2007-02-27'); 
INSERT INTO CSM_PROTECTION_ELEMENT (PROTECTION_ELEMENT_ID, PROTECTION_ELEMENT_NAME, PROTECTION_ELEMENT_DESCRIPTION, OBJECT_ID, ATTRIBUTE, PROTECTION_ELEMENT_TYPE, APPLICATION_ID, UPDATE_DATE) VALUES (179, 'gov.nih.nci.ctom.domain.LesionDescription.anatomicSiteCode', null, 'gov.nih.nci.ctom.domain.LesionDescription', 'anatomicSiteCode', 'Attribute', 2, '2007-02-27'); 
INSERT INTO CSM_PROTECTION_ELEMENT (PROTECTION_ELEMENT_ID, PROTECTION_ELEMENT_NAME, PROTECTION_ELEMENT_DESCRIPTION, OBJECT_ID, ATTRIBUTE, PROTECTION_ELEMENT_TYPE, APPLICATION_ID, UPDATE_DATE) VALUES (180, 'gov.nih.nci.ctom.domain.LesionDescription.anatomicSiteCodeSystem', null, 'gov.nih.nci.ctom.domain.LesionDescription', 'anatomicSiteCodeSystem', 'Attribute', 2, '2007-02-27'); 
INSERT INTO CSM_PROTECTION_ELEMENT (PROTECTION_ELEMENT_ID, PROTECTION_ELEMENT_NAME, PROTECTION_ELEMENT_DESCRIPTION, OBJECT_ID, ATTRIBUTE, PROTECTION_ELEMENT_TYPE, APPLICATION_ID, UPDATE_DATE) VALUES (239, 'gov.nih.nci.ctom.domain.Person.maritalStatusCode', null, 'gov.nih.nci.ctom.domain.Person', 'maritalStatusCode', 'Attribute', 2, '2007-02-27'); 
INSERT INTO CSM_PROTECTION_ELEMENT (PROTECTION_ELEMENT_ID, PROTECTION_ELEMENT_NAME, PROTECTION_ELEMENT_DESCRIPTION, OBJECT_ID, ATTRIBUTE, PROTECTION_ELEMENT_TYPE, APPLICATION_ID, UPDATE_DATE) VALUES (240, 'gov.nih.nci.ctom.domain.Person.participantId', null, 'gov.nih.nci.ctom.domain.Person', 'participantId', 'Attribute', 2, '2007-02-27'); 
INSERT INTO CSM_PROTECTION_ELEMENT (PROTECTION_ELEMENT_ID, PROTECTION_ELEMENT_NAME, PROTECTION_ELEMENT_DESCRIPTION, OBJECT_ID, ATTRIBUTE, PROTECTION_ELEMENT_TYPE, APPLICATION_ID, UPDATE_DATE) VALUES (241, 'gov.nih.nci.ctom.domain.Person.raceCode', null, 'gov.nih.nci.ctom.domain.Person', 'raceCode', 'Attribute', 2, '2007-02-27'); 
INSERT INTO CSM_PROTECTION_ELEMENT (PROTECTION_ELEMENT_ID, PROTECTION_ELEMENT_NAME, PROTECTION_ELEMENT_DESCRIPTION, OBJECT_ID, ATTRIBUTE, PROTECTION_ELEMENT_TYPE, APPLICATION_ID, UPDATE_DATE) VALUES (2043, 'gov.nih.nci.ctom.domain.HealthcareSite.id', 'gov.nih.nci.ctom.domain.HealthcareSite', 'gov.nih.nci.ctom.domain.HealthcareSite.id', null, 'Attribute3', 2, '2007-08-21'); 
INSERT INTO CSM_PROTECTION_ELEMENT (PROTECTION_ELEMENT_ID, PROTECTION_ELEMENT_NAME, PROTECTION_ELEMENT_DESCRIPTION, OBJECT_ID, ATTRIBUTE, PROTECTION_ELEMENT_TYPE, APPLICATION_ID, UPDATE_DATE) VALUES (2047, 'gov.nih.nci.ctom.domain.Protocol.1700000000', null, '1700000000', null, 'Protocol', 2, '2007-08-21'); 
INSERT INTO CSM_PROTECTION_ELEMENT (PROTECTION_ELEMENT_ID, PROTECTION_ELEMENT_NAME, PROTECTION_ELEMENT_DESCRIPTION, OBJECT_ID, ATTRIBUTE, PROTECTION_ELEMENT_TYPE, APPLICATION_ID, UPDATE_DATE) VALUES (2048, 'gov.nih.nci.ctom.domain.Protocol.1700000001', null, '1700000001', null, 'Protocol', 2, '2007-08-21'); 
INSERT INTO CSM_PROTECTION_ELEMENT (PROTECTION_ELEMENT_ID, PROTECTION_ELEMENT_NAME, PROTECTION_ELEMENT_DESCRIPTION, OBJECT_ID, ATTRIBUTE, PROTECTION_ELEMENT_TYPE, APPLICATION_ID, UPDATE_DATE) VALUES (2049, 'gov.nih.nci.ctom.domain.Protocol.1700000002', null, '1700000002', null, 'Protocol', 2, '2007-08-21'); 
INSERT INTO CSM_PROTECTION_ELEMENT (PROTECTION_ELEMENT_ID, PROTECTION_ELEMENT_NAME, PROTECTION_ELEMENT_DESCRIPTION, OBJECT_ID, ATTRIBUTE, PROTECTION_ELEMENT_TYPE, APPLICATION_ID, UPDATE_DATE) VALUES (2042, 'gov.nih.nci.ctom.domain.HealthcareSite.name', 'gov.nih.nci.ctom.domain.HealthcareSite', 'gov.nih.nci.ctom.domain.HealthcareSite.name', null, 'Attribute', 2, '2007-08-21'); 
INSERT INTO CSM_PROTECTION_ELEMENT (PROTECTION_ELEMENT_ID, PROTECTION_ELEMENT_NAME, PROTECTION_ELEMENT_DESCRIPTION, OBJECT_ID, ATTRIBUTE, PROTECTION_ELEMENT_TYPE, APPLICATION_ID, UPDATE_DATE) VALUES (2046, 'gov.nih.nci.ctom.domain.Investigator.id', null, 'gov.nih.nci.ctom.domain.Investigator', 'id', 'Attribute3', 2, '2007-08-21'); 
INSERT INTO CSM_PROTECTION_GROUP (PROTECTION_GROUP_ID, PROTECTION_GROUP_NAME, PROTECTION_GROUP_DESCRIPTION, APPLICATION_ID, LARGE_ELEMENT_COUNT_FLAG, UPDATE_DATE, PARENT_PROTECTION_GROUP_ID) VALUES (1308, 'CreateProtocol', 'This PG enables write to the following tables: PROTOCOL PROTOCOL_STATUS  STUDY_SITE  STUDY_INVESTIGATOR  HEALTHCARE_SITE  INVESTIGATOR  HEALTHCARE_SITE_ INVESTIGATOR', 2, 0, '2007-08-21', null); 
INSERT INTO CSM_PROTECTION_GROUP (PROTECTION_GROUP_ID, PROTECTION_GROUP_NAME, PROTECTION_GROUP_DESCRIPTION, APPLICATION_ID, LARGE_ELEMENT_COUNT_FLAG, UPDATE_DATE, PARENT_PROTECTION_GROUP_ID) VALUES (1309, 'SearchProtocol', 'This PG enables the guest user to read all the public protocols', 2, 0, '2007-08-21', null); 
INSERT INTO CSM_PROTECTION_GROUP (PROTECTION_GROUP_ID, PROTECTION_GROUP_NAME, PROTECTION_GROUP_DESCRIPTION, APPLICATION_ID, LARGE_ELEMENT_COUNT_FLAG, UPDATE_DATE, PARENT_PROTECTION_GROUP_ID) VALUES (28, 'CTOMPublicProtocols', 'Group of all protocols for which the high level information is visible to the public.', 2, 0, '2007-07-05', 51); 
INSERT INTO CSM_PROTECTION_GROUP (PROTECTION_GROUP_ID, PROTECTION_GROUP_NAME, PROTECTION_GROUP_DESCRIPTION, APPLICATION_ID, LARGE_ELEMENT_COUNT_FLAG, UPDATE_DATE, PARENT_PROTECTION_GROUP_ID) VALUES (1, 'CTOMObjectModelPG', 'All CTOM objects', 2, 0, '2007-04-13', null); 
INSERT INTO CSM_PROTECTION_GROUP (PROTECTION_GROUP_ID, PROTECTION_GROUP_NAME, PROTECTION_GROUP_DESCRIPTION, APPLICATION_ID, LARGE_ELEMENT_COUNT_FLAG, UPDATE_DATE, PARENT_PROTECTION_GROUP_ID) VALUES (2, 'CTOMAttributesPG', 'All CTOM data elements', 2, 1, '2007-04-13', null); 
INSERT INTO CSM_PROTECTION_GROUP (PROTECTION_GROUP_ID, PROTECTION_GROUP_NAME, PROTECTION_GROUP_DESCRIPTION, APPLICATION_ID, LARGE_ELEMENT_COUNT_FLAG, UPDATE_DATE, PARENT_PROTECTION_GROUP_ID) VALUES (3, 'StudySite.1', null, 2, 0, '2007-04-13', null); 
INSERT INTO CSM_PROTECTION_GROUP (PROTECTION_GROUP_ID, PROTECTION_GROUP_NAME, PROTECTION_GROUP_DESCRIPTION, APPLICATION_ID, LARGE_ELEMENT_COUNT_FLAG, UPDATE_DATE, PARENT_PROTECTION_GROUP_ID) VALUES (4, 'CTOMAttributesPGNoPersonalInfo', 'All CTOM data elements except personal information', 2, 1, '2007-04-24', null); 
INSERT INTO CSM_PROTECTION_GROUP (PROTECTION_GROUP_ID, PROTECTION_GROUP_NAME, PROTECTION_GROUP_DESCRIPTION, APPLICATION_ID, LARGE_ELEMENT_COUNT_FLAG, UPDATE_DATE, PARENT_PROTECTION_GROUP_ID) VALUES (22, 'StudySite.16', null, 2, 0, '2007-04-13', null); 
INSERT INTO CSM_PROTECTION_GROUP (PROTECTION_GROUP_ID, PROTECTION_GROUP_NAME, PROTECTION_GROUP_DESCRIPTION, APPLICATION_ID, LARGE_ELEMENT_COUNT_FLAG, UPDATE_DATE, PARENT_PROTECTION_GROUP_ID) VALUES (23, 'StudySite.17', null, 2, 0, '2007-04-13', null); 
INSERT INTO CSM_PROTECTION_GROUP (PROTECTION_GROUP_ID, PROTECTION_GROUP_NAME, PROTECTION_GROUP_DESCRIPTION, APPLICATION_ID, LARGE_ELEMENT_COUNT_FLAG, UPDATE_DATE, PARENT_PROTECTION_GROUP_ID) VALUES (29, 'Protocol.1', null, 2, 0, '2007-07-28', null); 
INSERT INTO CSM_PROTECTION_GROUP (PROTECTION_GROUP_ID, PROTECTION_GROUP_NAME, PROTECTION_GROUP_DESCRIPTION, APPLICATION_ID, LARGE_ELEMENT_COUNT_FLAG, UPDATE_DATE, PARENT_PROTECTION_GROUP_ID) VALUES (30, 'Protocol.2', null, 2, 0, '2007-07-05', null); 
INSERT INTO CSM_PROTECTION_GROUP (PROTECTION_GROUP_ID, PROTECTION_GROUP_NAME, PROTECTION_GROUP_DESCRIPTION, APPLICATION_ID, LARGE_ELEMENT_COUNT_FLAG, UPDATE_DATE, PARENT_PROTECTION_GROUP_ID) VALUES (5, 'StudySite.2', null, 2, 0, '2007-04-13', null); 
INSERT INTO CSM_PROTECTION_GROUP (PROTECTION_GROUP_ID, PROTECTION_GROUP_NAME, PROTECTION_GROUP_DESCRIPTION, APPLICATION_ID, LARGE_ELEMENT_COUNT_FLAG, UPDATE_DATE, PARENT_PROTECTION_GROUP_ID) VALUES (24, 'StudySite.18', null, 2, 0, '2007-04-13', null); 
INSERT INTO CSM_PROTECTION_GROUP (PROTECTION_GROUP_ID, PROTECTION_GROUP_NAME, PROTECTION_GROUP_DESCRIPTION, APPLICATION_ID, LARGE_ELEMENT_COUNT_FLAG, UPDATE_DATE, PARENT_PROTECTION_GROUP_ID) VALUES (44, 'Protocol.16', null, 2, 0, '2007-07-05', null); 
INSERT INTO CSM_PROTECTION_GROUP (PROTECTION_GROUP_ID, PROTECTION_GROUP_NAME, PROTECTION_GROUP_DESCRIPTION, APPLICATION_ID, LARGE_ELEMENT_COUNT_FLAG, UPDATE_DATE, PARENT_PROTECTION_GROUP_ID) VALUES (50, 'CTOMPublicAttributes', 'High level attributes viewable by the anyone for public protocols', 2, 0, '2007-07-05', 51); 
INSERT INTO CSM_PROTECTION_GROUP (PROTECTION_GROUP_ID, PROTECTION_GROUP_NAME, PROTECTION_GROUP_DESCRIPTION, APPLICATION_ID, LARGE_ELEMENT_COUNT_FLAG, UPDATE_DATE, PARENT_PROTECTION_GROUP_ID) VALUES (51, 'CTOMPublic', 'All protocols which are public', 2, 0, '2007-07-28', null); 
INSERT INTO CSM_PROTECTION_GROUP (PROTECTION_GROUP_ID, PROTECTION_GROUP_NAME, PROTECTION_GROUP_DESCRIPTION, APPLICATION_ID, LARGE_ELEMENT_COUNT_FLAG, UPDATE_DATE, PARENT_PROTECTION_GROUP_ID) VALUES (49, 'CTOMPublicObjects', 'High level objects viewable by the anyone for public protocols', 2, 0, '2007-07-05', 51); 
INSERT INTO CSM_ROLE (ROLE_ID, ROLE_NAME, ROLE_DESCRIPTION, APPLICATION_ID, ACTIVE_FLAG, UPDATE_DATE) VALUES (7, 'CactusCTOMAdminRole', 'Cactus Ctom Admin role for writing into protocl and protcol related tables', 2, 1, '2007-08-21'); 
INSERT INTO CSM_ROLE (ROLE_ID, ROLE_NAME, ROLE_DESCRIPTION, APPLICATION_ID, ACTIVE_FLAG, UPDATE_DATE) VALUES (8, 'CactusCTOMGuestRole', 'Read priviliges for reading protocol', 2, 1, '2007-08-21'); 
INSERT INTO CSM_ROLE (ROLE_ID, ROLE_NAME, ROLE_DESCRIPTION, APPLICATION_ID, ACTIVE_FLAG, UPDATE_DATE) VALUES (4, 'CTOMAdminRole', 'Role assigned to administrators', 2, 1, '2007-04-24'); 
INSERT INTO CSM_ROLE (ROLE_ID, ROLE_NAME, ROLE_DESCRIPTION, APPLICATION_ID, ACTIVE_FLAG, UPDATE_DATE) VALUES (1, 'CTOMUserRole', 'Role assigned to all users (READ)', 2, 1, '2007-07-05'); 
INSERT INTO CSM_ROLE_PRIVILEGE (ROLE_PRIVILEGE_ID, ROLE_ID, PRIVILEGE_ID, UPDATE_DATE) VALUES (32, 7, 3, '2007-08-21'); 
INSERT INTO CSM_ROLE_PRIVILEGE (ROLE_PRIVILEGE_ID, ROLE_ID, PRIVILEGE_ID, UPDATE_DATE) VALUES (33, 7, 5, '2007-08-21'); 
INSERT INTO CSM_ROLE_PRIVILEGE (ROLE_PRIVILEGE_ID, ROLE_ID, PRIVILEGE_ID, UPDATE_DATE) VALUES (34, 7, 1, '2007-08-21'); 
INSERT INTO CSM_ROLE_PRIVILEGE (ROLE_PRIVILEGE_ID, ROLE_ID, PRIVILEGE_ID, UPDATE_DATE) VALUES (1, 1, 3, '2007-02-27'); 
INSERT INTO CSM_ROLE_PRIVILEGE (ROLE_PRIVILEGE_ID, ROLE_ID, PRIVILEGE_ID, UPDATE_DATE) VALUES (22, 4, 6, '2007-04-24'); 
INSERT INTO CSM_ROLE_PRIVILEGE (ROLE_PRIVILEGE_ID, ROLE_ID, PRIVILEGE_ID, UPDATE_DATE) VALUES (23, 4, 7, '2007-04-24'); 
INSERT INTO CSM_ROLE_PRIVILEGE (ROLE_PRIVILEGE_ID, ROLE_ID, PRIVILEGE_ID, UPDATE_DATE) VALUES (24, 4, 3, '2007-04-24'); 
INSERT INTO CSM_ROLE_PRIVILEGE (ROLE_PRIVILEGE_ID, ROLE_ID, PRIVILEGE_ID, UPDATE_DATE) VALUES (25, 4, 4, '2007-04-24'); 
INSERT INTO CSM_ROLE_PRIVILEGE (ROLE_PRIVILEGE_ID, ROLE_ID, PRIVILEGE_ID, UPDATE_DATE) VALUES (26, 4, 5, '2007-04-24'); 
INSERT INTO CSM_ROLE_PRIVILEGE (ROLE_PRIVILEGE_ID, ROLE_ID, PRIVILEGE_ID, UPDATE_DATE) VALUES (27, 4, 2, '2007-04-24'); 
INSERT INTO CSM_ROLE_PRIVILEGE (ROLE_PRIVILEGE_ID, ROLE_ID, PRIVILEGE_ID, UPDATE_DATE) VALUES (28, 4, 1, '2007-04-24'); 
INSERT INTO CSM_ROLE_PRIVILEGE (ROLE_PRIVILEGE_ID, ROLE_ID, PRIVILEGE_ID, UPDATE_DATE) VALUES (31, 8, 3, '2007-08-21'); 
INSERT INTO CSM_USER (USER_ID, LOGIN_NAME, FIRST_NAME, LAST_NAME, ORGANIZATION, DEPARTMENT, TITLE, PHONE_NUMBER, PASSWORD, EMAIL_ID, START_DATE, END_DATE, UPDATE_DATE) VALUES (36, 'guest@mail.nih.gov', 'guest', 'guest', null, null, null, null, 'MYB2OiVOFcA=', 'guest@mail.nih.gov', '2007-01-01', null, '2007-08-21'); 
INSERT INTO CSM_USER (USER_ID, LOGIN_NAME, FIRST_NAME, LAST_NAME, ORGANIZATION, DEPARTMENT, TITLE, PHONE_NUMBER, PASSWORD, EMAIL_ID, START_DATE, END_DATE, UPDATE_DATE) VALUES (37, 'amiruddinn@mail.nih.gov', 'naveen', 'amiruddin', null, null, null, null, 'MCr0SE79hvk=', null, null, null, '2007-08-21'); 
INSERT INTO CSM_USER (USER_ID, LOGIN_NAME, FIRST_NAME, LAST_NAME, ORGANIZATION, DEPARTMENT, TITLE, PHONE_NUMBER, PASSWORD, EMAIL_ID, START_DATE, END_DATE, UPDATE_DATE) VALUES (2, 'user1', 'Firstname', 'Lastname', 'NCI', 'NCICB', null, null, 'qN+MnXquuqOthtxFP2ZrIA==', null, null, null, '2007-04-05'); 
INSERT INTO CSM_USER (USER_ID, LOGIN_NAME, FIRST_NAME, LAST_NAME, ORGANIZATION, DEPARTMENT, TITLE, PHONE_NUMBER, PASSWORD, EMAIL_ID, START_DATE, END_DATE, UPDATE_DATE) VALUES (25, 'admin1', 'Jim', 'Doe', 'NCI', 'NCICB', 'Security Administrator', null, 'qN+MnXquuqOthtxFP2ZrIA==', null, null, null, '2007-07-05'); 
INSERT INTO CSM_USER (USER_ID, LOGIN_NAME, FIRST_NAME, LAST_NAME, ORGANIZATION, DEPARTMENT, TITLE, PHONE_NUMBER, PASSWORD, EMAIL_ID, START_DATE, END_DATE, UPDATE_DATE) VALUES (6, 'user3', 'FirstName', 'LastName', 'NCI', 'NCICB', null, null, 'qN+MnXquuqNavG8j0xzkLA==', null, null, null, '2007-04-24'); 
INSERT INTO CSM_USER (USER_ID, LOGIN_NAME, FIRST_NAME, LAST_NAME, ORGANIZATION, DEPARTMENT, TITLE, PHONE_NUMBER, PASSWORD, EMAIL_ID, START_DATE, END_DATE, UPDATE_DATE) VALUES (5, 'user2', 'FirstName', 'LastName', 'NCI', 'NCICB', null, null, 'qN+MnXquuqOq4RawigB4Ig==', null, null, null, '2007-06-28'); 
INSERT INTO CSM_USER_GROUP (USER_GROUP_ID, USER_ID, GROUP_ID) VALUES (47, 2, 12); 
INSERT INTO CSM_USER_GROUP (USER_GROUP_ID, USER_ID, GROUP_ID) VALUES (48, 2, 9); 
INSERT INTO CSM_USER_GROUP (USER_GROUP_ID, USER_ID, GROUP_ID) VALUES (45, 6, 3); 
INSERT INTO CSM_USER_GROUP (USER_GROUP_ID, USER_ID, GROUP_ID) VALUES (44, 5, 1); 
INSERT INTO CSM_USER_GROUP_ROLE_PG (USER_GROUP_ROLE_PG_ID, USER_ID, GROUP_ID, ROLE_ID, PROTECTION_GROUP_ID, UPDATE_DATE) VALUES (1358, 37, null, 7, 1308, '2007-08-21'); 
INSERT INTO CSM_USER_GROUP_ROLE_PG (USER_GROUP_ROLE_PG_ID, USER_ID, GROUP_ID, ROLE_ID, PROTECTION_GROUP_ID, UPDATE_DATE) VALUES (1359, 37, null, 8, 28, '2007-08-21'); 
INSERT INTO CSM_USER_GROUP_ROLE_PG (USER_GROUP_ROLE_PG_ID, USER_ID, GROUP_ID, ROLE_ID, PROTECTION_GROUP_ID, UPDATE_DATE) VALUES (1360, 37, null, 8, 1309, '2007-08-21'); 
INSERT INTO CSM_USER_GROUP_ROLE_PG (USER_GROUP_ROLE_PG_ID, USER_ID, GROUP_ID, ROLE_ID, PROTECTION_GROUP_ID, UPDATE_DATE) VALUES (97, null, 9, 1, 22, '2007-07-28'); 
INSERT INTO CSM_USER_GROUP_ROLE_PG (USER_GROUP_ROLE_PG_ID, USER_ID, GROUP_ID, ROLE_ID, PROTECTION_GROUP_ID, UPDATE_DATE) VALUES (98, null, 9, 1, 23, '2007-07-28'); 
INSERT INTO CSM_USER_GROUP_ROLE_PG (USER_GROUP_ROLE_PG_ID, USER_ID, GROUP_ID, ROLE_ID, PROTECTION_GROUP_ID, UPDATE_DATE) VALUES (41, null, 9, 1, 1, '2007-04-24'); 
INSERT INTO CSM_USER_GROUP_ROLE_PG (USER_GROUP_ROLE_PG_ID, USER_ID, GROUP_ID, ROLE_ID, PROTECTION_GROUP_ID, UPDATE_DATE) VALUES (51, null, 5, 4, 22, '2007-04-24'); 
INSERT INTO CSM_USER_GROUP_ROLE_PG (USER_GROUP_ROLE_PG_ID, USER_ID, GROUP_ID, ROLE_ID, PROTECTION_GROUP_ID, UPDATE_DATE) VALUES (52, null, 5, 4, 23, '2007-04-24'); 
INSERT INTO CSM_USER_GROUP_ROLE_PG (USER_GROUP_ROLE_PG_ID, USER_ID, GROUP_ID, ROLE_ID, PROTECTION_GROUP_ID, UPDATE_DATE) VALUES (1, null, 1, 1, 1, '2007-02-27'); 
INSERT INTO CSM_USER_GROUP_ROLE_PG (USER_GROUP_ROLE_PG_ID, USER_ID, GROUP_ID, ROLE_ID, PROTECTION_GROUP_ID, UPDATE_DATE) VALUES (2, null, 1, 1, 2, '2007-02-27'); 
INSERT INTO CSM_USER_GROUP_ROLE_PG (USER_GROUP_ROLE_PG_ID, USER_ID, GROUP_ID, ROLE_ID, PROTECTION_GROUP_ID, UPDATE_DATE) VALUES (3, null, 1, 1, 3, '2007-02-27'); 
INSERT INTO CSM_USER_GROUP_ROLE_PG (USER_GROUP_ROLE_PG_ID, USER_ID, GROUP_ID, ROLE_ID, PROTECTION_GROUP_ID, UPDATE_DATE) VALUES (44, null, 5, 4, 3, '2007-04-24'); 
INSERT INTO CSM_USER_GROUP_ROLE_PG (USER_GROUP_ROLE_PG_ID, USER_ID, GROUP_ID, ROLE_ID, PROTECTION_GROUP_ID, UPDATE_DATE) VALUES (55, null, 5, 4, 5, '2007-04-24'); 
INSERT INTO CSM_USER_GROUP_ROLE_PG (USER_GROUP_ROLE_PG_ID, USER_ID, GROUP_ID, ROLE_ID, PROTECTION_GROUP_ID, UPDATE_DATE) VALUES (7, null, 3, 1, 4, '2007-03-01'); 
INSERT INTO CSM_USER_GROUP_ROLE_PG (USER_GROUP_ROLE_PG_ID, USER_ID, GROUP_ID, ROLE_ID, PROTECTION_GROUP_ID, UPDATE_DATE) VALUES (8, null, 3, 1, 1, '2007-03-01'); 
INSERT INTO CSM_USER_GROUP_ROLE_PG (USER_GROUP_ROLE_PG_ID, USER_ID, GROUP_ID, ROLE_ID, PROTECTION_GROUP_ID, UPDATE_DATE) VALUES (10, null, 3, 1, 3, '2007-03-01'); 
INSERT INTO CSM_USER_GROUP_ROLE_PG (USER_GROUP_ROLE_PG_ID, USER_ID, GROUP_ID, ROLE_ID, PROTECTION_GROUP_ID, UPDATE_DATE) VALUES (40, null, 9, 1, 2, '2007-04-24'); 
INSERT INTO CSM_USER_GROUP_ROLE_PG (USER_GROUP_ROLE_PG_ID, USER_ID, GROUP_ID, ROLE_ID, PROTECTION_GROUP_ID, UPDATE_DATE) VALUES (72, null, 12, 1, 51, '2007-07-05'); 
INSERT INTO CSM_USER_GROUP_ROLE_PG (USER_GROUP_ROLE_PG_ID, USER_ID, GROUP_ID, ROLE_ID, PROTECTION_GROUP_ID, UPDATE_DATE) VALUES (43, null, 5, 4, 1, '2007-04-24'); 
INSERT INTO CSM_USER_GROUP_ROLE_PG (USER_GROUP_ROLE_PG_ID, USER_ID, GROUP_ID, ROLE_ID, PROTECTION_GROUP_ID, UPDATE_DATE) VALUES (42, null, 5, 4, 2, '2007-04-24'); 
INSERT INTO CSM_USER_GROUP_ROLE_PG (USER_GROUP_ROLE_PG_ID, USER_ID, GROUP_ID, ROLE_ID, PROTECTION_GROUP_ID, UPDATE_DATE) VALUES (53, null, 5, 4, 24, '2007-04-24'); 
INSERT INTO CSM_USER_GROUP_ROLE_PG (USER_GROUP_ROLE_PG_ID, USER_ID, GROUP_ID, ROLE_ID, PROTECTION_GROUP_ID, UPDATE_DATE) VALUES (79, null, 5, 4, 29, '2007-07-20'); 
INSERT INTO CSM_USER_GROUP_ROLE_PG (USER_GROUP_ROLE_PG_ID, USER_ID, GROUP_ID, ROLE_ID, PROTECTION_GROUP_ID, UPDATE_DATE) VALUES (80, null, 5, 4, 30, '2007-07-20'); 
INSERT INTO CSM_USER_GROUP_ROLE_PG (USER_GROUP_ROLE_PG_ID, USER_ID, GROUP_ID, ROLE_ID, PROTECTION_GROUP_ID, UPDATE_DATE) VALUES (90, null, 5, 4, 44, '2007-07-20'); 
INSERT INTO CSM_USER_GROUP_ROLE_PG (USER_GROUP_ROLE_PG_ID, USER_ID, GROUP_ID, ROLE_ID, PROTECTION_GROUP_ID, UPDATE_DATE) VALUES (95, null, 9, 1, 5, '2007-07-28'); 
INSERT INTO CSM_USER_GROUP_ROLE_PG (USER_GROUP_ROLE_PG_ID, USER_ID, GROUP_ID, ROLE_ID, PROTECTION_GROUP_ID, UPDATE_DATE) VALUES (96, null, 9, 1, 3, '2007-07-28'); 
INSERT INTO CSM_USER_GROUP_ROLE_PG (USER_GROUP_ROLE_PG_ID, USER_ID, GROUP_ID, ROLE_ID, PROTECTION_GROUP_ID, UPDATE_DATE) VALUES (99, null, 9, 1, 24, '2007-07-28'); 
INSERT INTO CSM_USER_GROUP_ROLE_PG (USER_GROUP_ROLE_PG_ID, USER_ID, GROUP_ID, ROLE_ID, PROTECTION_GROUP_ID, UPDATE_DATE) VALUES (1357, 36, null, 8, 1309, '2007-08-21'); 
INSERT INTO CSM_USER_PE (USER_PROTECTION_ELEMENT_ID, PROTECTION_ELEMENT_ID, USER_ID, UPDATE_DATE) VALUES (25, 2, 25, '2007-07-05'); 
INSERT INTO CSM_USER_PE (USER_PROTECTION_ELEMENT_ID, PROTECTION_ELEMENT_ID, USER_ID, UPDATE_DATE) VALUES (26, 1, 25, '2007-07-05'); 
INSERT INTO CSM_USER_PE (USER_PROTECTION_ELEMENT_ID, PROTECTION_ELEMENT_ID, USER_ID, UPDATE_DATE) VALUES (29, 2047, 37, '2007-08-21'); 
INSERT INTO CSM_USER_PE (USER_PROTECTION_ELEMENT_ID, PROTECTION_ELEMENT_ID, USER_ID, UPDATE_DATE) VALUES (33, 2049, 37, '2007-08-21'); 
INSERT INTO CSM_USER_PE (USER_PROTECTION_ELEMENT_ID, PROTECTION_ELEMENT_ID, USER_ID, UPDATE_DATE) VALUES (31, 2048, 37, '2007-08-21'); 
UPDATE CSM_PROTECTION_GROUP SET PARENT_PROTECTION_GROUP_ID = NULL WHERE PARENT_PROTECTION_GROUP_ID = 0;
UPDATE CSM_USER_GROUP_ROLE_PG SET GROUP_ID = NULL WHERE GROUP_ID = 0;
UPDATE CSM_USER_GROUP_ROLE_PG SET USER_ID = NULL WHERE USER_ID = 0;
ALTER TRIGGER SET_CSM_PG_PE_PG_PE_ID ENABLE; 
ALTER TRIGGER SET_CSM_PG_PE_UPDATE_DATE ENABLE; 
ALTER TRIGGER SET_CSM_ROLE_PRIV_ROLE_PRIVILE ENABLE; 
ALTER TRIGGER SET_CSM_ROLE_PRIV_UPDATE_DATE ENABLE; 
ALTER TRIGGER SET_CSM_USER_GROU_USER_GROUP_I ENABLE; 
ALTER TRIGGER SET_CSM_USER_PE_UPDATE_DATE ENABLE; 
ALTER TRIGGER SET_CSM_USER_PE_USER_PROTECTIO ENABLE; 
ALTER TABLE CSM_GROUP ENABLE CONSTRAINT FK_CSM_GROUP_CSM_APPLICATION;
ALTER TABLE CSM_PG_PE ENABLE CONSTRAINT FK_PG_PE_PE;
ALTER TABLE CSM_PG_PE ENABLE CONSTRAINT FK_PG_PE_PG;
ALTER TABLE CSM_PROTECTION_ELEMENT ENABLE CONSTRAINT FK_PE_APPLICATION;
ALTER TABLE CSM_PROTECTION_GROUP ENABLE CONSTRAINT FK_PG_APPLICATION;
ALTER TABLE CSM_PROTECTION_GROUP ENABLE CONSTRAINT FK_PG_PG;
ALTER TABLE CSM_ROLE ENABLE CONSTRAINT FK_ROLE_APPLICATION;
ALTER TABLE CSM_ROLE_PRIVILEGE ENABLE CONSTRAINT FK_ROLE_PRIVILEGE_PRIVILEGE;
ALTER TABLE CSM_ROLE_PRIVILEGE ENABLE CONSTRAINT FK_ROLE_PRIVILEGE_ROLE;
ALTER TABLE CSM_USER_GROUP ENABLE CONSTRAINT FK_USER_GROUP_GROUP;
ALTER TABLE CSM_USER_GROUP ENABLE CONSTRAINT FK_USER_GROUP_USER;
ALTER TABLE CSM_USER_GROUP_ROLE_PG ENABLE CONSTRAINT FK_USER_GROUP_ROLE_PG_GROUP;
ALTER TABLE CSM_USER_GROUP_ROLE_PG ENABLE CONSTRAINT FK_USER_GROUP_ROLE_PG_PG;
ALTER TABLE CSM_USER_GROUP_ROLE_PG ENABLE CONSTRAINT FK_USER_GROUP_ROLE_PG_ROLE;
ALTER TABLE CSM_USER_GROUP_ROLE_PG ENABLE CONSTRAINT FK_USER_GROUP_ROLE_PG_USER;
ALTER TABLE CSM_USER_PE ENABLE CONSTRAINT FK_USER_PE_PE;
ALTER TABLE CSM_USER_PE ENABLE CONSTRAINT FK_USER_PE_USER;
SPOOL OFF 
