-- Test data for bug 435129
--
-- All the test data is for different versions, OSs, etc. but I'm making them all
-- point to the same file (farming.xpi) so we don't need to create separate xpi's for
-- each.  That means loading this SQL effectively corrupts your database since you
-- would never be able to reach this state using remora normally. -- clouserw



INSERT INTO `addons` (`id`, `guid`, `name`, `defaultlocale`, `addontype_id`, `status`, `higheststatus`, `icondata`, `icontype`, `homepage`, `description`, `summary`, `averagerating`, `weeklydownloads`, `totaldownloads`, `developercomments`, `inactive`, `trusted`, `viewsource`, `prerelease`, `adminreview`, `sitespecific`, `externalsoftware`, `eula`, `privacypolicy`, `created`, `modified`) VALUES 
(100, 'testo00@bug435129.bug', 51, 'en-US', 1, 4, 4, NULL, '', 66, 52, 53, '5', 44000, 1236345, 86, 0, 0, 0, 0, 0, 0, 0, 74, 75, '2008-11-11 11:11:11', '0000-00-00 00:00:00'),
(101, 'testo01@bug435129.bug', 51, 'en-US', 1, 4, 4, NULL, '', 66, 52, 53, '5', 44000, 1236345, 86, 0, 0, 0, 0, 0, 0, 0, 74, 75, '2008-11-11 11:11:11', '0000-00-00 00:00:00'),
(102, 'testo02@bug435129.bug', 51, 'en-US', 1, 4, 4, NULL, '', 66, 52, 53, '5', 44000, 1236345, 86, 0, 0, 0, 0, 0, 0, 0, 74, 75, '2008-11-11 11:11:11', '0000-00-00 00:00:00'),
(103, 'testo03@bug435129.bug', 51, 'en-US', 1, 4, 4, NULL, '', 66, 52, 53, '5', 44000, 1236345, 86, 0, 0, 0, 0, 0, 0, 0, 74, 75, '2008-11-11 11:11:11', '0000-00-00 00:00:00'),
(104, 'testo04@bug435129.bug', 51, 'en-US', 1, 4, 4, NULL, '', 66, 52, 53, '5', 44000, 1236345, 86, 0, 0, 0, 0, 0, 0, 0, 74, 75, '2008-11-11 11:11:11', '0000-00-00 00:00:00'),
(105, 'testo05@bug435129.bug', 51, 'en-US', 1, 4, 4, NULL, '', 66, 52, 53, '5', 44000, 1236345, 86, 0, 0, 0, 0, 0, 0, 0, 74, 75, '2008-11-11 11:11:11', '0000-00-00 00:00:00'),
(106, 'testo06@bug435129.bug', 51, 'en-US', 1, 4, 4, NULL, '', 66, 52, 53, '5', 44000, 1236345, 86, 0, 0, 0, 0, 0, 0, 0, 74, 75, '2008-11-11 11:11:11', '0000-00-00 00:00:00'),
(107, 'testo07@bug435129.bug', 51, 'en-US', 1, 4, 4, NULL, '', 66, 52, 53, '5', 44000, 1236345, 86, 0, 0, 0, 0, 0, 0, 0, 74, 75, '2008-11-11 11:11:11', '0000-00-00 00:00:00'),
(108, 'testo08@bug435129.bug', 51, 'en-US', 1, 4, 4, NULL, '', 66, 52, 53, '5', 44000, 1236345, 86, 0, 0, 0, 0, 0, 0, 0, 74, 75, '2008-11-11 11:11:11', '0000-00-00 00:00:00'),
(109, 'testo09@bug435129.bug', 51, 'en-US', 1, 4, 4, NULL, '', 66, 52, 53, '5', 44000, 1236345, 86, 0, 0, 0, 0, 0, 0, 0, 74, 75, '2008-11-11 11:11:11', '0000-00-00 00:00:00'),
(110, 'testo10@bug435129.bug', 51, 'en-US', 1, 4, 4, NULL, '', 66, 52, 53, '5', 44000, 1236345, 86, 0, 0, 0, 0, 0, 0, 0, 74, 75, '2008-11-11 11:11:11', '0000-00-00 00:00:00'),
(111, 'testo11@bug435129.bug', 51, 'en-US', 1, 4, 4, NULL, '', 66, 52, 53, '5', 44000, 1236345, 86, 0, 0, 0, 0, 0, 0, 0, 74, 75, '2008-11-11 11:11:11', '0000-00-00 00:00:00'),
(112, 'testo12@bug435129.bug', 51, 'en-US', 1, 4, 4, NULL, '', 66, 52, 53, '5', 44000, 1236345, 86, 0, 0, 0, 0, 0, 0, 0, 74, 75, '2008-11-11 11:11:11', '0000-00-00 00:00:00'),
(113, 'testo13@bug435129.bug', 51, 'en-US', 1, 4, 4, NULL, '', 66, 52, 53, '5', 44000, 1236345, 86, 0, 0, 0, 0, 0, 0, 0, 74, 75, '2008-11-11 11:11:11', '0000-00-00 00:00:00'),
(114, 'testo14@bug435129.bug', 51, 'en-US', 1, 4, 4, NULL, '', 66, 52, 53, '5', 44000, 1236345, 86, 0, 0, 0, 0, 0, 0, 0, 74, 75, '2008-11-11 11:11:11', '0000-00-00 00:00:00'),
(115, 'testo15@bug435129.bug', 51, 'en-US', 1, 4, 4, NULL, '', 66, 52, 53, '5', 44000, 1236345, 86, 0, 0, 0, 0, 0, 0, 0, 74, 75, '2008-11-11 11:11:11', '0000-00-00 00:00:00'),
(116, 'testo16@bug435129.bug', 51, 'en-US', 1, 4, 4, NULL, '', 66, 52, 53, '5', 44000, 1236345, 86, 0, 0, 0, 0, 0, 0, 0, 74, 75, '2008-11-11 11:11:11', '0000-00-00 00:00:00'),
(117, 'testo17@bug435129.bug', 51, 'en-US', 1, 4, 4, NULL, '', 66, 52, 53, '5', 44000, 1236345, 86, 0, 0, 0, 0, 0, 0, 0, 74, 75, '2008-11-11 11:11:11', '0000-00-00 00:00:00'),
(118, 'testo18@bug435129.bug', 51, 'en-US', 1, 4, 4, NULL, '', 66, 52, 53, '5', 44000, 1236345, 86, 0, 0, 0, 0, 0, 0, 0, 74, 75, '2008-11-11 11:11:11', '0000-00-00 00:00:00'),
(119, 'testo19@bug435129.bug', 51, 'en-US', 1, 4, 4, NULL, '', 66, 52, 53, '5', 44000, 1236345, 86, 0, 0, 0, 0, 0, 0, 0, 74, 75, '2008-11-11 11:11:11', '0000-00-00 00:00:00'),
(120, 'testo20@bug435129.bug', 51, 'en-US', 1, 4, 4, NULL, '', 66, 52, 53, '5', 44000, 1236345, 86, 0, 0, 0, 0, 0, 0, 0, 74, 75, '2008-11-11 11:11:11', '0000-00-00 00:00:00'),
(121, 'testo21@bug435129.bug', 51, 'en-US', 1, 4, 4, NULL, '', 66, 52, 53, '5', 44000, 1236345, 86, 0, 0, 0, 0, 0, 0, 0, 74, 75, '2008-11-11 11:11:11', '0000-00-00 00:00:00'),
(122, 'testo22@bug435129.bug', 51, 'en-US', 1, 4, 4, NULL, '', 66, 52, 53, '5', 44000, 1236345, 86, 0, 0, 0, 0, 0, 0, 0, 74, 75, '2008-11-11 11:11:11', '0000-00-00 00:00:00'),
(123, 'testo23@bug435129.bug', 51, 'en-US', 1, 4, 4, NULL, '', 66, 52, 53, '5', 44000, 1236345, 86, 0, 0, 0, 0, 0, 0, 0, 74, 75, '2008-11-11 11:11:11', '0000-00-00 00:00:00'),
(124, 'testo24@bug435129.bug', 51, 'en-US', 1, 4, 4, NULL, '', 66, 52, 53, '5', 44000, 1236345, 86, 0, 0, 0, 0, 0, 0, 0, 74, 75, '2008-11-11 11:11:11', '0000-00-00 00:00:00'),
(125, 'testo25@bug435129.bug', 51, 'en-US', 1, 4, 4, NULL, '', 66, 52, 53, '5', 44000, 1236345, 86, 0, 0, 0, 0, 0, 0, 0, 74, 75, '2008-11-11 11:11:11', '0000-00-00 00:00:00'),
(126, 'testo26@bug435129.bug', 51, 'en-US', 1, 4, 4, NULL, '', 66, 52, 53, '5', 44000, 1236345, 86, 0, 0, 0, 0, 0, 0, 0, 74, 75, '2008-11-11 11:11:11', '0000-00-00 00:00:00'),
(127, 'testo27@bug435129.bug', 51, 'en-US', 1, 4, 4, NULL, '', 66, 52, 53, '5', 44000, 1236345, 86, 0, 0, 0, 0, 0, 0, 0, 74, 75, '2008-11-11 11:11:11', '0000-00-00 00:00:00'),
(128, 'testo28@bug435129.bug', 51, 'en-US', 1, 4, 4, NULL, '', 66, 52, 53, '5', 44000, 1236345, 86, 0, 0, 0, 0, 0, 0, 0, 74, 75, '2008-11-11 11:11:11', '0000-00-00 00:00:00'),
(129, 'testo29@bug435129.bug', 51, 'en-US', 1, 4, 4, NULL, '', 66, 52, 53, '5', 44000, 1236345, 86, 0, 0, 0, 0, 0, 0, 0, 74, 75, '2008-11-11 11:11:11', '0000-00-00 00:00:00'),
(130, 'testo30@bug435129.bug', 51, 'en-US', 1, 4, 4, NULL, '', 66, 52, 53, '5', 44000, 1236345, 86, 0, 0, 0, 0, 0, 0, 0, 74, 75, '2008-11-11 11:11:11', '0000-00-00 00:00:00'),
(131, 'testo31@bug435129.bug', 51, 'en-US', 1, 4, 4, NULL, '', 66, 52, 53, '5', 44000, 1236345, 86, 0, 0, 0, 0, 0, 0, 0, 74, 75, '2008-11-11 11:11:11', '0000-00-00 00:00:00'),
(132, 'testo32@bug435129.bug', 51, 'en-US', 1, 4, 4, NULL, '', 66, 52, 53, '5', 44000, 1236345, 86, 0, 0, 0, 0, 0, 0, 0, 74, 75, '2008-11-11 11:11:11', '0000-00-00 00:00:00'),
(133, 'testo33@bug435129.bug', 51, 'en-US', 1, 4, 4, NULL, '', 66, 52, 53, '5', 44000, 1236345, 86, 0, 0, 0, 0, 0, 0, 0, 74, 75, '2008-11-11 11:11:11', '0000-00-00 00:00:00'),
(134, 'testo34@bug435129.bug', 51, 'en-US', 1, 4, 4, NULL, '', 66, 52, 53, '5', 44000, 1236345, 86, 0, 0, 0, 0, 0, 0, 0, 74, 75, '2008-11-11 11:11:11', '0000-00-00 00:00:00'),
(135, 'testo35@bug435129.bug', 51, 'en-US', 1, 4, 4, NULL, '', 66, 52, 53, '5', 44000, 1236345, 86, 0, 0, 0, 0, 0, 0, 0, 74, 75, '2008-11-11 11:11:11', '0000-00-00 00:00:00'),
(136, 'testo36@bug435129.bug', 51, 'en-US', 1, 4, 4, NULL, '', 66, 52, 53, '5', 44000, 1236345, 86, 0, 0, 0, 0, 0, 0, 0, 74, 75, '2008-11-11 11:11:11', '0000-00-00 00:00:00'),
(137, 'testo37@bug435129.bug', 51, 'en-US', 1, 4, 4, NULL, '', 66, 52, 53, '5', 44000, 1236345, 86, 0, 0, 0, 0, 0, 0, 0, 74, 75, '2008-11-11 11:11:11', '0000-00-00 00:00:00'),
(138, 'testo38@bug435129.bug', 51, 'en-US', 1, 4, 4, NULL, '', 66, 52, 53, '5', 44000, 1236345, 86, 0, 0, 0, 0, 0, 0, 0, 74, 75, '2008-11-11 11:11:11', '0000-00-00 00:00:00'),
(139, 'testo39@bug435129.bug', 51, 'en-US', 1, 4, 4, NULL, '', 66, 52, 53, '5', 44000, 1236345, 86, 0, 0, 0, 0, 0, 0, 0, 74, 75, '2008-11-11 11:11:11', '0000-00-00 00:00:00'),
(140, 'testo40@bug435129.bug', 51, 'en-US', 1, 4, 4, NULL, '', 66, 52, 53, '5', 44000, 1236345, 86, 0, 0, 0, 0, 0, 0, 0, 74, 75, '2008-11-11 11:11:11', '0000-00-00 00:00:00'),
(141, 'testo41@bug435129.bug', 51, 'en-US', 1, 4, 4, NULL, '', 66, 52, 53, '5', 44000, 1236345, 86, 0, 0, 0, 0, 0, 0, 0, 74, 75, '2008-11-11 11:11:11', '0000-00-00 00:00:00'),
(142, 'testo42@bug435129.bug', 51, 'en-US', 1, 4, 4, NULL, '', 66, 52, 53, '5', 44000, 1236345, 86, 0, 0, 0, 0, 0, 0, 0, 74, 75, '2008-11-11 11:11:11', '0000-00-00 00:00:00'),
(143, 'testo43@bug435129.bug', 51, 'en-US', 1, 4, 4, NULL, '', 66, 52, 53, '5', 44000, 1236345, 86, 0, 0, 0, 0, 0, 0, 0, 74, 75, '2008-11-11 11:11:11', '0000-00-00 00:00:00'),
(144, 'testo44@bug435129.bug', 51, 'en-US', 1, 4, 4, NULL, '', 66, 52, 53, '5', 44000, 1236345, 86, 0, 0, 0, 0, 0, 0, 0, 74, 75, '2008-11-11 11:11:11', '0000-00-00 00:00:00'),
(145, 'testo45@bug435129.bug', 51, 'en-US', 1, 4, 4, NULL, '', 66, 52, 53, '5', 44000, 1236345, 86, 0, 0, 0, 0, 0, 0, 0, 74, 75, '2008-11-11 11:11:11', '0000-00-00 00:00:00'),
(146, 'testo46@bug435129.bug', 51, 'en-US', 1, 4, 4, NULL, '', 66, 52, 53, '5', 44000, 1236345, 86, 0, 0, 0, 0, 0, 0, 0, 74, 75, '2008-11-11 11:11:11', '0000-00-00 00:00:00'),
(147, 'testo47@bug435129.bug', 51, 'en-US', 1, 4, 4, NULL, '', 66, 52, 53, '5', 44000, 1236345, 86, 0, 0, 0, 0, 0, 0, 0, 74, 75, '2008-11-11 11:11:11', '0000-00-00 00:00:00'),
(148, 'testo48@bug435129.bug', 51, 'en-US', 1, 4, 4, NULL, '', 66, 52, 53, '5', 44000, 1236345, 86, 0, 0, 0, 0, 0, 0, 0, 74, 75, '2008-11-11 11:11:11', '0000-00-00 00:00:00'),
(149, 'testo49@bug435129.bug', 51, 'en-US', 1, 4, 4, NULL, '', 66, 52, 53, '5', 44000, 1236345, 86, 0, 0, 0, 0, 0, 0, 0, 74, 75, '2008-11-11 11:11:11', '0000-00-00 00:00:00'),
(150, 'testo50@bug435129.bug', 51, 'en-US', 1, 4, 4, NULL, '', 66, 52, 53, '5', 44000, 1236345, 86, 0, 0, 0, 0, 0, 0, 0, 74, 75, '2008-11-11 11:11:11', '0000-00-00 00:00:00'),
(151, 'testo51@bug435129.bug', 51, 'en-US', 1, 4, 4, NULL, '', 66, 52, 53, '5', 44000, 1236345, 86, 0, 0, 0, 0, 0, 0, 0, 74, 75, '2008-11-11 11:11:11', '0000-00-00 00:00:00'),
(152, 'testo52@bug435129.bug', 51, 'en-US', 1, 4, 4, NULL, '', 66, 52, 53, '5', 44000, 1236345, 86, 0, 0, 0, 0, 0, 0, 0, 74, 75, '2008-11-11 11:11:11', '0000-00-00 00:00:00');

INSERT INTO `addons_tags` (`addon_id`, `tag_id`) VALUES 
(100, 1), (101, 1), (102, 1), (103, 1), (104, 1), (105, 1), (106, 1), (107, 1), (108, 1), (109, 1), (110, 1), (111, 1), (112, 1), (113, 1), (114, 1), (115, 1), (116, 1), (117, 1),
(118, 1), (119, 1), (120, 1), (121, 1), (122, 1), (123, 1), (124, 1), (125, 1), (126, 1), (127, 1), (128, 1), (129, 1), (130, 1), (131, 1), (132, 1), (133, 1), (134, 1), (135, 1),
(136, 1), (137, 1), (138, 1), (139, 1), (140, 1), (141, 1), (142, 1), (143, 1), (144, 1), (145, 1), (146, 1), (147, 1), (148, 1), (149, 1), (150, 1), (151, 1), (152, 1);

INSERT INTO `applications_versions` (`application_id`, `version_id`, `min`, `max`) VALUES 
(1, 100, 1, 100), -- 1.5 - 1.5.*; Windows
(1, 101, 1, 100), -- 1.5 - 1.5.*; Mac
(1, 102, 1, 100), -- 1.5 - 1.5.*; Linux

(1, 103, 1, 106), -- 1.5 - 3.1.*; Windows
(1, 104, 1, 106), -- 1.5 - 3.1.*; Mac
(1, 105, 1, 106), -- 1.5 - 3.1.*; Linux

(1, 106, 1, 102), -- 1.5 - 3.0.*; Windows
(1, 107, 1, 102), -- 1.5 - 3.0.*; Mac
(1, 108, 1, 102), -- 1.5 - 3.0.*; Linux

(1, 109, 1, 7), -- 1.5 - 2.0.*; Windows
(1, 110, 1, 7), -- 1.5 - 2.0.*; Mac
(1, 111, 1, 7), -- 1.5 - 2.0.*; Linux
(1, 112, 1, 7), -- 1.5 - 2.0.*; ANY

(1, 113, 6, 106), -- 2.0 - 3.1.*; Windows
(1, 114, 6, 106), -- 2.0 - 3.1.*; Mac
(1, 115, 6, 106), -- 2.0 - 3.1.*; Linux
(1, 116, 6, 106), -- 2.0 - 3.1.*; ANY

(1, 117, 6, 102), -- 2.0 - 3.0.*; Windows
(1, 118, 6, 102), -- 2.0 - 3.0.*; Mac
(1, 119, 6, 102), -- 2.0 - 3.0.*; Linux
(1, 120, 6, 102), -- 2.0 - 3.0.*; ANY

(1, 121, 6, 7), -- 2.0 - 2.0.0.*; Windows
(1, 122, 6, 7), -- 2.0 - 2.0.0.*; Mac
(1, 123, 6, 7), -- 2.0 - 2.0.0.*; Linux
(1, 124, 6, 7), -- 2.0 - 2.0.0.*; ANY

(1, 125, 101, 106), -- 3.0 - 3.1.*; Windows
(1, 126, 101, 106), -- 3.0 - 3.1.*; Mac
(1, 127, 101, 106), -- 3.0 - 3.1.*; Linux
(1, 128, 101, 106), -- 3.0 - 3.1.*; ANY

(1, 129, 103, 102), -- 3.0b2 - 3.0.*; Windows
(1, 130, 103, 102), -- 3.0b2 - 3.0.*; Mac
(1, 131, 103, 102), -- 3.0b2 - 3.0.*; Linux
(1, 132, 103, 102), -- 3.0b2 - 3.0.*; ANY

(1, 133, 104, 102), -- 3.0b5 - 3.0.*; Windows
(1, 134, 104, 102), -- 3.0b5 - 3.0.*; Mac
(1, 135, 104, 102), -- 3.0b5 - 3.0.*; Linux
(1, 136, 104, 102), -- 3.0b5 - 3.0.*; ANY

(1, 137, 101, 107), -- 3.0 - 4.0.*; Windows
(1, 138, 101, 107), -- 3.0 - 4.0.*; Mac
(1, 139, 101, 107), -- 3.0 - 4.0.*; Linux
(1, 140, 101, 107), -- 3.0 - 4.0.*; ANY

(1, 141, 6, 107), -- 2.0 - 4.0.*; Windows
(1, 142, 6, 107), -- 2.0 - 4.0.*; Mac
(1, 143, 6, 107), -- 2.0 - 4.0.*; Linux
(1, 144, 6, 107), -- 2.0 - 4.0.*; ANY

(1, 145, 105, 106), -- 3.1a1pre - 3.1.*; Windows
(1, 146, 105, 106), -- 3.1a1pre - 3.1.*; Mac
(1, 147, 105, 106), -- 3.1a1pre - 3.1.*; Linux
(1, 148, 105, 106), -- 3.1a1pre - 3.1.*; ANY

(1, 149, 108, 107), -- 4.0a1pre - 4.0.*; Windows
(1, 150, 108, 107), -- 4.0a1pre - 4.0.*; Mac
(1, 151, 108, 107), -- 4.0a1pre - 4.0.*; Linux
(1, 152, 108, 107); -- 4.0a1pre - 4.0.*; ANY

INSERT INTO `appversions` (`id`, `application_id`, `version`, `created`, `modified`) VALUES 
(100, 1, '1.5.*', '2008-01-01 11:11:11', '0000-00-00 00:00:00'),
(101, 1, '3.0', '2008-01-01 11:11:11', '0000-00-00 00:00:00'),
(102, 1, '3.0.*', '2008-01-01 11:11:11', '0000-00-00 00:00:00'),
(103, 1, '3.0b2', '2008-01-01 11:11:11', '0000-00-00 00:00:00'),
(104, 1, '3.0b5', '2008-01-01 11:11:11', '0000-00-00 00:00:00'),
(105, 1, '3.1a1pre', '2008-01-01 11:11:11', '0000-00-00 00:00:00'),
(106, 1, '3.1.*', '2008-01-01 11:11:11', '0000-00-00 00:00:00'),
(107, 1, '4.0.*', '2008-01-01 11:11:11', '0000-00-00 00:00:00'),
(108, 1, '4.0a1pre', '2008-01-01 11:11:11', '0000-00-00 00:00:00');



INSERT INTO `versions` (`id`, `addon_id`, `version`, `approvalnotes`, `releasenotes`, `created`, `modified`) VALUES 
(100, 100, '1.0', '', 139, '2008-11-11 11:02:34', '0000-00-00 00:00:00'),
(101, 101, '1.0', '', 139, '2008-11-11 11:02:34', '0000-00-00 00:00:00'),
(102, 102, '1.0', '', 139, '2008-11-11 11:02:34', '0000-00-00 00:00:00'),
(103, 103, '1.0', '', 139, '2008-11-11 11:02:34', '0000-00-00 00:00:00'),
(104, 104, '1.0', '', 139, '2008-11-11 11:02:34', '0000-00-00 00:00:00'),
(105, 105, '1.0', '', 139, '2008-11-11 11:02:34', '0000-00-00 00:00:00'),
(106, 106, '1.0', '', 139, '2008-11-11 11:02:34', '0000-00-00 00:00:00'),
(107, 107, '1.0', '', 139, '2008-11-11 11:02:34', '0000-00-00 00:00:00'),
(108, 108, '1.0', '', 139, '2008-11-11 11:02:34', '0000-00-00 00:00:00'),
(109, 109, '1.0', '', 139, '2008-11-11 11:02:34', '0000-00-00 00:00:00'),
(110, 110, '1.0', '', 139, '2008-11-11 11:02:34', '0000-00-00 00:00:00'),
(111, 111, '1.0', '', 139, '2008-11-11 11:02:34', '0000-00-00 00:00:00'),
(112, 112, '1.0', '', 139, '2008-11-11 11:02:34', '0000-00-00 00:00:00'),
(113, 113, '1.0', '', 139, '2008-11-11 11:02:34', '0000-00-00 00:00:00'),
(114, 114, '1.0', '', 139, '2008-11-11 11:02:34', '0000-00-00 00:00:00'),
(115, 115, '1.0', '', 139, '2008-11-11 11:02:34', '0000-00-00 00:00:00'),
(116, 116, '1.0', '', 139, '2008-11-11 11:02:34', '0000-00-00 00:00:00'),
(117, 117, '1.0', '', 139, '2008-11-11 11:02:34', '0000-00-00 00:00:00'),
(118, 118, '1.0', '', 139, '2008-11-11 11:02:34', '0000-00-00 00:00:00'),
(119, 119, '1.0', '', 139, '2008-11-11 11:02:34', '0000-00-00 00:00:00'),
(120, 120, '1.0', '', 139, '2008-11-11 11:02:34', '0000-00-00 00:00:00'),
(121, 121, '1.0', '', 139, '2008-11-11 11:02:34', '0000-00-00 00:00:00'),
(122, 122, '1.0', '', 139, '2008-11-11 11:02:34', '0000-00-00 00:00:00'),
(123, 123, '1.0', '', 139, '2008-11-11 11:02:34', '0000-00-00 00:00:00'),
(124, 124, '1.0', '', 139, '2008-11-11 11:02:34', '0000-00-00 00:00:00'),
(125, 125, '1.0', '', 139, '2008-11-11 11:02:34', '0000-00-00 00:00:00'),
(126, 126, '1.0', '', 139, '2008-11-11 11:02:34', '0000-00-00 00:00:00'),
(127, 127, '1.0', '', 139, '2008-11-11 11:02:34', '0000-00-00 00:00:00'),
(128, 128, '1.0', '', 139, '2008-11-11 11:02:34', '0000-00-00 00:00:00'),
(129, 129, '1.0', '', 139, '2008-11-11 11:02:34', '0000-00-00 00:00:00'),
(130, 130, '1.0', '', 139, '2008-11-11 11:02:34', '0000-00-00 00:00:00'),
(131, 131, '1.0', '', 139, '2008-11-11 11:02:34', '0000-00-00 00:00:00'),
(132, 132, '1.0', '', 139, '2008-11-11 11:02:34', '0000-00-00 00:00:00'),
(133, 133, '1.0', '', 139, '2008-11-11 11:02:34', '0000-00-00 00:00:00'),
(134, 134, '1.0', '', 139, '2008-11-11 11:02:34', '0000-00-00 00:00:00'),
(135, 135, '1.0', '', 139, '2008-11-11 11:02:34', '0000-00-00 00:00:00'),
(136, 136, '1.0', '', 139, '2008-11-11 11:02:34', '0000-00-00 00:00:00'),
(137, 137, '1.0', '', 139, '2008-11-11 11:02:34', '0000-00-00 00:00:00'),
(138, 138, '1.0', '', 139, '2008-11-11 11:02:34', '0000-00-00 00:00:00'),
(139, 139, '1.0', '', 139, '2008-11-11 11:02:34', '0000-00-00 00:00:00'),
(140, 140, '1.0', '', 139, '2008-11-11 11:02:34', '0000-00-00 00:00:00'),
(141, 141, '1.0', '', 139, '2008-11-11 11:02:34', '0000-00-00 00:00:00'),
(142, 142, '1.0', '', 139, '2008-11-11 11:02:34', '0000-00-00 00:00:00'),
(143, 143, '1.0', '', 139, '2008-11-11 11:02:34', '0000-00-00 00:00:00'),
(144, 144, '1.0', '', 139, '2008-11-11 11:02:34', '0000-00-00 00:00:00'),
(145, 145, '1.0', '', 139, '2008-11-11 11:02:34', '0000-00-00 00:00:00'),
(146, 146, '1.0', '', 139, '2008-11-11 11:02:34', '0000-00-00 00:00:00'),
(147, 147, '1.0', '', 139, '2008-11-11 11:02:34', '0000-00-00 00:00:00'),
(148, 148, '1.0', '', 139, '2008-11-11 11:02:34', '0000-00-00 00:00:00'),
(149, 149, '1.0', '', 139, '2008-11-11 11:02:34', '0000-00-00 00:00:00'),
(150, 150, '1.0', '', 139, '2008-11-11 11:02:34', '0000-00-00 00:00:00'),
(151, 151, '1.0', '', 139, '2008-11-11 11:02:34', '0000-00-00 00:00:00'),
(152, 152, '1.0', '', 139, '2008-11-11 11:02:34', '0000-00-00 00:00:00');

